I20260601 13:23:57.897372 26721 raft_consensus.cc:359] T 00000000000000000000000000000000 P ba3cb524465045859dd709bd51e71083 [term 0 FOLLOWER]: Replica starting. Triggering 0 pending ops. Active config: opid_index: -1 OBSOLETE_local: false peers { permanent_uuid: "e90e578774064f0fad76dcec2fd9593b" member_type: VOTER last_known_addr { host: "127.24.226.254" port: 39539 } } peers { permanent_uuid: "65ed08072e1e40869293f0638a7d154a" member_type: VOTER last_known_addr { host: "127.24.226.253" port: 33797 } } peers { permanent_uuid: "ba3cb524465045859dd709bd51e71083" member_type: VOTER last_known_addr { host: "127.24.226.252" port: 37439 } }
I20260601 13:23:57.897475 26721 raft_consensus.cc:385] T 00000000000000000000000000000000 P ba3cb524465045859dd709bd51e71083 [term 0 FOLLOWER]: Consensus starting up: Expiring failure detector timer to make a prompt election more likely
I20260601 13:23:57.897533 26721 raft_consensus.cc:740] T 00000000000000000000000000000000 P ba3cb524465045859dd709bd51e71083 [term 0 FOLLOWER]: Becoming Follower/Learner. State: Replica: ba3cb524465045859dd709bd51e71083, State: Initialized, Role: FOLLOWER
I20260601 13:23:57.897703 26721 consensus_queue.cc:260] T 00000000000000000000000000000000 P ba3cb524465045859dd709bd51e71083 [NON_LEADER]: Queue going to NON_LEADER mode. State: All replicated index: 0, Majority replicated index: 0, Committed index: 0, Last appended: 0.0, Last appended by leader: 0, Current term: 0, Majority size: -1, State: 0, Mode: NON_LEADER, active raft config: opid_index: -1 OBSOLETE_local: false peers { permanent_uuid: "e90e578774064f0fad76dcec2fd9593b" member_type: VOTER last_known_addr { host: "127.24.226.254" port: 39539 } } peers { permanent_uuid: "65ed08072e1e40869293f0638a7d154a" member_type: VOTER last_known_addr { host: "127.24.226.253" port: 33797 } } peers { permanent_uuid: "ba3cb524465045859dd709bd51e71083" member_type: VOTER last_known_addr { host: "127.24.226.252" port: 37439 } }
I20260601 13:23:57.898051 26726 sys_catalog.cc:455] T 00000000000000000000000000000000 P ba3cb524465045859dd709bd51e71083 [sys.catalog]: SysCatalogTable state changed. Reason: RaftConsensus started. Latest consensus state: current_term: 0 committed_config { opid_index: -1 OBSOLETE_local: false peers { permanent_uuid: "e90e578774064f0fad76dcec2fd9593b" member_type: VOTER last_known_addr { host: "127.24.226.254" port: 39539 } } peers { permanent_uuid: "65ed08072e1e40869293f0638a7d154a" member_type: VOTER last_known_addr { host: "127.24.226.253" port: 33797 } } peers { permanent_uuid: "ba3cb524465045859dd709bd51e71083" member_type: VOTER last_known_addr { host: "127.24.226.252" port: 37439 } } }
I20260601 13:23:57.898139 26726 sys_catalog.cc:458] T 00000000000000000000000000000000 P ba3cb524465045859dd709bd51e71083 [sys.catalog]: This master's current role is: FOLLOWER
I20260601 13:23:57.898181 26721 sys_catalog.cc:565] T 00000000000000000000000000000000 P ba3cb524465045859dd709bd51e71083 [sys.catalog]: configured and running, proceeding with master startup.
I20260601 13:23:57.898475 26589 consensus_peers.cc:770] Retrying to get permanent uuid for remote peer: member_type: VOTER last_known_addr { host: "127.24.226.253" port: 33797 } attempt: 1
W20260601 13:23:57.900668 26737 catalog_manager.cc:1593] T 00000000000000000000000000000000 P ba3cb524465045859dd709bd51e71083: loading cluster ID for follower catalog manager: Not found: cluster ID entry not found
W20260601 13:23:57.900736 26737 catalog_manager.cc:883] Not found: cluster ID entry not found: failed to prepare follower catalog manager, will retry
I20260601 13:23:57.902547 26589 sys_catalog.cc:422] member_type: VOTER last_known_addr { host: "127.24.226.252" port: 37439 } has no permanent_uuid. Determining permanent_uuid...
I20260601 13:23:57.907363 26589 tablet_bootstrap.cc:492] T 00000000000000000000000000000000 P e90e578774064f0fad76dcec2fd9593b: Bootstrap starting.
I20260601 13:23:57.908411 26589 tablet_bootstrap.cc:654] T 00000000000000000000000000000000 P e90e578774064f0fad76dcec2fd9593b: Neither blocks nor log segments found. Creating new log.
I20260601 13:23:57.909475 26589 tablet_bootstrap.cc:492] T 00000000000000000000000000000000 P e90e578774064f0fad76dcec2fd9593b: No bootstrap required, opened a new log
I20260601 13:23:57.909864 26589 raft_consensus.cc:359] T 00000000000000000000000000000000 P e90e578774064f0fad76dcec2fd9593b [term 0 FOLLOWER]: Replica starting. Triggering 0 pending ops. Active config: opid_index: -1 OBSOLETE_local: false peers { permanent_uuid: "e90e578774064f0fad76dcec2fd9593b" member_type: VOTER last_known_addr { host: "127.24.226.254" port: 39539 } } peers { permanent_uuid: "65ed08072e1e40869293f0638a7d154a" member_type: VOTER last_known_addr { host: "127.24.226.253" port: 33797 } } peers { permanent_uuid: "ba3cb524465045859dd709bd51e71083" member_type: VOTER last_known_addr { host: "127.24.226.252" port: 37439 } }
I20260601 13:23:57.909992 26589 raft_consensus.cc:385] T 00000000000000000000000000000000 P e90e578774064f0fad76dcec2fd9593b [term 0 FOLLOWER]: Consensus starting up: Expiring failure detector timer to make a prompt election more likely
I20260601 13:23:57.910018 26589 raft_consensus.cc:740] T 00000000000000000000000000000000 P e90e578774064f0fad76dcec2fd9593b [term 0 FOLLOWER]: Becoming Follower/Learner. State: Replica: e90e578774064f0fad76dcec2fd9593b, State: Initialized, Role: FOLLOWER
I20260601 13:23:57.910156 26589 consensus_queue.cc:260] T 00000000000000000000000000000000 P e90e578774064f0fad76dcec2fd9593b [NON_LEADER]: Queue going to NON_LEADER mode. State: All replicated index: 0, Majority replicated index: 0, Committed index: 0, Last appended: 0.0, Last appended by leader: 0, Current term: 0, Majority size: -1, State: 0, Mode: NON_LEADER, active raft config: opid_index: -1 OBSOLETE_local: false peers { permanent_uuid: "e90e578774064f0fad76dcec2fd9593b" member_type: VOTER last_known_addr { host: "127.24.226.254" port: 39539 } } peers { permanent_uuid: "65ed08072e1e40869293f0638a7d154a" member_type: VOTER last_known_addr { host: "127.24.226.253" port: 33797 } } peers { permanent_uuid: "ba3cb524465045859dd709bd51e71083" member_type: VOTER last_known_addr { host: "127.24.226.252" port: 37439 } }
I20260601 13:23:57.910454 26739 sys_catalog.cc:455] T 00000000000000000000000000000000 P e90e578774064f0fad76dcec2fd9593b [sys.catalog]: SysCatalogTable state changed. Reason: RaftConsensus started. Latest consensus state: current_term: 0 committed_config { opid_index: -1 OBSOLETE_local: false peers { permanent_uuid: "e90e578774064f0fad76dcec2fd9593b" member_type: VOTER last_known_addr { host: "127.24.226.254" port: 39539 } } peers { permanent_uuid: "65ed08072e1e40869293f0638a7d154a" member_type: VOTER last_known_addr { host: "127.24.226.253" port: 33797 } } peers { permanent_uuid: "ba3cb524465045859dd709bd51e71083" member_type: VOTER last_known_addr { host: "127.24.226.252" port: 37439 } } }
I20260601 13:23:57.910562 26589 sys_catalog.cc:565] T 00000000000000000000000000000000 P e90e578774064f0fad76dcec2fd9593b [sys.catalog]: configured and running, proceeding with master startup.
I20260601 13:23:57.910580 26739 sys_catalog.cc:458] T 00000000000000000000000000000000 P e90e578774064f0fad76dcec2fd9593b [sys.catalog]: This master's current role is: FOLLOWER
I20260601 13:23:57.912156 25483 internal_mini_cluster.cc:184] Waiting to initialize catalog manager on master 1
W20260601 13:23:57.912698 26750 catalog_manager.cc:1593] T 00000000000000000000000000000000 P e90e578774064f0fad76dcec2fd9593b: loading cluster ID for follower catalog manager: Not found: cluster ID entry not found
W20260601 13:23:57.912810 26750 catalog_manager.cc:883] Not found: cluster ID entry not found: failed to prepare follower catalog manager, will retry
I20260601 13:23:57.915850 26655 consensus_peers.cc:770] Retrying to get permanent uuid for remote peer: member_type: VOTER last_known_addr { host: "127.24.226.252" port: 37439 } attempt: 1
I20260601 13:23:57.920524 26655 tablet_bootstrap.cc:492] T 00000000000000000000000000000000 P 65ed08072e1e40869293f0638a7d154a: Bootstrap starting.
I20260601 13:23:57.921438 26655 tablet_bootstrap.cc:654] T 00000000000000000000000000000000 P 65ed08072e1e40869293f0638a7d154a: Neither blocks nor log segments found. Creating new log.
I20260601 13:23:57.922605 26655 tablet_bootstrap.cc:492] T 00000000000000000000000000000000 P 65ed08072e1e40869293f0638a7d154a: No bootstrap required, opened a new log
I20260601 13:23:57.923079 26655 raft_consensus.cc:359] T 00000000000000000000000000000000 P 65ed08072e1e40869293f0638a7d154a [term 0 FOLLOWER]: Replica starting. Triggering 0 pending ops. Active config: opid_index: -1 OBSOLETE_local: false peers { permanent_uuid: "e90e578774064f0fad76dcec2fd9593b" member_type: VOTER last_known_addr { host: "127.24.226.254" port: 39539 } } peers { permanent_uuid: "65ed08072e1e40869293f0638a7d154a" member_type: VOTER last_known_addr { host: "127.24.226.253" port: 33797 } } peers { permanent_uuid: "ba3cb524465045859dd709bd51e71083" member_type: VOTER last_known_addr { host: "127.24.226.252" port: 37439 } }
I20260601 13:23:57.923178 26655 raft_consensus.cc:385] T 00000000000000000000000000000000 P 65ed08072e1e40869293f0638a7d154a [term 0 FOLLOWER]: Consensus starting up: Expiring failure detector timer to make a prompt election more likely
I20260601 13:23:57.923202 26655 raft_consensus.cc:740] T 00000000000000000000000000000000 P 65ed08072e1e40869293f0638a7d154a [term 0 FOLLOWER]: Becoming Follower/Learner. State: Replica: 65ed08072e1e40869293f0638a7d154a, State: Initialized, Role: FOLLOWER
I20260601 13:23:57.923396 26655 consensus_queue.cc:260] T 00000000000000000000000000000000 P 65ed08072e1e40869293f0638a7d154a [NON_LEADER]: Queue going to NON_LEADER mode. State: All replicated index: 0, Majority replicated index: 0, Committed index: 0, Last appended: 0.0, Last appended by leader: 0, Current term: 0, Majority size: -1, State: 0, Mode: NON_LEADER, active raft config: opid_index: -1 OBSOLETE_local: false peers { permanent_uuid: "e90e578774064f0fad76dcec2fd9593b" member_type: VOTER last_known_addr { host: "127.24.226.254" port: 39539 } } peers { permanent_uuid: "65ed08072e1e40869293f0638a7d154a" member_type: VOTER last_known_addr { host: "127.24.226.253" port: 33797 } } peers { permanent_uuid: "ba3cb524465045859dd709bd51e71083" member_type: VOTER last_known_addr { host: "127.24.226.252" port: 37439 } }
I20260601 13:23:57.923702 26752 sys_catalog.cc:455] T 00000000000000000000000000000000 P 65ed08072e1e40869293f0638a7d154a [sys.catalog]: SysCatalogTable state changed. Reason: RaftConsensus started. Latest consensus state: current_term: 0 committed_config { opid_index: -1 OBSOLETE_local: false peers { permanent_uuid: "e90e578774064f0fad76dcec2fd9593b" member_type: VOTER last_known_addr { host: "127.24.226.254" port: 39539 } } peers { permanent_uuid: "65ed08072e1e40869293f0638a7d154a" member_type: VOTER last_known_addr { host: "127.24.226.253" port: 33797 } } peers { permanent_uuid: "ba3cb524465045859dd709bd51e71083" member_type: VOTER last_known_addr { host: "127.24.226.252" port: 37439 } } }
I20260601 13:23:57.923794 26752 sys_catalog.cc:458] T 00000000000000000000000000000000 P 65ed08072e1e40869293f0638a7d154a [sys.catalog]: This master's current role is: FOLLOWER
I20260601 13:23:57.923867 26655 sys_catalog.cc:565] T 00000000000000000000000000000000 P 65ed08072e1e40869293f0638a7d154a [sys.catalog]: configured and running, proceeding with master startup.
I20260601 13:23:57.925489 25483 internal_mini_cluster.cc:184] Waiting to initialize catalog manager on master 2
I20260601 13:23:57.926031 25483 file_cache.cc:492] Constructed file cache file cache with capacity 419430
W20260601 13:23:57.926231 26763 catalog_manager.cc:1593] T 00000000000000000000000000000000 P 65ed08072e1e40869293f0638a7d154a: loading cluster ID for follower catalog manager: Not found: cluster ID entry not found
W20260601 13:23:57.926292 26763 catalog_manager.cc:883] Not found: cluster ID entry not found: failed to prepare follower catalog manager, will retry
I20260601 13:23:57.928315 25483 server_base.cc:1061] running on GCE node
W20260601 13:23:57.928224 26764 instance_detector.cc:116] could not retrieve AWS instance metadata: Network error: curl error: HTTP response code said error: The requested URL returned error: 404
W20260601 13:23:57.928228 26765 instance_detector.cc:116] could not retrieve Azure instance metadata: Network error: curl error: HTTP response code said error: The requested URL returned error: 404
W20260601 13:23:57.928257 26767 instance_detector.cc:116] could not retrieve OpenStack instance metadata: Network error: curl error: HTTP response code said error: The requested URL returned error: 404
I20260601 13:23:57.928725 25483 hybrid_clock.cc:584] initializing the hybrid clock with 'system_unsync' time source
W20260601 13:23:57.928791 25483 system_unsync_time.cc:38] NTP support is disabled. Clock error bounds will not be accurate. This configuration is not suitable for distributed clusters.
I20260601 13:23:57.928819 25483 hybrid_clock.cc:648] HybridClock initialized: now 1780320237928819 us; error 0 us; skew 500 ppm
I20260601 13:23:57.929816 25483 webserver.cc:533] Webserver started at http://127.24.226.193:45155/ using document root <none> and password file <none>
I20260601 13:23:57.930002 25483 fs_manager.cc:362] Metadata directory not provided
I20260601 13:23:57.930078 25483 fs_manager.cc:368] Using write-ahead log directory (fs_wal_dir) as metadata directory
I20260601 13:23:57.930176 25483 server_base.cc:909] This appears to be a new deployment of Kudu; creating new FS layout
I20260601 13:23:57.930616 25483 fs_manager.cc:1068] Generated new instance metadata in path /tmp/dist-test-task0hcBek/test-tmp/auto_rebalancer-test.0.AutoRebalancerTest.NextLeaderResumesAutoRebalancing.1780320227884971-25483-0/minicluster-data/ts-0-root/instance:
uuid: "04f778158efb416cb7d582bcea3d3fcc"
format_stamp: "Formatted at 2026-06-01 13:23:57 on dist-test-slave-xtsw"
I20260601 13:23:57.932267 25483 fs_manager.cc:696] Time spent creating directory manager: real 0.001s	user 0.002s	sys 0.000s
I20260601 13:23:57.933246 26772 log_block_manager.cc:4031] Time spent loading block containers with low live blocks: real 0.000s	user 0.000s	sys 0.000s
I20260601 13:23:57.933511 25483 fs_manager.cc:730] Time spent opening block manager: real 0.001s	user 0.001s	sys 0.000s
I20260601 13:23:57.933599 25483 fs_manager.cc:647] Opened local filesystem: /tmp/dist-test-task0hcBek/test-tmp/auto_rebalancer-test.0.AutoRebalancerTest.NextLeaderResumesAutoRebalancing.1780320227884971-25483-0/minicluster-data/ts-0-root
uuid: "04f778158efb416cb7d582bcea3d3fcc"
format_stamp: "Formatted at 2026-06-01 13:23:57 on dist-test-slave-xtsw"
I20260601 13:23:57.933691 25483 fs_report.cc:389] FS layout report
--------------------
wal directory: /tmp/dist-test-task0hcBek/test-tmp/auto_rebalancer-test.0.AutoRebalancerTest.NextLeaderResumesAutoRebalancing.1780320227884971-25483-0/minicluster-data/ts-0-root
metadata directory: /tmp/dist-test-task0hcBek/test-tmp/auto_rebalancer-test.0.AutoRebalancerTest.NextLeaderResumesAutoRebalancing.1780320227884971-25483-0/minicluster-data/ts-0-root
1 data directories: /tmp/dist-test-task0hcBek/test-tmp/auto_rebalancer-test.0.AutoRebalancerTest.NextLeaderResumesAutoRebalancing.1780320227884971-25483-0/minicluster-data/ts-0-root/data
Total live blocks: 0
Total live bytes: 0
Total live bytes (after alignment): 0
Total number of LBM containers: 0 (0 full)
Did not check for missing blocks
Did not check for orphaned blocks
Total full LBM containers with extra space: 0 (0 repaired)
Total full LBM container extra space in bytes: 0 (0 repaired)
Total incomplete LBM containers: 0 (0 repaired)
Total LBM partial records: 0 (0 repaired)
Total corrupted LBM metadata records in RocksDB: 0 (0 repaired)
I20260601 13:23:57.950558 25483 rpc_server.cc:225] running with OpenSSL 1.1.1  11 Sep 2018
I20260601 13:23:57.951062 25483 kserver.cc:163] Server-wide thread pool size limit: 3276
I20260601 13:23:57.951488 25483 txn_system_client.cc:432] TxnSystemClient initialization is disabled...
I20260601 13:23:57.952018 25483 ts_tablet_manager.cc:585] Loaded tablet metadata (0 total tablets, 0 live tablets)
I20260601 13:23:57.952080 25483 ts_tablet_manager.cc:531] Time spent load tablet metadata: real 0.000s	user 0.000s	sys 0.000s
I20260601 13:23:57.952143 25483 ts_tablet_manager.cc:616] Registered 0 tablets
I20260601 13:23:57.952194 25483 ts_tablet_manager.cc:595] Time spent register tablets: real 0.000s	user 0.000s	sys 0.000s
I20260601 13:23:57.957561 26835 acceptor_pool.cc:272] collecting diagnostics on the listening RPC socket 127.24.226.193:37469 every 8 connection(s)
I20260601 13:23:57.957535 25483 rpc_server.cc:307] RPC server started. Bound to: 127.24.226.193:37469
I20260601 13:23:57.958957 25483 file_cache.cc:492] Constructed file cache file cache with capacity 419430
W20260601 13:23:57.961943 26844 instance_detector.cc:116] could not retrieve Azure instance metadata: Network error: curl error: HTTP response code said error: The requested URL returned error: 404
W20260601 13:23:57.962340 26843 instance_detector.cc:116] could not retrieve AWS instance metadata: Network error: curl error: HTTP response code said error: The requested URL returned error: 404
I20260601 13:23:57.962605 25483 server_base.cc:1061] running on GCE node
W20260601 13:23:57.963306 26846 instance_detector.cc:116] could not retrieve OpenStack instance metadata: Network error: curl error: HTTP response code said error: The requested URL returned error: 404
I20260601 13:23:57.963778 25483 hybrid_clock.cc:584] initializing the hybrid clock with 'system_unsync' time source
W20260601 13:23:57.963881 25483 system_unsync_time.cc:38] NTP support is disabled. Clock error bounds will not be accurate. This configuration is not suitable for distributed clusters.
I20260601 13:23:57.963913 25483 hybrid_clock.cc:648] HybridClock initialized: now 1780320237963913 us; error 0 us; skew 500 ppm
I20260601 13:23:57.964010 26836 heartbeater.cc:344] Connected to a master server at 127.24.226.252:37439
I20260601 13:23:57.964098 26836 heartbeater.cc:461] Registering TS with master...
I20260601 13:23:57.964389 26836 heartbeater.cc:507] Master 127.24.226.252:37439 requested a full tablet report, sending...
I20260601 13:23:57.964433 26837 heartbeater.cc:344] Connected to a master server at 127.24.226.254:39539
I20260601 13:23:57.964493 26837 heartbeater.cc:461] Registering TS with master...
I20260601 13:23:57.964560 26838 heartbeater.cc:344] Connected to a master server at 127.24.226.253:33797
I20260601 13:23:57.964665 26838 heartbeater.cc:461] Registering TS with master...
I20260601 13:23:57.964684 26837 heartbeater.cc:507] Master 127.24.226.254:39539 requested a full tablet report, sending...
I20260601 13:23:57.964879 26838 heartbeater.cc:507] Master 127.24.226.253:33797 requested a full tablet report, sending...
I20260601 13:23:57.965173 26685 ts_manager.cc:194] Registered new tserver with Master: 04f778158efb416cb7d582bcea3d3fcc (127.24.226.193:37469)
I20260601 13:23:57.965409 25483 webserver.cc:533] Webserver started at http://127.24.226.194:43967/ using document root <none> and password file <none>
I20260601 13:23:57.965443 26553 ts_manager.cc:194] Registered new tserver with Master: 04f778158efb416cb7d582bcea3d3fcc (127.24.226.193:37469)
I20260601 13:23:57.965595 25483 fs_manager.cc:362] Metadata directory not provided
I20260601 13:23:57.965657 25483 fs_manager.cc:368] Using write-ahead log directory (fs_wal_dir) as metadata directory
I20260601 13:23:57.965735 26619 ts_manager.cc:194] Registered new tserver with Master: 04f778158efb416cb7d582bcea3d3fcc (127.24.226.193:37469)
I20260601 13:23:57.965734 25483 server_base.cc:909] This appears to be a new deployment of Kudu; creating new FS layout
I20260601 13:23:57.966315 25483 fs_manager.cc:1068] Generated new instance metadata in path /tmp/dist-test-task0hcBek/test-tmp/auto_rebalancer-test.0.AutoRebalancerTest.NextLeaderResumesAutoRebalancing.1780320227884971-25483-0/minicluster-data/ts-1-root/instance:
uuid: "da503f6729754997bd3833079a54d737"
format_stamp: "Formatted at 2026-06-01 13:23:57 on dist-test-slave-xtsw"
I20260601 13:23:57.968098 25483 fs_manager.cc:696] Time spent creating directory manager: real 0.002s	user 0.002s	sys 0.000s
I20260601 13:23:57.969082 26851 log_block_manager.cc:4031] Time spent loading block containers with low live blocks: real 0.000s	user 0.000s	sys 0.000s
I20260601 13:23:57.969336 25483 fs_manager.cc:730] Time spent opening block manager: real 0.001s	user 0.001s	sys 0.000s
I20260601 13:23:57.969424 25483 fs_manager.cc:647] Opened local filesystem: /tmp/dist-test-task0hcBek/test-tmp/auto_rebalancer-test.0.AutoRebalancerTest.NextLeaderResumesAutoRebalancing.1780320227884971-25483-0/minicluster-data/ts-1-root
uuid: "da503f6729754997bd3833079a54d737"
format_stamp: "Formatted at 2026-06-01 13:23:57 on dist-test-slave-xtsw"
I20260601 13:23:57.969511 25483 fs_report.cc:389] FS layout report
--------------------
wal directory: /tmp/dist-test-task0hcBek/test-tmp/auto_rebalancer-test.0.AutoRebalancerTest.NextLeaderResumesAutoRebalancing.1780320227884971-25483-0/minicluster-data/ts-1-root
metadata directory: /tmp/dist-test-task0hcBek/test-tmp/auto_rebalancer-test.0.AutoRebalancerTest.NextLeaderResumesAutoRebalancing.1780320227884971-25483-0/minicluster-data/ts-1-root
1 data directories: /tmp/dist-test-task0hcBek/test-tmp/auto_rebalancer-test.0.AutoRebalancerTest.NextLeaderResumesAutoRebalancing.1780320227884971-25483-0/minicluster-data/ts-1-root/data
Total live blocks: 0
Total live bytes: 0
Total live bytes (after alignment): 0
Total number of LBM containers: 0 (0 full)
Did not check for missing blocks
Did not check for orphaned blocks
Total full LBM containers with extra space: 0 (0 repaired)
Total full LBM container extra space in bytes: 0 (0 repaired)
Total incomplete LBM containers: 0 (0 repaired)
Total LBM partial records: 0 (0 repaired)
Total corrupted LBM metadata records in RocksDB: 0 (0 repaired)
I20260601 13:23:57.989859 25483 rpc_server.cc:225] running with OpenSSL 1.1.1  11 Sep 2018
I20260601 13:23:57.990396 25483 kserver.cc:163] Server-wide thread pool size limit: 3276
I20260601 13:23:57.990855 25483 txn_system_client.cc:432] TxnSystemClient initialization is disabled...
I20260601 13:23:57.991478 25483 ts_tablet_manager.cc:585] Loaded tablet metadata (0 total tablets, 0 live tablets)
I20260601 13:23:57.991541 25483 ts_tablet_manager.cc:531] Time spent load tablet metadata: real 0.000s	user 0.000s	sys 0.000s
I20260601 13:23:57.991598 25483 ts_tablet_manager.cc:616] Registered 0 tablets
I20260601 13:23:57.991643 25483 ts_tablet_manager.cc:595] Time spent register tablets: real 0.000s	user 0.000s	sys 0.000s
I20260601 13:23:57.996742 25483 rpc_server.cc:307] RPC server started. Bound to: 127.24.226.194:38725
I20260601 13:23:57.996789 26914 acceptor_pool.cc:272] collecting diagnostics on the listening RPC socket 127.24.226.194:38725 every 8 connection(s)
I20260601 13:23:57.997835 25483 file_cache.cc:492] Constructed file cache file cache with capacity 419430
W20260601 13:23:58.000689 26923 instance_detector.cc:116] could not retrieve Azure instance metadata: Network error: curl error: HTTP response code said error: The requested URL returned error: 404
W20260601 13:23:58.001895 26925 instance_detector.cc:116] could not retrieve OpenStack instance metadata: Network error: curl error: HTTP response code said error: The requested URL returned error: 404
W20260601 13:23:58.001914 26922 instance_detector.cc:116] could not retrieve AWS instance metadata: Network error: curl error: HTTP response code said error: The requested URL returned error: 404
I20260601 13:23:58.002506 25483 server_base.cc:1061] running on GCE node
I20260601 13:23:58.002729 26917 heartbeater.cc:344] Connected to a master server at 127.24.226.253:33797
I20260601 13:23:58.002840 26917 heartbeater.cc:461] Registering TS with master...
I20260601 13:23:58.002954 26916 heartbeater.cc:344] Connected to a master server at 127.24.226.254:39539
I20260601 13:23:58.003016 26916 heartbeater.cc:461] Registering TS with master...
I20260601 13:23:58.003123 26917 heartbeater.cc:507] Master 127.24.226.253:33797 requested a full tablet report, sending...
I20260601 13:23:58.002740 25483 hybrid_clock.cc:584] initializing the hybrid clock with 'system_unsync' time source
I20260601 13:23:58.003154 26916 heartbeater.cc:507] Master 127.24.226.254:39539 requested a full tablet report, sending...
W20260601 13:23:58.003324 25483 system_unsync_time.cc:38] NTP support is disabled. Clock error bounds will not be accurate. This configuration is not suitable for distributed clusters.
I20260601 13:23:58.003358 25483 hybrid_clock.cc:648] HybridClock initialized: now 1780320238003357 us; error 0 us; skew 500 ppm
I20260601 13:23:58.003651 26915 heartbeater.cc:344] Connected to a master server at 127.24.226.252:37439
I20260601 13:23:58.003736 26915 heartbeater.cc:461] Registering TS with master...
I20260601 13:23:58.003901 26619 ts_manager.cc:194] Registered new tserver with Master: da503f6729754997bd3833079a54d737 (127.24.226.194:38725)
I20260601 13:23:58.003944 26915 heartbeater.cc:507] Master 127.24.226.252:37439 requested a full tablet report, sending...
I20260601 13:23:58.004113 26553 ts_manager.cc:194] Registered new tserver with Master: da503f6729754997bd3833079a54d737 (127.24.226.194:38725)
I20260601 13:23:58.004388 25483 webserver.cc:533] Webserver started at http://127.24.226.195:39733/ using document root <none> and password file <none>
I20260601 13:23:58.004549 26685 ts_manager.cc:194] Registered new tserver with Master: da503f6729754997bd3833079a54d737 (127.24.226.194:38725)
I20260601 13:23:58.004550 25483 fs_manager.cc:362] Metadata directory not provided
I20260601 13:23:58.004689 25483 fs_manager.cc:368] Using write-ahead log directory (fs_wal_dir) as metadata directory
I20260601 13:23:58.004772 25483 server_base.cc:909] This appears to be a new deployment of Kudu; creating new FS layout
I20260601 13:23:58.005151 25483 fs_manager.cc:1068] Generated new instance metadata in path /tmp/dist-test-task0hcBek/test-tmp/auto_rebalancer-test.0.AutoRebalancerTest.NextLeaderResumesAutoRebalancing.1780320227884971-25483-0/minicluster-data/ts-2-root/instance:
uuid: "e424ad464ef14c45b493be4feb632906"
format_stamp: "Formatted at 2026-06-01 13:23:57 on dist-test-slave-xtsw"
I20260601 13:23:58.007043 25483 fs_manager.cc:696] Time spent creating directory manager: real 0.002s	user 0.002s	sys 0.000s
I20260601 13:23:58.008613 26930 log_block_manager.cc:4031] Time spent loading block containers with low live blocks: real 0.000s	user 0.000s	sys 0.000s
I20260601 13:23:58.009133 25483 fs_manager.cc:730] Time spent opening block manager: real 0.001s	user 0.001s	sys 0.000s
I20260601 13:23:58.009212 25483 fs_manager.cc:647] Opened local filesystem: /tmp/dist-test-task0hcBek/test-tmp/auto_rebalancer-test.0.AutoRebalancerTest.NextLeaderResumesAutoRebalancing.1780320227884971-25483-0/minicluster-data/ts-2-root
uuid: "e424ad464ef14c45b493be4feb632906"
format_stamp: "Formatted at 2026-06-01 13:23:57 on dist-test-slave-xtsw"
I20260601 13:23:58.009320 25483 fs_report.cc:389] FS layout report
--------------------
wal directory: /tmp/dist-test-task0hcBek/test-tmp/auto_rebalancer-test.0.AutoRebalancerTest.NextLeaderResumesAutoRebalancing.1780320227884971-25483-0/minicluster-data/ts-2-root
metadata directory: /tmp/dist-test-task0hcBek/test-tmp/auto_rebalancer-test.0.AutoRebalancerTest.NextLeaderResumesAutoRebalancing.1780320227884971-25483-0/minicluster-data/ts-2-root
1 data directories: /tmp/dist-test-task0hcBek/test-tmp/auto_rebalancer-test.0.AutoRebalancerTest.NextLeaderResumesAutoRebalancing.1780320227884971-25483-0/minicluster-data/ts-2-root/data
Total live blocks: 0
Total live bytes: 0
Total live bytes (after alignment): 0
Total number of LBM containers: 0 (0 full)
Did not check for missing blocks
Did not check for orphaned blocks
Total full LBM containers with extra space: 0 (0 repaired)
Total full LBM container extra space in bytes: 0 (0 repaired)
Total incomplete LBM containers: 0 (0 repaired)
Total LBM partial records: 0 (0 repaired)
Total corrupted LBM metadata records in RocksDB: 0 (0 repaired)
I20260601 13:23:58.020296 25483 rpc_server.cc:225] running with OpenSSL 1.1.1  11 Sep 2018
I20260601 13:23:58.020792 25483 kserver.cc:163] Server-wide thread pool size limit: 3276
I20260601 13:23:58.021150 25483 txn_system_client.cc:432] TxnSystemClient initialization is disabled...
I20260601 13:23:58.021674 25483 ts_tablet_manager.cc:585] Loaded tablet metadata (0 total tablets, 0 live tablets)
I20260601 13:23:58.021739 25483 ts_tablet_manager.cc:531] Time spent load tablet metadata: real 0.000s	user 0.000s	sys 0.000s
I20260601 13:23:58.021797 25483 ts_tablet_manager.cc:616] Registered 0 tablets
I20260601 13:23:58.021845 25483 ts_tablet_manager.cc:595] Time spent register tablets: real 0.000s	user 0.000s	sys 0.000s
I20260601 13:23:58.027001 25483 rpc_server.cc:307] RPC server started. Bound to: 127.24.226.195:36777
I20260601 13:23:58.027112 26993 acceptor_pool.cc:272] collecting diagnostics on the listening RPC socket 127.24.226.195:36777 every 8 connection(s)
I20260601 13:23:58.032267 26994 heartbeater.cc:344] Connected to a master server at 127.24.226.252:37439
I20260601 13:23:58.032392 26994 heartbeater.cc:461] Registering TS with master...
I20260601 13:23:58.032642 26994 heartbeater.cc:507] Master 127.24.226.252:37439 requested a full tablet report, sending...
I20260601 13:23:58.032888 26996 heartbeater.cc:344] Connected to a master server at 127.24.226.253:33797
I20260601 13:23:58.032968 26996 heartbeater.cc:461] Registering TS with master...
I20260601 13:23:58.033157 26995 heartbeater.cc:344] Connected to a master server at 127.24.226.254:39539
I20260601 13:23:58.033178 26996 heartbeater.cc:507] Master 127.24.226.253:33797 requested a full tablet report, sending...
I20260601 13:23:58.033262 26995 heartbeater.cc:461] Registering TS with master...
I20260601 13:23:58.033433 26995 heartbeater.cc:507] Master 127.24.226.254:39539 requested a full tablet report, sending...
I20260601 13:23:58.033505 26685 ts_manager.cc:194] Registered new tserver with Master: e424ad464ef14c45b493be4feb632906 (127.24.226.195:36777)
I20260601 13:23:58.033838 26619 ts_manager.cc:194] Registered new tserver with Master: e424ad464ef14c45b493be4feb632906 (127.24.226.195:36777)
I20260601 13:23:58.034031 26553 ts_manager.cc:194] Registered new tserver with Master: e424ad464ef14c45b493be4feb632906 (127.24.226.195:36777)
I20260601 13:23:58.034422 25483 internal_mini_cluster.cc:371] 3 TS(s) registered with all masters after 0.006770075s
I20260601 13:23:58.086262 26726 raft_consensus.cc:493] T 00000000000000000000000000000000 P ba3cb524465045859dd709bd51e71083 [term 0 FOLLOWER]: Starting pre-election (no leader contacted us within the election timeout)
I20260601 13:23:58.086462 26726 raft_consensus.cc:515] T 00000000000000000000000000000000 P ba3cb524465045859dd709bd51e71083 [term 0 FOLLOWER]: Starting pre-election with config: opid_index: -1 OBSOLETE_local: false peers { permanent_uuid: "e90e578774064f0fad76dcec2fd9593b" member_type: VOTER last_known_addr { host: "127.24.226.254" port: 39539 } } peers { permanent_uuid: "65ed08072e1e40869293f0638a7d154a" member_type: VOTER last_known_addr { host: "127.24.226.253" port: 33797 } } peers { permanent_uuid: "ba3cb524465045859dd709bd51e71083" member_type: VOTER last_known_addr { host: "127.24.226.252" port: 37439 } }
I20260601 13:23:58.087002 26726 leader_election.cc:290] T 00000000000000000000000000000000 P ba3cb524465045859dd709bd51e71083 [CANDIDATE]: Term 1 pre-election: Requested pre-vote from peers e90e578774064f0fad76dcec2fd9593b (127.24.226.254:39539), 65ed08072e1e40869293f0638a7d154a (127.24.226.253:33797)
I20260601 13:23:58.087555 26563 tablet_service.cc:1917] Received RequestConsensusVote() RPC: tablet_id: "00000000000000000000000000000000" candidate_uuid: "ba3cb524465045859dd709bd51e71083" candidate_term: 1 candidate_status { last_received { term: 0 index: 0 } } ignore_live_leader: false dest_uuid: "e90e578774064f0fad76dcec2fd9593b" is_pre_election: true
I20260601 13:23:58.087529 26629 tablet_service.cc:1917] Received RequestConsensusVote() RPC: tablet_id: "00000000000000000000000000000000" candidate_uuid: "ba3cb524465045859dd709bd51e71083" candidate_term: 1 candidate_status { last_received { term: 0 index: 0 } } ignore_live_leader: false dest_uuid: "65ed08072e1e40869293f0638a7d154a" is_pre_election: true
I20260601 13:23:58.087684 26563 raft_consensus.cc:2468] T 00000000000000000000000000000000 P e90e578774064f0fad76dcec2fd9593b [term 0 FOLLOWER]: Leader pre-election vote request: Granting yes vote for candidate ba3cb524465045859dd709bd51e71083 in term 0.
I20260601 13:23:58.087684 26629 raft_consensus.cc:2468] T 00000000000000000000000000000000 P 65ed08072e1e40869293f0638a7d154a [term 0 FOLLOWER]: Leader pre-election vote request: Granting yes vote for candidate ba3cb524465045859dd709bd51e71083 in term 0.
I20260601 13:23:58.088083 26669 leader_election.cc:304] T 00000000000000000000000000000000 P ba3cb524465045859dd709bd51e71083 [CANDIDATE]: Term 1 pre-election: Election decided. Result: candidate won. Election summary: received 2 responses out of 3 voters: 2 yes votes; 0 no votes. yes voters: 65ed08072e1e40869293f0638a7d154a, ba3cb524465045859dd709bd51e71083; no voters: 
I20260601 13:23:58.088276 26726 raft_consensus.cc:2804] T 00000000000000000000000000000000 P ba3cb524465045859dd709bd51e71083 [term 0 FOLLOWER]: Leader pre-election won for term 1
I20260601 13:23:58.088361 26726 raft_consensus.cc:493] T 00000000000000000000000000000000 P ba3cb524465045859dd709bd51e71083 [term 0 FOLLOWER]: Starting leader election (no leader contacted us within the election timeout)
I20260601 13:23:58.088455 26726 raft_consensus.cc:3060] T 00000000000000000000000000000000 P ba3cb524465045859dd709bd51e71083 [term 0 FOLLOWER]: Advancing to term 1
I20260601 13:23:58.089412 26726 raft_consensus.cc:515] T 00000000000000000000000000000000 P ba3cb524465045859dd709bd51e71083 [term 1 FOLLOWER]: Starting leader election with config: opid_index: -1 OBSOLETE_local: false peers { permanent_uuid: "e90e578774064f0fad76dcec2fd9593b" member_type: VOTER last_known_addr { host: "127.24.226.254" port: 39539 } } peers { permanent_uuid: "65ed08072e1e40869293f0638a7d154a" member_type: VOTER last_known_addr { host: "127.24.226.253" port: 33797 } } peers { permanent_uuid: "ba3cb524465045859dd709bd51e71083" member_type: VOTER last_known_addr { host: "127.24.226.252" port: 37439 } }
I20260601 13:23:58.089859 26726 leader_election.cc:290] T 00000000000000000000000000000000 P ba3cb524465045859dd709bd51e71083 [CANDIDATE]: Term 1 election: Requested vote from peers e90e578774064f0fad76dcec2fd9593b (127.24.226.254:39539), 65ed08072e1e40869293f0638a7d154a (127.24.226.253:33797)
I20260601 13:23:58.090260 26629 tablet_service.cc:1917] Received RequestConsensusVote() RPC: tablet_id: "00000000000000000000000000000000" candidate_uuid: "ba3cb524465045859dd709bd51e71083" candidate_term: 1 candidate_status { last_received { term: 0 index: 0 } } ignore_live_leader: false dest_uuid: "65ed08072e1e40869293f0638a7d154a"
I20260601 13:23:58.090256 26563 tablet_service.cc:1917] Received RequestConsensusVote() RPC: tablet_id: "00000000000000000000000000000000" candidate_uuid: "ba3cb524465045859dd709bd51e71083" candidate_term: 1 candidate_status { last_received { term: 0 index: 0 } } ignore_live_leader: false dest_uuid: "e90e578774064f0fad76dcec2fd9593b"
I20260601 13:23:58.090407 26629 raft_consensus.cc:3060] T 00000000000000000000000000000000 P 65ed08072e1e40869293f0638a7d154a [term 0 FOLLOWER]: Advancing to term 1
I20260601 13:23:58.090440 26563 raft_consensus.cc:3060] T 00000000000000000000000000000000 P e90e578774064f0fad76dcec2fd9593b [term 0 FOLLOWER]: Advancing to term 1
I20260601 13:23:58.091351 26563 raft_consensus.cc:2468] T 00000000000000000000000000000000 P e90e578774064f0fad76dcec2fd9593b [term 1 FOLLOWER]: Leader election vote request: Granting yes vote for candidate ba3cb524465045859dd709bd51e71083 in term 1.
I20260601 13:23:58.091368 26629 raft_consensus.cc:2468] T 00000000000000000000000000000000 P 65ed08072e1e40869293f0638a7d154a [term 1 FOLLOWER]: Leader election vote request: Granting yes vote for candidate ba3cb524465045859dd709bd51e71083 in term 1.
I20260601 13:23:58.091667 26669 leader_election.cc:304] T 00000000000000000000000000000000 P ba3cb524465045859dd709bd51e71083 [CANDIDATE]: Term 1 election: Election decided. Result: candidate won. Election summary: received 2 responses out of 3 voters: 2 yes votes; 0 no votes. yes voters: 65ed08072e1e40869293f0638a7d154a, ba3cb524465045859dd709bd51e71083; no voters: 
I20260601 13:23:58.091964 26726 raft_consensus.cc:2804] T 00000000000000000000000000000000 P ba3cb524465045859dd709bd51e71083 [term 1 FOLLOWER]: Leader election won for term 1
I20260601 13:23:58.092163 26726 raft_consensus.cc:697] T 00000000000000000000000000000000 P ba3cb524465045859dd709bd51e71083 [term 1 LEADER]: Becoming Leader. State: Replica: ba3cb524465045859dd709bd51e71083, State: Running, Role: LEADER
I20260601 13:23:58.092309 26726 consensus_queue.cc:237] T 00000000000000000000000000000000 P ba3cb524465045859dd709bd51e71083 [LEADER]: Queue going to LEADER mode. State: All replicated index: 0, Majority replicated index: 0, Committed index: 0, Last appended: 0.0, Last appended by leader: 0, Current term: 1, Majority size: 2, State: 0, Mode: LEADER, active raft config: opid_index: -1 OBSOLETE_local: false peers { permanent_uuid: "e90e578774064f0fad76dcec2fd9593b" member_type: VOTER last_known_addr { host: "127.24.226.254" port: 39539 } } peers { permanent_uuid: "65ed08072e1e40869293f0638a7d154a" member_type: VOTER last_known_addr { host: "127.24.226.253" port: 33797 } } peers { permanent_uuid: "ba3cb524465045859dd709bd51e71083" member_type: VOTER last_known_addr { host: "127.24.226.252" port: 37439 } }
I20260601 13:23:58.092994 27002 sys_catalog.cc:455] T 00000000000000000000000000000000 P ba3cb524465045859dd709bd51e71083 [sys.catalog]: SysCatalogTable state changed. Reason: New leader ba3cb524465045859dd709bd51e71083. Latest consensus state: current_term: 1 leader_uuid: "ba3cb524465045859dd709bd51e71083" committed_config { opid_index: -1 OBSOLETE_local: false peers { permanent_uuid: "e90e578774064f0fad76dcec2fd9593b" member_type: VOTER last_known_addr { host: "127.24.226.254" port: 39539 } } peers { permanent_uuid: "65ed08072e1e40869293f0638a7d154a" member_type: VOTER last_known_addr { host: "127.24.226.253" port: 33797 } } peers { permanent_uuid: "ba3cb524465045859dd709bd51e71083" member_type: VOTER last_known_addr { host: "127.24.226.252" port: 37439 } } }
I20260601 13:23:58.093122 27002 sys_catalog.cc:458] T 00000000000000000000000000000000 P ba3cb524465045859dd709bd51e71083 [sys.catalog]: This master's current role is: LEADER
I20260601 13:23:58.093479 27004 catalog_manager.cc:1510] Loading table and tablet metadata into memory...
I20260601 13:23:58.094298 27004 catalog_manager.cc:1519] Initializing Kudu cluster ID...
I20260601 13:23:58.096360 26563 raft_consensus.cc:1275] T 00000000000000000000000000000000 P e90e578774064f0fad76dcec2fd9593b [term 1 FOLLOWER]: Refusing update from remote peer ba3cb524465045859dd709bd51e71083: Log matching property violated. Preceding OpId in replica: term: 0 index: 0. Preceding OpId from leader: term: 1 index: 2. (index mismatch)
I20260601 13:23:58.096371 26629 raft_consensus.cc:1275] T 00000000000000000000000000000000 P 65ed08072e1e40869293f0638a7d154a [term 1 FOLLOWER]: Refusing update from remote peer ba3cb524465045859dd709bd51e71083: Log matching property violated. Preceding OpId in replica: term: 0 index: 0. Preceding OpId from leader: term: 1 index: 2. (index mismatch)
I20260601 13:23:58.096751 26726 consensus_queue.cc:1048] T 00000000000000000000000000000000 P ba3cb524465045859dd709bd51e71083 [LEADER]: Connected to new peer: Peer: permanent_uuid: "e90e578774064f0fad76dcec2fd9593b" member_type: VOTER last_known_addr { host: "127.24.226.254" port: 39539 }, Status: LMP_MISMATCH, Last received: 0.0, Next index: 1, Last known committed idx: 0, Time since last communication: 0.000s
I20260601 13:23:58.096858 27002 consensus_queue.cc:1048] T 00000000000000000000000000000000 P ba3cb524465045859dd709bd51e71083 [LEADER]: Connected to new peer: Peer: permanent_uuid: "65ed08072e1e40869293f0638a7d154a" member_type: VOTER last_known_addr { host: "127.24.226.253" port: 33797 }, Status: LMP_MISMATCH, Last received: 0.0, Next index: 1, Last known committed idx: 0, Time since last communication: 0.000s
I20260601 13:23:58.098238 26752 sys_catalog.cc:455] T 00000000000000000000000000000000 P 65ed08072e1e40869293f0638a7d154a [sys.catalog]: SysCatalogTable state changed. Reason: New leader ba3cb524465045859dd709bd51e71083. Latest consensus state: current_term: 1 leader_uuid: "ba3cb524465045859dd709bd51e71083" committed_config { opid_index: -1 OBSOLETE_local: false peers { permanent_uuid: "e90e578774064f0fad76dcec2fd9593b" member_type: VOTER last_known_addr { host: "127.24.226.254" port: 39539 } } peers { permanent_uuid: "65ed08072e1e40869293f0638a7d154a" member_type: VOTER last_known_addr { host: "127.24.226.253" port: 33797 } } peers { permanent_uuid: "ba3cb524465045859dd709bd51e71083" member_type: VOTER last_known_addr { host: "127.24.226.252" port: 37439 } } }
I20260601 13:23:58.098374 26752 sys_catalog.cc:458] T 00000000000000000000000000000000 P 65ed08072e1e40869293f0638a7d154a [sys.catalog]: This master's current role is: FOLLOWER
I20260601 13:23:58.098238 26739 sys_catalog.cc:455] T 00000000000000000000000000000000 P e90e578774064f0fad76dcec2fd9593b [sys.catalog]: SysCatalogTable state changed. Reason: New leader ba3cb524465045859dd709bd51e71083. Latest consensus state: current_term: 1 leader_uuid: "ba3cb524465045859dd709bd51e71083" committed_config { opid_index: -1 OBSOLETE_local: false peers { permanent_uuid: "e90e578774064f0fad76dcec2fd9593b" member_type: VOTER last_known_addr { host: "127.24.226.254" port: 39539 } } peers { permanent_uuid: "65ed08072e1e40869293f0638a7d154a" member_type: VOTER last_known_addr { host: "127.24.226.253" port: 33797 } } peers { permanent_uuid: "ba3cb524465045859dd709bd51e71083" member_type: VOTER last_known_addr { host: "127.24.226.252" port: 37439 } } }
I20260601 13:23:58.098529 26739 sys_catalog.cc:458] T 00000000000000000000000000000000 P e90e578774064f0fad76dcec2fd9593b [sys.catalog]: This master's current role is: FOLLOWER
I20260601 13:23:58.099733 27002 sys_catalog.cc:455] T 00000000000000000000000000000000 P ba3cb524465045859dd709bd51e71083 [sys.catalog]: SysCatalogTable state changed. Reason: Peer health change. Latest consensus state: current_term: 1 leader_uuid: "ba3cb524465045859dd709bd51e71083" committed_config { opid_index: -1 OBSOLETE_local: false peers { permanent_uuid: "e90e578774064f0fad76dcec2fd9593b" member_type: VOTER last_known_addr { host: "127.24.226.254" port: 39539 } } peers { permanent_uuid: "65ed08072e1e40869293f0638a7d154a" member_type: VOTER last_known_addr { host: "127.24.226.253" port: 33797 } } peers { permanent_uuid: "ba3cb524465045859dd709bd51e71083" member_type: VOTER last_known_addr { host: "127.24.226.252" port: 37439 } } }
I20260601 13:23:58.099784 26726 sys_catalog.cc:455] T 00000000000000000000000000000000 P ba3cb524465045859dd709bd51e71083 [sys.catalog]: SysCatalogTable state changed. Reason: Peer health change. Latest consensus state: current_term: 1 leader_uuid: "ba3cb524465045859dd709bd51e71083" committed_config { opid_index: -1 OBSOLETE_local: false peers { permanent_uuid: "e90e578774064f0fad76dcec2fd9593b" member_type: VOTER last_known_addr { host: "127.24.226.254" port: 39539 } } peers { permanent_uuid: "65ed08072e1e40869293f0638a7d154a" member_type: VOTER last_known_addr { host: "127.24.226.253" port: 33797 } } peers { permanent_uuid: "ba3cb524465045859dd709bd51e71083" member_type: VOTER last_known_addr { host: "127.24.226.252" port: 37439 } } }
I20260601 13:23:58.099888 26726 sys_catalog.cc:458] T 00000000000000000000000000000000 P ba3cb524465045859dd709bd51e71083 [sys.catalog]: This master's current role is: LEADER
I20260601 13:23:58.099840 27002 sys_catalog.cc:458] T 00000000000000000000000000000000 P ba3cb524465045859dd709bd51e71083 [sys.catalog]: This master's current role is: LEADER
I20260601 13:23:58.100402 27004 catalog_manager.cc:1382] Generated new cluster ID: 1162692e6f804e75a7325a3343b52831
I20260601 13:23:58.100451 27004 catalog_manager.cc:1530] Initializing Kudu internal certificate authority...
I20260601 13:23:58.100711 26739 sys_catalog.cc:455] T 00000000000000000000000000000000 P e90e578774064f0fad76dcec2fd9593b [sys.catalog]: SysCatalogTable state changed. Reason: Replicated consensus-only round. Latest consensus state: current_term: 1 leader_uuid: "ba3cb524465045859dd709bd51e71083" committed_config { opid_index: -1 OBSOLETE_local: false peers { permanent_uuid: "e90e578774064f0fad76dcec2fd9593b" member_type: VOTER last_known_addr { host: "127.24.226.254" port: 39539 } } peers { permanent_uuid: "65ed08072e1e40869293f0638a7d154a" member_type: VOTER last_known_addr { host: "127.24.226.253" port: 33797 } } peers { permanent_uuid: "ba3cb524465045859dd709bd51e71083" member_type: VOTER last_known_addr { host: "127.24.226.252" port: 37439 } } }
I20260601 13:23:58.100802 26739 sys_catalog.cc:458] T 00000000000000000000000000000000 P e90e578774064f0fad76dcec2fd9593b [sys.catalog]: This master's current role is: FOLLOWER
I20260601 13:23:58.100770 26752 sys_catalog.cc:455] T 00000000000000000000000000000000 P 65ed08072e1e40869293f0638a7d154a [sys.catalog]: SysCatalogTable state changed. Reason: Replicated consensus-only round. Latest consensus state: current_term: 1 leader_uuid: "ba3cb524465045859dd709bd51e71083" committed_config { opid_index: -1 OBSOLETE_local: false peers { permanent_uuid: "e90e578774064f0fad76dcec2fd9593b" member_type: VOTER last_known_addr { host: "127.24.226.254" port: 39539 } } peers { permanent_uuid: "65ed08072e1e40869293f0638a7d154a" member_type: VOTER last_known_addr { host: "127.24.226.253" port: 33797 } } peers { permanent_uuid: "ba3cb524465045859dd709bd51e71083" member_type: VOTER last_known_addr { host: "127.24.226.252" port: 37439 } } }
I20260601 13:23:58.100857 26752 sys_catalog.cc:458] T 00000000000000000000000000000000 P 65ed08072e1e40869293f0638a7d154a [sys.catalog]: This master's current role is: FOLLOWER
I20260601 13:23:58.108723 27004 catalog_manager.cc:1405] Generated new certificate authority record
I20260601 13:23:58.109416 27004 catalog_manager.cc:1539] Loading token signing keys...
I20260601 13:23:58.120626 27004 catalog_manager.cc:6069] T 00000000000000000000000000000000 P ba3cb524465045859dd709bd51e71083: Generated new TSK 0
I20260601 13:23:58.120893 27004 catalog_manager.cc:1549] Initializing in-progress tserver states...
I20260601 13:23:58.913599 26750 catalog_manager.cc:1294] Loaded cluster ID: 1162692e6f804e75a7325a3343b52831
I20260601 13:23:58.913688 26750 catalog_manager.cc:1587] T 00000000000000000000000000000000 P e90e578774064f0fad76dcec2fd9593b: loading cluster ID for follower catalog manager: success
I20260601 13:23:58.914851 26750 catalog_manager.cc:1609] T 00000000000000000000000000000000 P e90e578774064f0fad76dcec2fd9593b: acquiring CA information for follower catalog manager: success
I20260601 13:23:58.915400 26750 catalog_manager.cc:1637] T 00000000000000000000000000000000 P e90e578774064f0fad76dcec2fd9593b: importing token verification keys for follower catalog manager: success; most recent TSK sequence number 0
I20260601 13:23:58.927088 26763 catalog_manager.cc:1294] Loaded cluster ID: 1162692e6f804e75a7325a3343b52831
I20260601 13:23:58.927197 26763 catalog_manager.cc:1587] T 00000000000000000000000000000000 P 65ed08072e1e40869293f0638a7d154a: loading cluster ID for follower catalog manager: success
I20260601 13:23:58.928403 26763 catalog_manager.cc:1609] T 00000000000000000000000000000000 P 65ed08072e1e40869293f0638a7d154a: acquiring CA information for follower catalog manager: success
I20260601 13:23:58.928946 26763 catalog_manager.cc:1637] T 00000000000000000000000000000000 P 65ed08072e1e40869293f0638a7d154a: importing token verification keys for follower catalog manager: success; most recent TSK sequence number 0
I20260601 13:23:58.968008 26685 master_service.cc:502] Signed X509 certificate for tserver {username='slave'} at 127.0.0.1:50192
I20260601 13:23:59.006249 26685 master_service.cc:502] Signed X509 certificate for tserver {username='slave'} at 127.0.0.1:50202
I20260601 13:23:59.036388 26685 master_service.cc:502] Signed X509 certificate for tserver {username='slave'} at 127.0.0.1:50218
I20260601 13:23:59.900192 26736 auto_leader_rebalancer.cc:451] All tables' leader rebalancing finished this round
I20260601 13:23:59.968971 26836 heartbeater.cc:499] Master 127.24.226.252:37439 was elected leader, sending a full tablet report...
I20260601 13:24:00.007309 26915 heartbeater.cc:499] Master 127.24.226.252:37439 was elected leader, sending a full tablet report...
I20260601 13:24:00.037257 26994 heartbeater.cc:499] Master 127.24.226.252:37439 was elected leader, sending a full tablet report...
I20260601 13:24:00.210508 26685 catalog_manager.cc:2282] Servicing CreateTable request from {username='slave'} at 127.0.0.1:50234:
name: "test-workload"
schema {
  columns {
    name: "key"
    type: INT32
    is_key: true
    is_nullable: false
    encoding: AUTO_ENCODING
    compression: DEFAULT_COMPRESSION
    cfile_block_size: 0
    immutable: false
  }
  columns {
    name: "int_val"
    type: INT32
    is_key: false
    is_nullable: false
    encoding: AUTO_ENCODING
    compression: DEFAULT_COMPRESSION
    cfile_block_size: 0
