I20260601 13:25:41.790082 10664 tablet_service.cc:1917] Received RequestConsensusVote() RPC: tablet_id: "eef743fe1a0c4674b93a4bab4e4dd685" candidate_uuid: "454cf0d0d33949778bb62ffb7d77dae1" candidate_term: 1 candidate_status { last_received { term: 0 index: 0 } } ignore_live_leader: false dest_uuid: "4b299bc7d28e416082c5d54c2a99cbf2"
I20260601 13:25:41.790079 10737 tablet_service.cc:1917] Received RequestConsensusVote() RPC: tablet_id: "eef743fe1a0c4674b93a4bab4e4dd685" candidate_uuid: "454cf0d0d33949778bb62ffb7d77dae1" candidate_term: 1 candidate_status { last_received { term: 0 index: 0 } } ignore_live_leader: false dest_uuid: "1a03ddbb50aa4cc59439a780d66b1b70"
I20260601 13:25:41.790212 10664 raft_consensus.cc:3060] T eef743fe1a0c4674b93a4bab4e4dd685 P 4b299bc7d28e416082c5d54c2a99cbf2 [term 0 FOLLOWER]: Advancing to term 1
I20260601 13:25:41.790212 10737 raft_consensus.cc:3060] T eef743fe1a0c4674b93a4bab4e4dd685 P 1a03ddbb50aa4cc59439a780d66b1b70 [term 0 FOLLOWER]: Advancing to term 1
I20260601 13:25:41.791069 10664 raft_consensus.cc:2468] T eef743fe1a0c4674b93a4bab4e4dd685 P 4b299bc7d28e416082c5d54c2a99cbf2 [term 1 FOLLOWER]: Leader election vote request: Granting yes vote for candidate 454cf0d0d33949778bb62ffb7d77dae1 in term 1.
I20260601 13:25:41.791069 10737 raft_consensus.cc:2468] T eef743fe1a0c4674b93a4bab4e4dd685 P 1a03ddbb50aa4cc59439a780d66b1b70 [term 1 FOLLOWER]: Leader election vote request: Granting yes vote for candidate 454cf0d0d33949778bb62ffb7d77dae1 in term 1.
I20260601 13:25:41.791342 10551 leader_election.cc:304] T eef743fe1a0c4674b93a4bab4e4dd685 P 454cf0d0d33949778bb62ffb7d77dae1 [CANDIDATE]: Term 1 election: Election decided. Result: candidate won. Election summary: received 2 responses out of 3 voters: 2 yes votes; 0 no votes. yes voters: 1a03ddbb50aa4cc59439a780d66b1b70, 454cf0d0d33949778bb62ffb7d77dae1; no voters: 
I20260601 13:25:41.791478 10794 raft_consensus.cc:2804] T eef743fe1a0c4674b93a4bab4e4dd685 P 454cf0d0d33949778bb62ffb7d77dae1 [term 1 FOLLOWER]: Leader election won for term 1
I20260601 13:25:41.791564 10794 raft_consensus.cc:697] T eef743fe1a0c4674b93a4bab4e4dd685 P 454cf0d0d33949778bb62ffb7d77dae1 [term 1 LEADER]: Becoming Leader. State: Replica: 454cf0d0d33949778bb62ffb7d77dae1, State: Running, Role: LEADER
I20260601 13:25:41.791720 10794 consensus_queue.cc:237] T eef743fe1a0c4674b93a4bab4e4dd685 P 454cf0d0d33949778bb62ffb7d77dae1 [LEADER]: Queue going to LEADER mode. State: All replicated index: 0, Majority replicated index: 0, Committed index: 0, Last appended: 0.0, Last appended by leader: 0, Current term: 1, Majority size: 2, State: 0, Mode: LEADER, active raft config: opid_index: -1 OBSOLETE_local: false peers { permanent_uuid: "454cf0d0d33949778bb62ffb7d77dae1" member_type: VOTER last_known_addr { host: "127.5.255.65" port: 37457 } } peers { permanent_uuid: "4b299bc7d28e416082c5d54c2a99cbf2" member_type: VOTER last_known_addr { host: "127.5.255.66" port: 32857 } } peers { permanent_uuid: "1a03ddbb50aa4cc59439a780d66b1b70" member_type: VOTER last_known_addr { host: "127.5.255.67" port: 42011 } }
I20260601 13:25:41.793296 10483 catalog_manager.cc:5696] T eef743fe1a0c4674b93a4bab4e4dd685 P 454cf0d0d33949778bb62ffb7d77dae1 reported cstate change: term changed from 0 to 1, leader changed from <none> to 454cf0d0d33949778bb62ffb7d77dae1 (127.5.255.65). New cstate: current_term: 1 leader_uuid: "454cf0d0d33949778bb62ffb7d77dae1" committed_config { opid_index: -1 OBSOLETE_local: false peers { permanent_uuid: "454cf0d0d33949778bb62ffb7d77dae1" member_type: VOTER last_known_addr { host: "127.5.255.65" port: 37457 } health_report { overall_health: HEALTHY } } peers { permanent_uuid: "4b299bc7d28e416082c5d54c2a99cbf2" member_type: VOTER last_known_addr { host: "127.5.255.66" port: 32857 } health_report { overall_health: UNKNOWN } } peers { permanent_uuid: "1a03ddbb50aa4cc59439a780d66b1b70" member_type: VOTER last_known_addr { host: "127.5.255.67" port: 42011 } health_report { overall_health: UNKNOWN } } }
I20260601 13:25:41.838795 10789 raft_consensus.cc:493] T 3128323b97c84f55923a465d708f5f85 P 1a03ddbb50aa4cc59439a780d66b1b70 [term 0 FOLLOWER]: Starting pre-election (no leader contacted us within the election timeout)
I20260601 13:25:41.838984 10789 raft_consensus.cc:515] T 3128323b97c84f55923a465d708f5f85 P 1a03ddbb50aa4cc59439a780d66b1b70 [term 0 FOLLOWER]: Starting pre-election with config: opid_index: -1 OBSOLETE_local: false peers { permanent_uuid: "454cf0d0d33949778bb62ffb7d77dae1" member_type: VOTER last_known_addr { host: "127.5.255.65" port: 37457 } } peers { permanent_uuid: "4b299bc7d28e416082c5d54c2a99cbf2" member_type: VOTER last_known_addr { host: "127.5.255.66" port: 32857 } } peers { permanent_uuid: "1a03ddbb50aa4cc59439a780d66b1b70" member_type: VOTER last_known_addr { host: "127.5.255.67" port: 42011 } }
I20260601 13:25:41.839514 10789 leader_election.cc:290] T 3128323b97c84f55923a465d708f5f85 P 1a03ddbb50aa4cc59439a780d66b1b70 [CANDIDATE]: Term 1 pre-election: Requested pre-vote from peers 454cf0d0d33949778bb62ffb7d77dae1 (127.5.255.65:37457), 4b299bc7d28e416082c5d54c2a99cbf2 (127.5.255.66:32857)
I20260601 13:25:41.839959 10588 tablet_service.cc:1917] Received RequestConsensusVote() RPC: tablet_id: "3128323b97c84f55923a465d708f5f85" candidate_uuid: "1a03ddbb50aa4cc59439a780d66b1b70" candidate_term: 1 candidate_status { last_received { term: 0 index: 0 } } ignore_live_leader: false dest_uuid: "454cf0d0d33949778bb62ffb7d77dae1" is_pre_election: true
I20260601 13:25:41.839994 10664 tablet_service.cc:1917] Received RequestConsensusVote() RPC: tablet_id: "3128323b97c84f55923a465d708f5f85" candidate_uuid: "1a03ddbb50aa4cc59439a780d66b1b70" candidate_term: 1 candidate_status { last_received { term: 0 index: 0 } } ignore_live_leader: false dest_uuid: "4b299bc7d28e416082c5d54c2a99cbf2" is_pre_election: true
I20260601 13:25:41.840127 10588 raft_consensus.cc:2468] T 3128323b97c84f55923a465d708f5f85 P 454cf0d0d33949778bb62ffb7d77dae1 [term 0 FOLLOWER]: Leader pre-election vote request: Granting yes vote for candidate 1a03ddbb50aa4cc59439a780d66b1b70 in term 0.
I20260601 13:25:41.840169 10664 raft_consensus.cc:2468] T 3128323b97c84f55923a465d708f5f85 P 4b299bc7d28e416082c5d54c2a99cbf2 [term 0 FOLLOWER]: Leader pre-election vote request: Granting yes vote for candidate 1a03ddbb50aa4cc59439a780d66b1b70 in term 0.
I20260601 13:25:41.840425 10702 leader_election.cc:304] T 3128323b97c84f55923a465d708f5f85 P 1a03ddbb50aa4cc59439a780d66b1b70 [CANDIDATE]: Term 1 pre-election: Election decided. Result: candidate won. Election summary: received 2 responses out of 3 voters: 2 yes votes; 0 no votes. yes voters: 1a03ddbb50aa4cc59439a780d66b1b70, 454cf0d0d33949778bb62ffb7d77dae1; no voters: 
I20260601 13:25:41.840695 10789 raft_consensus.cc:2804] T 3128323b97c84f55923a465d708f5f85 P 1a03ddbb50aa4cc59439a780d66b1b70 [term 0 FOLLOWER]: Leader pre-election won for term 1
I20260601 13:25:41.840750 10789 raft_consensus.cc:493] T 3128323b97c84f55923a465d708f5f85 P 1a03ddbb50aa4cc59439a780d66b1b70 [term 0 FOLLOWER]: Starting leader election (no leader contacted us within the election timeout)
I20260601 13:25:41.840781 10789 raft_consensus.cc:3060] T 3128323b97c84f55923a465d708f5f85 P 1a03ddbb50aa4cc59439a780d66b1b70 [term 0 FOLLOWER]: Advancing to term 1
I20260601 13:25:41.841553 10789 raft_consensus.cc:515] T 3128323b97c84f55923a465d708f5f85 P 1a03ddbb50aa4cc59439a780d66b1b70 [term 1 FOLLOWER]: Starting leader election with config: opid_index: -1 OBSOLETE_local: false peers { permanent_uuid: "454cf0d0d33949778bb62ffb7d77dae1" member_type: VOTER last_known_addr { host: "127.5.255.65" port: 37457 } } peers { permanent_uuid: "4b299bc7d28e416082c5d54c2a99cbf2" member_type: VOTER last_known_addr { host: "127.5.255.66" port: 32857 } } peers { permanent_uuid: "1a03ddbb50aa4cc59439a780d66b1b70" member_type: VOTER last_known_addr { host: "127.5.255.67" port: 42011 } }
I20260601 13:25:41.841909 10789 leader_election.cc:290] T 3128323b97c84f55923a465d708f5f85 P 1a03ddbb50aa4cc59439a780d66b1b70 [CANDIDATE]: Term 1 election: Requested vote from peers 454cf0d0d33949778bb62ffb7d77dae1 (127.5.255.65:37457), 4b299bc7d28e416082c5d54c2a99cbf2 (127.5.255.66:32857)
I20260601 13:25:41.842227 10588 tablet_service.cc:1917] Received RequestConsensusVote() RPC: tablet_id: "3128323b97c84f55923a465d708f5f85" candidate_uuid: "1a03ddbb50aa4cc59439a780d66b1b70" candidate_term: 1 candidate_status { last_received { term: 0 index: 0 } } ignore_live_leader: false dest_uuid: "454cf0d0d33949778bb62ffb7d77dae1"
I20260601 13:25:41.842274 10664 tablet_service.cc:1917] Received RequestConsensusVote() RPC: tablet_id: "3128323b97c84f55923a465d708f5f85" candidate_uuid: "1a03ddbb50aa4cc59439a780d66b1b70" candidate_term: 1 candidate_status { last_received { term: 0 index: 0 } } ignore_live_leader: false dest_uuid: "4b299bc7d28e416082c5d54c2a99cbf2"
I20260601 13:25:41.842332 10588 raft_consensus.cc:3060] T 3128323b97c84f55923a465d708f5f85 P 454cf0d0d33949778bb62ffb7d77dae1 [term 0 FOLLOWER]: Advancing to term 1
I20260601 13:25:41.842406 10664 raft_consensus.cc:3060] T 3128323b97c84f55923a465d708f5f85 P 4b299bc7d28e416082c5d54c2a99cbf2 [term 0 FOLLOWER]: Advancing to term 1
I20260601 13:25:41.843073 10588 raft_consensus.cc:2468] T 3128323b97c84f55923a465d708f5f85 P 454cf0d0d33949778bb62ffb7d77dae1 [term 1 FOLLOWER]: Leader election vote request: Granting yes vote for candidate 1a03ddbb50aa4cc59439a780d66b1b70 in term 1.
I20260601 13:25:41.843209 10664 raft_consensus.cc:2468] T 3128323b97c84f55923a465d708f5f85 P 4b299bc7d28e416082c5d54c2a99cbf2 [term 1 FOLLOWER]: Leader election vote request: Granting yes vote for candidate 1a03ddbb50aa4cc59439a780d66b1b70 in term 1.
I20260601 13:25:41.843389 10702 leader_election.cc:304] T 3128323b97c84f55923a465d708f5f85 P 1a03ddbb50aa4cc59439a780d66b1b70 [CANDIDATE]: Term 1 election: Election decided. Result: candidate won. Election summary: received 2 responses out of 3 voters: 2 yes votes; 0 no votes. yes voters: 1a03ddbb50aa4cc59439a780d66b1b70, 454cf0d0d33949778bb62ffb7d77dae1; no voters: 
I20260601 13:25:41.843564 10789 raft_consensus.cc:2804] T 3128323b97c84f55923a465d708f5f85 P 1a03ddbb50aa4cc59439a780d66b1b70 [term 1 FOLLOWER]: Leader election won for term 1
I20260601 13:25:41.843688 10789 raft_consensus.cc:697] T 3128323b97c84f55923a465d708f5f85 P 1a03ddbb50aa4cc59439a780d66b1b70 [term 1 LEADER]: Becoming Leader. State: Replica: 1a03ddbb50aa4cc59439a780d66b1b70, State: Running, Role: LEADER
I20260601 13:25:41.843832 10789 consensus_queue.cc:237] T 3128323b97c84f55923a465d708f5f85 P 1a03ddbb50aa4cc59439a780d66b1b70 [LEADER]: Queue going to LEADER mode. State: All replicated index: 0, Majority replicated index: 0, Committed index: 0, Last appended: 0.0, Last appended by leader: 0, Current term: 1, Majority size: 2, State: 0, Mode: LEADER, active raft config: opid_index: -1 OBSOLETE_local: false peers { permanent_uuid: "454cf0d0d33949778bb62ffb7d77dae1" member_type: VOTER last_known_addr { host: "127.5.255.65" port: 37457 } } peers { permanent_uuid: "4b299bc7d28e416082c5d54c2a99cbf2" member_type: VOTER last_known_addr { host: "127.5.255.66" port: 32857 } } peers { permanent_uuid: "1a03ddbb50aa4cc59439a780d66b1b70" member_type: VOTER last_known_addr { host: "127.5.255.67" port: 42011 } }
I20260601 13:25:41.845464 10483 catalog_manager.cc:5696] T 3128323b97c84f55923a465d708f5f85 P 1a03ddbb50aa4cc59439a780d66b1b70 reported cstate change: term changed from 0 to 1, leader changed from <none> to 1a03ddbb50aa4cc59439a780d66b1b70 (127.5.255.67). New cstate: current_term: 1 leader_uuid: "1a03ddbb50aa4cc59439a780d66b1b70" committed_config { opid_index: -1 OBSOLETE_local: false peers { permanent_uuid: "454cf0d0d33949778bb62ffb7d77dae1" member_type: VOTER last_known_addr { host: "127.5.255.65" port: 37457 } health_report { overall_health: UNKNOWN } } peers { permanent_uuid: "4b299bc7d28e416082c5d54c2a99cbf2" member_type: VOTER last_known_addr { host: "127.5.255.66" port: 32857 } health_report { overall_health: UNKNOWN } } peers { permanent_uuid: "1a03ddbb50aa4cc59439a780d66b1b70" member_type: VOTER last_known_addr { host: "127.5.255.67" port: 42011 } health_report { overall_health: HEALTHY } } }
I20260601 13:25:41.893013 10739 raft_consensus.cc:1275] T e473ae3d4d894637b96953fc7be18e17 P 1a03ddbb50aa4cc59439a780d66b1b70 [term 1 FOLLOWER]: Refusing update from remote peer 4b299bc7d28e416082c5d54c2a99cbf2: Log matching property violated. Preceding OpId in replica: term: 0 index: 0. Preceding OpId from leader: term: 1 index: 2. (index mismatch)
I20260601 13:25:41.893061 10737 raft_consensus.cc:1275] T 0c35c99ae1a841fab0dba199736f5d28 P 1a03ddbb50aa4cc59439a780d66b1b70 [term 1 FOLLOWER]: Refusing update from remote peer 4b299bc7d28e416082c5d54c2a99cbf2: Log matching property violated. Preceding OpId in replica: term: 0 index: 0. Preceding OpId from leader: term: 1 index: 2. (index mismatch)
I20260601 13:25:41.893342 10588 raft_consensus.cc:1275] T 0c35c99ae1a841fab0dba199736f5d28 P 454cf0d0d33949778bb62ffb7d77dae1 [term 1 FOLLOWER]: Refusing update from remote peer 4b299bc7d28e416082c5d54c2a99cbf2: Log matching property violated. Preceding OpId in replica: term: 0 index: 0. Preceding OpId from leader: term: 1 index: 2. (index mismatch)
I20260601 13:25:41.893810 10799 consensus_queue.cc:1048] T 0c35c99ae1a841fab0dba199736f5d28 P 4b299bc7d28e416082c5d54c2a99cbf2 [LEADER]: Connected to new peer: Peer: permanent_uuid: "1a03ddbb50aa4cc59439a780d66b1b70" member_type: VOTER last_known_addr { host: "127.5.255.67" port: 42011 }, Status: LMP_MISMATCH, Last received: 0.0, Next index: 1, Last known committed idx: 0, Time since last communication: 0.000s
I20260601 13:25:41.893908 10737 raft_consensus.cc:1275] T 41fa43b60b974e3d9bb6c313a7442282 P 1a03ddbb50aa4cc59439a780d66b1b70 [term 1 FOLLOWER]: Refusing update from remote peer 4b299bc7d28e416082c5d54c2a99cbf2: Log matching property violated. Preceding OpId in replica: term: 0 index: 0. Preceding OpId from leader: term: 1 index: 2. (index mismatch)
I20260601 13:25:41.893915 10795 consensus_queue.cc:1048] T 0c35c99ae1a841fab0dba199736f5d28 P 4b299bc7d28e416082c5d54c2a99cbf2 [LEADER]: Connected to new peer: Peer: permanent_uuid: "454cf0d0d33949778bb62ffb7d77dae1" member_type: VOTER last_known_addr { host: "127.5.255.65" port: 37457 }, Status: LMP_MISMATCH, Last received: 0.0, Next index: 1, Last known committed idx: 0, Time since last communication: 0.000s
I20260601 13:25:41.894313 10795 consensus_queue.cc:1048] T e473ae3d4d894637b96953fc7be18e17 P 4b299bc7d28e416082c5d54c2a99cbf2 [LEADER]: Connected to new peer: Peer: permanent_uuid: "1a03ddbb50aa4cc59439a780d66b1b70" member_type: VOTER last_known_addr { host: "127.5.255.67" port: 42011 }, Status: LMP_MISMATCH, Last received: 0.0, Next index: 1, Last known committed idx: 0, Time since last communication: 0.000s
I20260601 13:25:41.896663 10587 raft_consensus.cc:1275] T 41fa43b60b974e3d9bb6c313a7442282 P 454cf0d0d33949778bb62ffb7d77dae1 [term 1 FOLLOWER]: Refusing update from remote peer 4b299bc7d28e416082c5d54c2a99cbf2: Log matching property violated. Preceding OpId in replica: term: 0 index: 0. Preceding OpId from leader: term: 1 index: 2. (index mismatch)
I20260601 13:25:41.896965 10586 raft_consensus.cc:1275] T 2afc12692024463d96ae5d0c9671bb82 P 454cf0d0d33949778bb62ffb7d77dae1 [term 1 FOLLOWER]: Refusing update from remote peer 4b299bc7d28e416082c5d54c2a99cbf2: Log matching property violated. Preceding OpId in replica: term: 0 index: 0. Preceding OpId from leader: term: 1 index: 2. (index mismatch)
I20260601 13:25:41.897699 10860 consensus_queue.cc:1048] T 41fa43b60b974e3d9bb6c313a7442282 P 4b299bc7d28e416082c5d54c2a99cbf2 [LEADER]: Connected to new peer: Peer: permanent_uuid: "1a03ddbb50aa4cc59439a780d66b1b70" member_type: VOTER last_known_addr { host: "127.5.255.67" port: 42011 }, Status: LMP_MISMATCH, Last received: 0.0, Next index: 1, Last known committed idx: 0, Time since last communication: 0.000s
I20260601 13:25:41.899093 10739 raft_consensus.cc:1275] T 2afc12692024463d96ae5d0c9671bb82 P 1a03ddbb50aa4cc59439a780d66b1b70 [term 1 FOLLOWER]: Refusing update from remote peer 4b299bc7d28e416082c5d54c2a99cbf2: Log matching property violated. Preceding OpId in replica: term: 0 index: 0. Preceding OpId from leader: term: 1 index: 2. (index mismatch)
I20260601 13:25:41.901203 10586 raft_consensus.cc:1275] T 929591b83e3e48e3ba8f597cf35de3b0 P 454cf0d0d33949778bb62ffb7d77dae1 [term 1 FOLLOWER]: Refusing update from remote peer 1a03ddbb50aa4cc59439a780d66b1b70: Log matching property violated. Preceding OpId in replica: term: 0 index: 0. Preceding OpId from leader: term: 1 index: 2. (index mismatch)
I20260601 13:25:41.901575 10800 consensus_queue.cc:1048] T 929591b83e3e48e3ba8f597cf35de3b0 P 1a03ddbb50aa4cc59439a780d66b1b70 [LEADER]: Connected to new peer: Peer: permanent_uuid: "454cf0d0d33949778bb62ffb7d77dae1" member_type: VOTER last_known_addr { host: "127.5.255.65" port: 37457 }, Status: LMP_MISMATCH, Last received: 0.0, Next index: 1, Last known committed idx: 0, Time since last communication: 0.000s
I20260601 13:25:41.901944 10664 raft_consensus.cc:1275] T 929591b83e3e48e3ba8f597cf35de3b0 P 4b299bc7d28e416082c5d54c2a99cbf2 [term 1 FOLLOWER]: Refusing update from remote peer 1a03ddbb50aa4cc59439a780d66b1b70: Log matching property violated. Preceding OpId in replica: term: 0 index: 0. Preceding OpId from leader: term: 1 index: 2. (index mismatch)
I20260601 13:25:41.902384 10789 consensus_queue.cc:1048] T 929591b83e3e48e3ba8f597cf35de3b0 P 1a03ddbb50aa4cc59439a780d66b1b70 [LEADER]: Connected to new peer: Peer: permanent_uuid: "4b299bc7d28e416082c5d54c2a99cbf2" member_type: VOTER last_known_addr { host: "127.5.255.66" port: 32857 }, Status: LMP_MISMATCH, Last received: 0.0, Next index: 1, Last known committed idx: 0, Time since last communication: 0.000s
I20260601 13:25:41.906510 10664 raft_consensus.cc:1275] T cc76a9ecf372455f96e5c6752b482439 P 4b299bc7d28e416082c5d54c2a99cbf2 [term 1 FOLLOWER]: Refusing update from remote peer 454cf0d0d33949778bb62ffb7d77dae1: Log matching property violated. Preceding OpId in replica: term: 0 index: 0. Preceding OpId from leader: term: 1 index: 2. (index mismatch)
I20260601 13:25:41.906867 10794 consensus_queue.cc:1048] T cc76a9ecf372455f96e5c6752b482439 P 454cf0d0d33949778bb62ffb7d77dae1 [LEADER]: Connected to new peer: Peer: permanent_uuid: "4b299bc7d28e416082c5d54c2a99cbf2" member_type: VOTER last_known_addr { host: "127.5.255.66" port: 32857 }, Status: LMP_MISMATCH, Last received: 0.0, Next index: 1, Last known committed idx: 0, Time since last communication: 0.000s
I20260601 13:25:41.907519 10799 consensus_queue.cc:1048] T 41fa43b60b974e3d9bb6c313a7442282 P 4b299bc7d28e416082c5d54c2a99cbf2 [LEADER]: Connected to new peer: Peer: permanent_uuid: "454cf0d0d33949778bb62ffb7d77dae1" member_type: VOTER last_known_addr { host: "127.5.255.65" port: 37457 }, Status: LMP_MISMATCH, Last received: 0.0, Next index: 1, Last known committed idx: 0, Time since last communication: 0.000s
I20260601 13:25:41.907797 10799 consensus_queue.cc:1048] T 2afc12692024463d96ae5d0c9671bb82 P 4b299bc7d28e416082c5d54c2a99cbf2 [LEADER]: Connected to new peer: Peer: permanent_uuid: "454cf0d0d33949778bb62ffb7d77dae1" member_type: VOTER last_known_addr { host: "127.5.255.65" port: 37457 }, Status: LMP_MISMATCH, Last received: 0.0, Next index: 1, Last known committed idx: 0, Time since last communication: 0.000s
I20260601 13:25:41.909475 10663 raft_consensus.cc:1275] T 1f31ba8e891445ec831145255f0a1928 P 4b299bc7d28e416082c5d54c2a99cbf2 [term 1 FOLLOWER]: Refusing update from remote peer 454cf0d0d33949778bb62ffb7d77dae1: Log matching property violated. Preceding OpId in replica: term: 0 index: 0. Preceding OpId from leader: term: 1 index: 2. (index mismatch)
I20260601 13:25:41.909821 10662 raft_consensus.cc:1275] T eef743fe1a0c4674b93a4bab4e4dd685 P 4b299bc7d28e416082c5d54c2a99cbf2 [term 1 FOLLOWER]: Refusing update from remote peer 454cf0d0d33949778bb62ffb7d77dae1: Log matching property violated. Preceding OpId in replica: term: 0 index: 0. Preceding OpId from leader: term: 1 index: 2. (index mismatch)
I20260601 13:25:41.910650 10798 consensus_queue.cc:1048] T 1f31ba8e891445ec831145255f0a1928 P 454cf0d0d33949778bb62ffb7d77dae1 [LEADER]: Connected to new peer: Peer: permanent_uuid: "4b299bc7d28e416082c5d54c2a99cbf2" member_type: VOTER last_known_addr { host: "127.5.255.66" port: 32857 }, Status: LMP_MISMATCH, Last received: 0.0, Next index: 1, Last known committed idx: 0, Time since last communication: 0.000s
I20260601 13:25:41.912266 10663 raft_consensus.cc:1275] T 03bb823f730c4b98a76755926d9b105b P 4b299bc7d28e416082c5d54c2a99cbf2 [term 1 FOLLOWER]: Refusing update from remote peer 1a03ddbb50aa4cc59439a780d66b1b70: Log matching property violated. Preceding OpId in replica: term: 0 index: 0. Preceding OpId from leader: term: 1 index: 2. (index mismatch)
I20260601 13:25:41.912693 10789 consensus_queue.cc:1048] T 03bb823f730c4b98a76755926d9b105b P 1a03ddbb50aa4cc59439a780d66b1b70 [LEADER]: Connected to new peer: Peer: permanent_uuid: "4b299bc7d28e416082c5d54c2a99cbf2" member_type: VOTER last_known_addr { host: "127.5.255.66" port: 32857 }, Status: LMP_MISMATCH, Last received: 0.0, Next index: 1, Last known committed idx: 0, Time since last communication: 0.000s
I20260601 13:25:41.913184 10798 consensus_queue.cc:1048] T eef743fe1a0c4674b93a4bab4e4dd685 P 454cf0d0d33949778bb62ffb7d77dae1 [LEADER]: Connected to new peer: Peer: permanent_uuid: "4b299bc7d28e416082c5d54c2a99cbf2" member_type: VOTER last_known_addr { host: "127.5.255.66" port: 32857 }, Status: LMP_MISMATCH, Last received: 0.0, Next index: 1, Last known committed idx: 0, Time since last communication: 0.000s
I20260601 13:25:41.915190 10738 raft_consensus.cc:1275] T cc76a9ecf372455f96e5c6752b482439 P 1a03ddbb50aa4cc59439a780d66b1b70 [term 1 FOLLOWER]: Refusing update from remote peer 454cf0d0d33949778bb62ffb7d77dae1: Log matching property violated. Preceding OpId in replica: term: 0 index: 0. Preceding OpId from leader: term: 1 index: 2. (index mismatch)
I20260601 13:25:41.915678 10795 consensus_queue.cc:1048] T 2afc12692024463d96ae5d0c9671bb82 P 4b299bc7d28e416082c5d54c2a99cbf2 [LEADER]: Connected to new peer: Peer: permanent_uuid: "1a03ddbb50aa4cc59439a780d66b1b70" member_type: VOTER last_known_addr { host: "127.5.255.67" port: 42011 }, Status: LMP_MISMATCH, Last received: 0.0, Next index: 1, Last known committed idx: 0, Time since last communication: 0.000s
I20260601 13:25:41.916857 10661 raft_consensus.cc:1275] T 8ff2bbe317a04a738c4d76eddb3573cb P 4b299bc7d28e416082c5d54c2a99cbf2 [term 1 FOLLOWER]: Refusing update from remote peer 1a03ddbb50aa4cc59439a780d66b1b70: Log matching property violated. Preceding OpId in replica: term: 0 index: 0. Preceding OpId from leader: term: 1 index: 2. (index mismatch)
I20260601 13:25:41.916872 10587 raft_consensus.cc:1275] T 03bb823f730c4b98a76755926d9b105b P 454cf0d0d33949778bb62ffb7d77dae1 [term 1 FOLLOWER]: Refusing update from remote peer 1a03ddbb50aa4cc59439a780d66b1b70: Log matching property violated. Preceding OpId in replica: term: 0 index: 0. Preceding OpId from leader: term: 1 index: 2. (index mismatch)
I20260601 13:25:41.917958 10789 consensus_queue.cc:1048] T 8ff2bbe317a04a738c4d76eddb3573cb P 1a03ddbb50aa4cc59439a780d66b1b70 [LEADER]: Connected to new peer: Peer: permanent_uuid: "4b299bc7d28e416082c5d54c2a99cbf2" member_type: VOTER last_known_addr { host: "127.5.255.66" port: 32857 }, Status: LMP_MISMATCH, Last received: 0.0, Next index: 1, Last known committed idx: 0, Time since last communication: 0.000s
I20260601 13:25:41.919446 10789 consensus_queue.cc:1048] T 03bb823f730c4b98a76755926d9b105b P 1a03ddbb50aa4cc59439a780d66b1b70 [LEADER]: Connected to new peer: Peer: permanent_uuid: "454cf0d0d33949778bb62ffb7d77dae1" member_type: VOTER last_known_addr { host: "127.5.255.65" port: 37457 }, Status: LMP_MISMATCH, Last received: 0.0, Next index: 1, Last known committed idx: 0, Time since last communication: 0.000s
I20260601 13:25:41.921125 10873 mvcc.cc:204] Tried to move back new op lower bound from 7292192120444096512 to 7292192119634653184. Current Snapshot: MvccSnapshot[applied={T|T < 7292192120444096512}]
I20260601 13:25:41.921721 10738 raft_consensus.cc:1275] T 1f31ba8e891445ec831145255f0a1928 P 1a03ddbb50aa4cc59439a780d66b1b70 [term 1 FOLLOWER]: Refusing update from remote peer 454cf0d0d33949778bb62ffb7d77dae1: Log matching property violated. Preceding OpId in replica: term: 0 index: 0. Preceding OpId from leader: term: 1 index: 2. (index mismatch)
I20260601 13:25:41.921809 10584 raft_consensus.cc:1275] T 8ff2bbe317a04a738c4d76eddb3573cb P 454cf0d0d33949778bb62ffb7d77dae1 [term 1 FOLLOWER]: Refusing update from remote peer 1a03ddbb50aa4cc59439a780d66b1b70: Log matching property violated. Preceding OpId in replica: term: 0 index: 0. Preceding OpId from leader: term: 1 index: 2. (index mismatch)
I20260601 13:25:41.922022 10736 raft_consensus.cc:1275] T eef743fe1a0c4674b93a4bab4e4dd685 P 1a03ddbb50aa4cc59439a780d66b1b70 [term 1 FOLLOWER]: Refusing update from remote peer 454cf0d0d33949778bb62ffb7d77dae1: Log matching property violated. Preceding OpId in replica: term: 0 index: 0. Preceding OpId from leader: term: 1 index: 2. (index mismatch)
I20260601 13:25:41.922271 10789 consensus_queue.cc:1048] T 8ff2bbe317a04a738c4d76eddb3573cb P 1a03ddbb50aa4cc59439a780d66b1b70 [LEADER]: Connected to new peer: Peer: permanent_uuid: "454cf0d0d33949778bb62ffb7d77dae1" member_type: VOTER last_known_addr { host: "127.5.255.65" port: 37457 }, Status: LMP_MISMATCH, Last received: 0.0, Next index: 1, Last known committed idx: 0, Time since last communication: 0.000s
I20260601 13:25:41.923511 10803 consensus_queue.cc:1048] T cc76a9ecf372455f96e5c6752b482439 P 454cf0d0d33949778bb62ffb7d77dae1 [LEADER]: Connected to new peer: Peer: permanent_uuid: "1a03ddbb50aa4cc59439a780d66b1b70" member_type: VOTER last_known_addr { host: "127.5.255.67" port: 42011 }, Status: LMP_MISMATCH, Last received: 0.0, Next index: 1, Last known committed idx: 0, Time since last communication: 0.000s
I20260601 13:25:41.923837 10803 consensus_queue.cc:1048] T 1f31ba8e891445ec831145255f0a1928 P 454cf0d0d33949778bb62ffb7d77dae1 [LEADER]: Connected to new peer: Peer: permanent_uuid: "1a03ddbb50aa4cc59439a780d66b1b70" member_type: VOTER last_known_addr { host: "127.5.255.67" port: 42011 }, Status: LMP_MISMATCH, Last received: 0.0, Next index: 1, Last known committed idx: 0, Time since last communication: 0.000s
I20260601 13:25:41.923857 10794 consensus_queue.cc:1048] T eef743fe1a0c4674b93a4bab4e4dd685 P 454cf0d0d33949778bb62ffb7d77dae1 [LEADER]: Connected to new peer: Peer: permanent_uuid: "1a03ddbb50aa4cc59439a780d66b1b70" member_type: VOTER last_known_addr { host: "127.5.255.67" port: 42011 }, Status: LMP_MISMATCH, Last received: 0.0, Next index: 1, Last known committed idx: 0, Time since last communication: 0.000s
I20260601 13:25:41.928524 10664 raft_consensus.cc:1275] T 3128323b97c84f55923a465d708f5f85 P 4b299bc7d28e416082c5d54c2a99cbf2 [term 1 FOLLOWER]: Refusing update from remote peer 1a03ddbb50aa4cc59439a780d66b1b70: Log matching property violated. Preceding OpId in replica: term: 0 index: 0. Preceding OpId from leader: term: 1 index: 2. (index mismatch)
I20260601 13:25:41.929468 10582 raft_consensus.cc:1275] T 3128323b97c84f55923a465d708f5f85 P 454cf0d0d33949778bb62ffb7d77dae1 [term 1 FOLLOWER]: Refusing update from remote peer 1a03ddbb50aa4cc59439a780d66b1b70: Log matching property violated. Preceding OpId in replica: term: 0 index: 0. Preceding OpId from leader: term: 1 index: 2. (index mismatch)
I20260601 13:25:41.930104 10800 consensus_queue.cc:1048] T 3128323b97c84f55923a465d708f5f85 P 1a03ddbb50aa4cc59439a780d66b1b70 [LEADER]: Connected to new peer: Peer: permanent_uuid: "4b299bc7d28e416082c5d54c2a99cbf2" member_type: VOTER last_known_addr { host: "127.5.255.66" port: 32857 }, Status: LMP_MISMATCH, Last received: 0.0, Next index: 1, Last known committed idx: 0, Time since last communication: 0.000s
I20260601 13:25:41.932248 10800 consensus_queue.cc:1048] T 3128323b97c84f55923a465d708f5f85 P 1a03ddbb50aa4cc59439a780d66b1b70 [LEADER]: Connected to new peer: Peer: permanent_uuid: "454cf0d0d33949778bb62ffb7d77dae1" member_type: VOTER last_known_addr { host: "127.5.255.65" port: 37457 }, Status: LMP_MISMATCH, Last received: 0.0, Next index: 1, Last known committed idx: 0, Time since last communication: 0.000s
I20260601 13:25:41.935204 10660 raft_consensus.cc:1275] T 5cd576c1492245f1bc0832119c0a34a0 P 4b299bc7d28e416082c5d54c2a99cbf2 [term 1 FOLLOWER]: Refusing update from remote peer 1a03ddbb50aa4cc59439a780d66b1b70: Log matching property violated. Preceding OpId in replica: term: 0 index: 0. Preceding OpId from leader: term: 1 index: 2. (index mismatch)
I20260601 13:25:41.935814 10584 raft_consensus.cc:1275] T 5cd576c1492245f1bc0832119c0a34a0 P 454cf0d0d33949778bb62ffb7d77dae1 [term 1 FOLLOWER]: Refusing update from remote peer 1a03ddbb50aa4cc59439a780d66b1b70: Log matching property violated. Preceding OpId in replica: term: 0 index: 0. Preceding OpId from leader: term: 1 index: 2. (index mismatch)
I20260601 13:25:41.938330 10874 mvcc.cc:204] Tried to move back new op lower bound from 7292192120470032384 to 7292192119702839296. Current Snapshot: MvccSnapshot[applied={T|T < 7292192120470032384}]
I20260601 13:25:41.942919 10905 consensus_queue.cc:1048] T 5cd576c1492245f1bc0832119c0a34a0 P 1a03ddbb50aa4cc59439a780d66b1b70 [LEADER]: Connected to new peer: Peer: permanent_uuid: "454cf0d0d33949778bb62ffb7d77dae1" member_type: VOTER last_known_addr { host: "127.5.255.65" port: 37457 }, Status: LMP_MISMATCH, Last received: 0.0, Next index: 1, Last known committed idx: 0, Time since last communication: 0.000s
I20260601 13:25:41.943449 10905 consensus_queue.cc:1048] T 5cd576c1492245f1bc0832119c0a34a0 P 1a03ddbb50aa4cc59439a780d66b1b70 [LEADER]: Connected to new peer: Peer: permanent_uuid: "4b299bc7d28e416082c5d54c2a99cbf2" member_type: VOTER last_known_addr { host: "127.5.255.66" port: 32857 }, Status: LMP_MISMATCH, Last received: 0.0, Next index: 1, Last known committed idx: 0, Time since last communication: 0.000s
I20260601 13:25:41.946002 10581 raft_consensus.cc:1275] T e473ae3d4d894637b96953fc7be18e17 P 454cf0d0d33949778bb62ffb7d77dae1 [term 1 FOLLOWER]: Refusing update from remote peer 4b299bc7d28e416082c5d54c2a99cbf2: Log matching property violated. Preceding OpId in replica: term: 0 index: 0. Preceding OpId from leader: term: 1 index: 2. (index mismatch)
I20260601 13:25:41.946358 10795 consensus_queue.cc:1048] T e473ae3d4d894637b96953fc7be18e17 P 4b299bc7d28e416082c5d54c2a99cbf2 [LEADER]: Connected to new peer: Peer: permanent_uuid: "454cf0d0d33949778bb62ffb7d77dae1" member_type: VOTER last_known_addr { host: "127.5.255.65" port: 37457 }, Status: LMP_MISMATCH, Last received: 0.0, Next index: 1, Last known committed idx: 0, Time since last communication: 0.000s
I20260601 13:25:41.963740 10863 mvcc.cc:204] Tried to move back new op lower bound from 7292192120522809344 to 7292192119316525056. Current Snapshot: MvccSnapshot[applied={T|T < 7292192120522809344 or (T in {7292192120522809344})}]
I20260601 13:25:41.992898 10864 mvcc.cc:204] Tried to move back new op lower bound from 7292192120390365184 to 7292192119598264320. Current Snapshot: MvccSnapshot[applied={T|T < 7292192120390365184}]
I20260601 13:25:42.420614  6141 file_cache.cc:492] Constructed file cache file cache with capacity 419430
W20260601 13:25:42.422533 10930 instance_detector.cc:116] could not retrieve AWS instance metadata: Network error: curl error: HTTP response code said error: The requested URL returned error: 404
W20260601 13:25:42.427454 10933 instance_detector.cc:116] could not retrieve OpenStack instance metadata: Network error: curl error: HTTP response code said error: The requested URL returned error: 404
W20260601 13:25:42.427691 10931 instance_detector.cc:116] could not retrieve Azure instance metadata: Network error: curl error: HTTP response code said error: The requested URL returned error: 404
I20260601 13:25:42.428321  6141 server_base.cc:1061] running on GCE node
I20260601 13:25:42.428514  6141 hybrid_clock.cc:584] initializing the hybrid clock with 'system_unsync' time source
W20260601 13:25:42.428562  6141 system_unsync_time.cc:38] NTP support is disabled. Clock error bounds will not be accurate. This configuration is not suitable for distributed clusters.
I20260601 13:25:42.428586  6141 hybrid_clock.cc:648] HybridClock initialized: now 1780320342428584 us; error 0 us; skew 500 ppm
I20260601 13:25:42.429589  6141 webserver.cc:533] Webserver started at http://127.5.255.68:45393/ using document root <none> and password file <none>
I20260601 13:25:42.429736  6141 fs_manager.cc:362] Metadata directory not provided
I20260601 13:25:42.429819  6141 fs_manager.cc:368] Using write-ahead log directory (fs_wal_dir) as metadata directory
I20260601 13:25:42.429893  6141 server_base.cc:909] This appears to be a new deployment of Kudu; creating new FS layout
I20260601 13:25:42.430336  6141 fs_manager.cc:1068] Generated new instance metadata in path /tmp/dist-test-taskE_UfmC/test-tmp/auto_rebalancer-test.0.AutoRebalancerTest.TestMaxMovesPerServer.1780320235338806-6141-0/minicluster-data/ts-3-root/instance:
uuid: "c9dae949786948e4a6a3853829ca0886"
format_stamp: "Formatted at 2026-06-01 13:25:42 on dist-test-slave-mfrq"
I20260601 13:25:42.431667  6141 fs_manager.cc:696] Time spent creating directory manager: real 0.001s	user 0.000s	sys 0.002s
I20260601 13:25:42.432426 10938 log_block_manager.cc:4031] Time spent loading block containers with low live blocks: real 0.000s	user 0.000s	sys 0.000s
I20260601 13:25:42.432668  6141 fs_manager.cc:730] Time spent opening block manager: real 0.001s	user 0.000s	sys 0.001s
I20260601 13:25:42.432735  6141 fs_manager.cc:647] Opened local filesystem: /tmp/dist-test-taskE_UfmC/test-tmp/auto_rebalancer-test.0.AutoRebalancerTest.TestMaxMovesPerServer.1780320235338806-6141-0/minicluster-data/ts-3-root
uuid: "c9dae949786948e4a6a3853829ca0886"
format_stamp: "Formatted at 2026-06-01 13:25:42 on dist-test-slave-mfrq"
I20260601 13:25:42.432785  6141 fs_report.cc:389] FS layout report
--------------------
wal directory: /tmp/dist-test-taskE_UfmC/test-tmp/auto_rebalancer-test.0.AutoRebalancerTest.TestMaxMovesPerServer.1780320235338806-6141-0/minicluster-data/ts-3-root
metadata directory: /tmp/dist-test-taskE_UfmC/test-tmp/auto_rebalancer-test.0.AutoRebalancerTest.TestMaxMovesPerServer.1780320235338806-6141-0/minicluster-data/ts-3-root
1 data directories: /tmp/dist-test-taskE_UfmC/test-tmp/auto_rebalancer-test.0.AutoRebalancerTest.TestMaxMovesPerServer.1780320235338806-6141-0/minicluster-data/ts-3-root/data
Total live blocks: 0
Total live bytes: 0
Total live bytes (after alignment): 0
Total number of LBM containers: 0 (0 full)
Did not check for missing blocks
Did not check for orphaned blocks
Total full LBM containers with extra space: 0 (0 repaired)
Total full LBM container extra space in bytes: 0 (0 repaired)
Total incomplete LBM containers: 0 (0 repaired)
Total LBM partial records: 0 (0 repaired)
Total corrupted LBM metadata records in RocksDB: 0 (0 repaired)
I20260601 13:25:42.443167  6141 rpc_server.cc:225] running with OpenSSL 1.1.1  11 Sep 2018
I20260601 13:25:42.443449  6141 kserver.cc:163] Server-wide thread pool size limit: 3276
I20260601 13:25:42.443732  6141 txn_system_client.cc:432] TxnSystemClient initialization is disabled...
I20260601 13:25:42.444195  6141 ts_tablet_manager.cc:585] Loaded tablet metadata (0 total tablets, 0 live tablets)
I20260601 13:25:42.444257  6141 ts_tablet_manager.cc:531] Time spent load tablet metadata: real 0.000s	user 0.000s	sys 0.000s
I20260601 13:25:42.444312  6141 ts_tablet_manager.cc:616] Registered 0 tablets
I20260601 13:25:42.444365  6141 ts_tablet_manager.cc:595] Time spent register tablets: real 0.000s	user 0.000s	sys 0.000s
I20260601 13:25:42.449043  6141 rpc_server.cc:307] RPC server started. Bound to: 127.5.255.68:44921
I20260601 13:25:42.449146 11001 acceptor_pool.cc:272] collecting diagnostics on the listening RPC socket 127.5.255.68:44921 every 8 connection(s)
I20260601 13:25:42.450088  6141 file_cache.cc:492] Constructed file cache file cache with capacity 419430
W20260601 13:25:42.452006 11006 instance_detector.cc:116] could not retrieve AWS instance metadata: Network error: curl error: HTTP response code said error: The requested URL returned error: 404
W20260601 13:25:42.452082 11007 instance_detector.cc:116] could not retrieve Azure instance metadata: Network error: curl error: HTTP response code said error: The requested URL returned error: 404
W20260601 13:25:42.452508 11009 instance_detector.cc:116] could not retrieve OpenStack instance metadata: Network error: curl error: HTTP response code said error: The requested URL returned error: 404
I20260601 13:25:42.453085  6141 server_base.cc:1061] running on GCE node
I20260601 13:25:42.453280  6141 hybrid_clock.cc:584] initializing the hybrid clock with 'system_unsync' time source
W20260601 13:25:42.453327  6141 system_unsync_time.cc:38] NTP support is disabled. Clock error bounds will not be accurate. This configuration is not suitable for distributed clusters.
I20260601 13:25:42.453348  6141 hybrid_clock.cc:648] HybridClock initialized: now 1780320342453348 us; error 0 us; skew 500 ppm
I20260601 13:25:42.454362 11002 heartbeater.cc:344] Connected to a master server at 127.5.255.126:33619
I20260601 13:25:42.454447  6141 webserver.cc:533] Webserver started at http://127.5.255.69:46667/ using document root <none> and password file <none>
I20260601 13:25:42.454464 11002 heartbeater.cc:461] Registering TS with master...
I20260601 13:25:42.454604  6141 fs_manager.cc:362] Metadata directory not provided
I20260601 13:25:42.454675  6141 fs_manager.cc:368] Using write-ahead log directory (fs_wal_dir) as metadata directory
I20260601 13:25:42.454747  6141 server_base.cc:909] This appears to be a new deployment of Kudu; creating new FS layout
I20260601 13:25:42.454771 11002 heartbeater.cc:507] Master 127.5.255.126:33619 requested a full tablet report, sending...
I20260601 13:25:42.455197  6141 fs_manager.cc:1068] Generated new instance metadata in path /tmp/dist-test-taskE_UfmC/test-tmp/auto_rebalancer-test.0.AutoRebalancerTest.TestMaxMovesPerServer.1780320235338806-6141-0/minicluster-data/ts-4-root/instance:
uuid: "cf0eb9cb98b5405c8ca6306590d22570"
format_stamp: "Formatted at 2026-06-01 13:25:42 on dist-test-slave-mfrq"
I20260601 13:25:42.455379 10482 ts_manager.cc:194] Registered new tserver with Master: c9dae949786948e4a6a3853829ca0886 (127.5.255.68:44921)
I20260601 13:25:42.456094 10482 master_service.cc:502] Signed X509 certificate for tserver {username='slave'} at 127.0.0.1:44444
I20260601 13:25:42.456918  6141 fs_manager.cc:696] Time spent creating directory manager: real 0.001s	user 0.001s	sys 0.002s
I20260601 13:25:42.457744 11014 log_block_manager.cc:4031] Time spent loading block containers with low live blocks: real 0.000s	user 0.000s	sys 0.000s
I20260601 13:25:42.457993  6141 fs_manager.cc:730] Time spent opening block manager: real 0.001s	user 0.001s	sys 0.000s
I20260601 13:25:42.458050  6141 fs_manager.cc:647] Opened local filesystem: /tmp/dist-test-taskE_UfmC/test-tmp/auto_rebalancer-test.0.AutoRebalancerTest.TestMaxMovesPerServer.1780320235338806-6141-0/minicluster-data/ts-4-root
uuid: "cf0eb9cb98b5405c8ca6306590d22570"
format_stamp: "Formatted at 2026-06-01 13:25:42 on dist-test-slave-mfrq"
I20260601 13:25:42.458129  6141 fs_report.cc:389] FS layout report
--------------------
wal directory: /tmp/dist-test-taskE_UfmC/test-tmp/auto_rebalancer-test.0.AutoRebalancerTest.TestMaxMovesPerServer.1780320235338806-6141-0/minicluster-data/ts-4-root
metadata directory: /tmp/dist-test-taskE_UfmC/test-tmp/auto_rebalancer-test.0.AutoRebalancerTest.TestMaxMovesPerServer.1780320235338806-6141-0/minicluster-data/ts-4-root
1 data directories: /tmp/dist-test-taskE_UfmC/test-tmp/auto_rebalancer-test.0.AutoRebalancerTest.TestMaxMovesPerServer.1780320235338806-6141-0/minicluster-data/ts-4-root/data
Total live blocks: 0
Total live bytes: 0
Total live bytes (after alignment): 0
Total number of LBM containers: 0 (0 full)
Did not check for missing blocks
Did not check for orphaned blocks
Total full LBM containers with extra space: 0 (0 repaired)
Total full LBM container extra space in bytes: 0 (0 repaired)
Total incomplete LBM containers: 0 (0 repaired)
Total LBM partial records: 0 (0 repaired)
Total corrupted LBM metadata records in RocksDB: 0 (0 repaired)
I20260601 13:25:42.466102  6141 rpc_server.cc:225] running with OpenSSL 1.1.1  11 Sep 2018
I20260601 13:25:42.466476  6141 kserver.cc:163] Server-wide thread pool size limit: 3276
I20260601 13:25:42.466758  6141 txn_system_client.cc:432] TxnSystemClient initialization is disabled...
I20260601 13:25:42.467185  6141 ts_tablet_manager.cc:585] Loaded tablet metadata (0 total tablets, 0 live tablets)
I20260601 13:25:42.467222  6141 ts_tablet_manager.cc:531] Time spent load tablet metadata: real 0.000s	user 0.000s	sys 0.000s
I20260601 13:25:42.467280  6141 ts_tablet_manager.cc:616] Registered 0 tablets
I20260601 13:25:42.467319  6141 ts_tablet_manager.cc:595] Time spent register tablets: real 0.000s	user 0.000s	sys 0.000s
I20260601 13:25:42.472054  6141 rpc_server.cc:307] RPC server started. Bound to: 127.5.255.69:44083
I20260601 13:25:42.472180 11077 acceptor_pool.cc:272] collecting diagnostics on the listening RPC socket 127.5.255.69:44083 every 8 connection(s)
I20260601 13:25:42.472934  6141 file_cache.cc:492] Constructed file cache file cache with capacity 419430
W20260601 13:25:42.474885 11082 instance_detector.cc:116] could not retrieve Azure instance metadata: Network error: curl error: HTTP response code said error: The requested URL returned error: 404
W20260601 13:25:42.474946 11081 instance_detector.cc:116] could not retrieve AWS instance metadata: Network error: curl error: HTTP response code said error: The requested URL returned error: 404
W20260601 13:25:42.475138 11084 instance_detector.cc:116] could not retrieve OpenStack instance metadata: Network error: curl error: HTTP response code said error: The requested URL returned error: 404
I20260601 13:25:42.475165  6141 server_base.cc:1061] running on GCE node
I20260601 13:25:42.475374  6141 hybrid_clock.cc:584] initializing the hybrid clock with 'system_unsync' time source
W20260601 13:25:42.475433  6141 system_unsync_time.cc:38] NTP support is disabled. Clock error bounds will not be accurate. This configuration is not suitable for distributed clusters.
I20260601 13:25:42.475466  6141 hybrid_clock.cc:648] HybridClock initialized: now 1780320342475464 us; error 0 us; skew 500 ppm
I20260601 13:25:42.476492  6141 webserver.cc:533] Webserver started at http://127.5.255.70:42259/ using document root <none> and password file <none>
I20260601 13:25:42.476648  6141 fs_manager.cc:362] Metadata directory not provided
I20260601 13:25:42.476708  6141 fs_manager.cc:368] Using write-ahead log directory (fs_wal_dir) as metadata directory
I20260601 13:25:42.476797  6141 server_base.cc:909] This appears to be a new deployment of Kudu; creating new FS layout
I20260601 13:25:42.476892 11078 heartbeater.cc:344] Connected to a master server at 127.5.255.126:33619
I20260601 13:25:42.477002 11078 heartbeater.cc:461] Registering TS with master...
I20260601 13:25:42.477202  6141 fs_manager.cc:1068] Generated new instance metadata in path /tmp/dist-test-taskE_UfmC/test-tmp/auto_rebalancer-test.0.AutoRebalancerTest.TestMaxMovesPerServer.1780320235338806-6141-0/minicluster-data/ts-5-root/instance:
uuid: "8b1b36acea5a40c1913fea4c2074bb72"
format_stamp: "Formatted at 2026-06-01 13:25:42 on dist-test-slave-mfrq"
I20260601 13:25:42.477226 11078 heartbeater.cc:507] Master 127.5.255.126:33619 requested a full tablet report, sending...
I20260601 13:25:42.477929 10482 ts_manager.cc:194] Registered new tserver with Master: cf0eb9cb98b5405c8ca6306590d22570 (127.5.255.69:44083)
I20260601 13:25:42.478386 10482 master_service.cc:502] Signed X509 certificate for tserver {username='slave'} at 127.0.0.1:44446
I20260601 13:25:42.478868  6141 fs_manager.cc:696] Time spent creating directory manager: real 0.001s	user 0.002s	sys 0.000s
I20260601 13:25:42.479771 11089 log_block_manager.cc:4031] Time spent loading block containers with low live blocks: real 0.000s	user 0.000s	sys 0.000s
I20260601 13:25:42.480010  6141 fs_manager.cc:730] Time spent opening block manager: real 0.001s	user 0.001s	sys 0.000s
I20260601 13:25:42.480091  6141 fs_manager.cc:647] Opened local filesystem: /tmp/dist-test-taskE_UfmC/test-tmp/auto_rebalancer-test.0.AutoRebalancerTest.TestMaxMovesPerServer.1780320235338806-6141-0/minicluster-data/ts-5-root
uuid: "8b1b36acea5a40c1913fea4c2074bb72"
format_stamp: "Formatted at 2026-06-01 13:25:42 on dist-test-slave-mfrq"
I20260601 13:25:42.480156  6141 fs_report.cc:389] FS layout report
--------------------
wal directory: /tmp/dist-test-taskE_UfmC/test-tmp/auto_rebalancer-test.0.AutoRebalancerTest.TestMaxMovesPerServer.1780320235338806-6141-0/minicluster-data/ts-5-root
metadata directory: /tmp/dist-test-taskE_UfmC/test-tmp/auto_rebalancer-test.0.AutoRebalancerTest.TestMaxMovesPerServer.1780320235338806-6141-0/minicluster-data/ts-5-root
1 data directories: /tmp/dist-test-taskE_UfmC/test-tmp/auto_rebalancer-test.0.AutoRebalancerTest.TestMaxMovesPerServer.1780320235338806-6141-0/minicluster-data/ts-5-root/data
Total live blocks: 0
Total live bytes: 0
Total live bytes (after alignment): 0
Total number of LBM containers: 0 (0 full)
Did not check for missing blocks
Did not check for orphaned blocks
Total full LBM containers with extra space: 0 (0 repaired)
Total full LBM container extra space in bytes: 0 (0 repaired)
Total incomplete LBM containers: 0 (0 repaired)
Total LBM partial records: 0 (0 repaired)
Total corrupted LBM metadata records in RocksDB: 0 (0 repaired)
I20260601 13:25:42.499269  6141 rpc_server.cc:225] running with OpenSSL 1.1.1  11 Sep 2018
I20260601 13:25:42.499713  6141 kserver.cc:163] Server-wide thread pool size limit: 3276
I20260601 13:25:42.500036  6141 txn_system_client.cc:432] TxnSystemClient initialization is disabled...
I20260601 13:25:42.500489  6141 ts_tablet_manager.cc:585] Loaded tablet metadata (0 total tablets, 0 live tablets)
I20260601 13:25:42.500574  6141 ts_tablet_manager.cc:531] Time spent load tablet metadata: real 0.000s	user 0.000s	sys 0.000s
I20260601 13:25:42.500649  6141 ts_tablet_manager.cc:616] Registered 0 tablets
I20260601 13:25:42.500699  6141 ts_tablet_manager.cc:595] Time spent register tablets: real 0.000s	user 0.000s	sys 0.000s
I20260601 13:25:42.505471  6141 rpc_server.cc:307] RPC server started. Bound to: 127.5.255.70:38129
I20260601 13:25:42.505645 11152 acceptor_pool.cc:272] collecting diagnostics on the listening RPC socket 127.5.255.70:38129 every 8 connection(s)
I20260601 13:25:42.510114 11153 heartbeater.cc:344] Connected to a master server at 127.5.255.126:33619
I20260601 13:25:42.510219 11153 heartbeater.cc:461] Registering TS with master...
I20260601 13:25:42.510437 11153 heartbeater.cc:507] Master 127.5.255.126:33619 requested a full tablet report, sending...
I20260601 13:25:42.511018 10482 ts_manager.cc:194] Registered new tserver with Master: 8b1b36acea5a40c1913fea4c2074bb72 (127.5.255.70:38129)
I20260601 13:25:42.511487 10482 master_service.cc:502] Signed X509 certificate for tserver {username='slave'} at 127.0.0.1:44450
I20260601 13:25:43.436949 10662 consensus_queue.cc:237] T 0c35c99ae1a841fab0dba199736f5d28 P 4b299bc7d28e416082c5d54c2a99cbf2 [LEADER]: Queue going to LEADER mode. State: All replicated index: 0, Majority replicated index: 26, Committed index: 26, Last appended: 1.26, Last appended by leader: 0, Current term: 1, Majority size: 2, State: 0, Mode: LEADER, active raft config: opid_index: 27 OBSOLETE_local: false peers { permanent_uuid: "454cf0d0d33949778bb62ffb7d77dae1" member_type: VOTER last_known_addr { host: "127.5.255.65" port: 37457 } attrs { replace: true } } peers { permanent_uuid: "4b299bc7d28e416082c5d54c2a99cbf2" member_type: VOTER last_known_addr { host: "127.5.255.66" port: 32857 } } peers { permanent_uuid: "1a03ddbb50aa4cc59439a780d66b1b70" member_type: VOTER last_known_addr { host: "127.5.255.67" port: 42011 } } peers { permanent_uuid: "cf0eb9cb98b5405c8ca6306590d22570" member_type: NON_VOTER last_known_addr { host: "127.5.255.69" port: 44083 } attrs { promote: true } }
I20260601 13:25:43.438676 10588 raft_consensus.cc:1275] T 0c35c99ae1a841fab0dba199736f5d28 P 454cf0d0d33949778bb62ffb7d77dae1 [term 1 FOLLOWER]: Refusing update from remote peer 4b299bc7d28e416082c5d54c2a99cbf2: Log matching property violated. Preceding OpId in replica: term: 1 index: 26. Preceding OpId from leader: term: 1 index: 27. (index mismatch)
I20260601 13:25:43.438764 10736 raft_consensus.cc:1275] T 0c35c99ae1a841fab0dba199736f5d28 P 1a03ddbb50aa4cc59439a780d66b1b70 [term 1 FOLLOWER]: Refusing update from remote peer 4b299bc7d28e416082c5d54c2a99cbf2: Log matching property violated. Preceding OpId in replica: term: 1 index: 26. Preceding OpId from leader: term: 1 index: 27. (index mismatch)
I20260601 13:25:43.439043 10860 consensus_queue.cc:1048] T 0c35c99ae1a841fab0dba199736f5d28 P 4b299bc7d28e416082c5d54c2a99cbf2 [LEADER]: Connected to new peer: Peer: permanent_uuid: "1a03ddbb50aa4cc59439a780d66b1b70" member_type: VOTER last_known_addr { host: "127.5.255.67" port: 42011 }, Status: LMP_MISMATCH, Last received: 0.0, Next index: 27, Last known committed idx: 26, Time since last communication: 0.000s
