I20260601 13:25:14.859701  4364 fs_manager.cc:362] Metadata directory not provided
I20260601 13:25:14.859748  4364 fs_manager.cc:368] Using write-ahead log directory (fs_wal_dir) as metadata directory
I20260601 13:25:14.859817  4364 server_base.cc:909] This appears to be a new deployment of Kudu; creating new FS layout
I20260601 13:25:14.860221  4364 fs_manager.cc:1068] Generated new instance metadata in path /tmp/dist-test-taskJeodh_/test-tmp/auto_rebalancer-test.0.AutoRebalancerTest.NoReplicaMovesIfCannotFixPlacementPolicy.1780320223763732-4364-0/minicluster-data/ts-0-root/instance:
uuid: "369c8a2b27024b179e523be14039b106"
format_stamp: "Formatted at 2026-06-01 13:25:14 on dist-test-slave-zv66"
I20260601 13:25:14.861575  4364 fs_manager.cc:696] Time spent creating directory manager: real 0.001s	user 0.001s	sys 0.000s
I20260601 13:25:14.862437  8395 log_block_manager.cc:4031] Time spent loading block containers with low live blocks: real 0.000s	user 0.000s	sys 0.000s
I20260601 13:25:14.862634  4364 fs_manager.cc:730] Time spent opening block manager: real 0.001s	user 0.001s	sys 0.000s
I20260601 13:25:14.862694  4364 fs_manager.cc:647] Opened local filesystem: /tmp/dist-test-taskJeodh_/test-tmp/auto_rebalancer-test.0.AutoRebalancerTest.NoReplicaMovesIfCannotFixPlacementPolicy.1780320223763732-4364-0/minicluster-data/ts-0-root
uuid: "369c8a2b27024b179e523be14039b106"
format_stamp: "Formatted at 2026-06-01 13:25:14 on dist-test-slave-zv66"
I20260601 13:25:14.862756  4364 fs_report.cc:389] FS layout report
--------------------
wal directory: /tmp/dist-test-taskJeodh_/test-tmp/auto_rebalancer-test.0.AutoRebalancerTest.NoReplicaMovesIfCannotFixPlacementPolicy.1780320223763732-4364-0/minicluster-data/ts-0-root
metadata directory: /tmp/dist-test-taskJeodh_/test-tmp/auto_rebalancer-test.0.AutoRebalancerTest.NoReplicaMovesIfCannotFixPlacementPolicy.1780320223763732-4364-0/minicluster-data/ts-0-root
1 data directories: /tmp/dist-test-taskJeodh_/test-tmp/auto_rebalancer-test.0.AutoRebalancerTest.NoReplicaMovesIfCannotFixPlacementPolicy.1780320223763732-4364-0/minicluster-data/ts-0-root/data
Total live blocks: 0
Total live bytes: 0
Total live bytes (after alignment): 0
Total number of LBM containers: 0 (0 full)
Did not check for missing blocks
Did not check for orphaned blocks
Total full LBM containers with extra space: 0 (0 repaired)
Total full LBM container extra space in bytes: 0 (0 repaired)
Total incomplete LBM containers: 0 (0 repaired)
Total LBM partial records: 0 (0 repaired)
Total corrupted LBM metadata records in RocksDB: 0 (0 repaired)
I20260601 13:25:14.870548  4364 rpc_server.cc:225] running with OpenSSL 1.1.1  11 Sep 2018
I20260601 13:25:14.870831  4364 kserver.cc:163] Server-wide thread pool size limit: 3276
I20260601 13:25:14.871065  4364 txn_system_client.cc:432] TxnSystemClient initialization is disabled...
I20260601 13:25:14.871451  4364 ts_tablet_manager.cc:585] Loaded tablet metadata (0 total tablets, 0 live tablets)
I20260601 13:25:14.871490  4364 ts_tablet_manager.cc:531] Time spent load tablet metadata: real 0.000s	user 0.000s	sys 0.000s
I20260601 13:25:14.871524  4364 ts_tablet_manager.cc:616] Registered 0 tablets
I20260601 13:25:14.871551  4364 ts_tablet_manager.cc:595] Time spent register tablets: real 0.000s	user 0.000s	sys 0.000s
I20260601 13:25:14.875324  4364 rpc_server.cc:307] RPC server started. Bound to: 127.4.67.1:39597
I20260601 13:25:14.875367  8458 acceptor_pool.cc:272] collecting diagnostics on the listening RPC socket 127.4.67.1:39597 every 8 connection(s)
I20260601 13:25:14.876114  4364 file_cache.cc:492] Constructed file cache file cache with capacity 419430
W20260601 13:25:14.877786  8463 instance_detector.cc:116] could not retrieve AWS instance metadata: Network error: curl error: HTTP response code said error: The requested URL returned error: 404
W20260601 13:25:14.877876  8464 instance_detector.cc:116] could not retrieve Azure instance metadata: Network error: curl error: HTTP response code said error: The requested URL returned error: 404
W20260601 13:25:14.877888  8466 instance_detector.cc:116] could not retrieve OpenStack instance metadata: Network error: curl error: HTTP response code said error: The requested URL returned error: 404
I20260601 13:25:14.878054  4364 server_base.cc:1061] running on GCE node
I20260601 13:25:14.878209  4364 hybrid_clock.cc:584] initializing the hybrid clock with 'system_unsync' time source
W20260601 13:25:14.878247  4364 system_unsync_time.cc:38] NTP support is disabled. Clock error bounds will not be accurate. This configuration is not suitable for distributed clusters.
I20260601 13:25:14.878266  4364 hybrid_clock.cc:648] HybridClock initialized: now 1780320314878265 us; error 0 us; skew 500 ppm
I20260601 13:25:14.879115  4364 webserver.cc:533] Webserver started at http://127.4.67.2:36557/ using document root <none> and password file <none>
I20260601 13:25:14.879258  4364 fs_manager.cc:362] Metadata directory not provided
I20260601 13:25:14.879302  4364 fs_manager.cc:368] Using write-ahead log directory (fs_wal_dir) as metadata directory
I20260601 13:25:14.879367  4364 server_base.cc:909] This appears to be a new deployment of Kudu; creating new FS layout
I20260601 13:25:14.879765  4364 fs_manager.cc:1068] Generated new instance metadata in path /tmp/dist-test-taskJeodh_/test-tmp/auto_rebalancer-test.0.AutoRebalancerTest.NoReplicaMovesIfCannotFixPlacementPolicy.1780320223763732-4364-0/minicluster-data/ts-1-root/instance:
uuid: "97cf18a129304b649b0e49d4ebadb189"
format_stamp: "Formatted at 2026-06-01 13:25:14 on dist-test-slave-zv66"
I20260601 13:25:14.880189  8459 heartbeater.cc:344] Connected to a master server at 127.4.67.62:38561
I20260601 13:25:14.880276  8459 heartbeater.cc:461] Registering TS with master...
I20260601 13:25:14.880497  8459 heartbeater.cc:507] Master 127.4.67.62:38561 requested a full tablet report, sending...
I20260601 13:25:14.881104  8330 ts_manager.cc:194] Registered new tserver with Master: 369c8a2b27024b179e523be14039b106 (127.4.67.1:39597)
I20260601 13:25:14.881422  4364 fs_manager.cc:696] Time spent creating directory manager: real 0.001s	user 0.001s	sys 0.000s
I20260601 13:25:14.881871  8330 master_service.cc:502] Signed X509 certificate for tserver {username='slave'} at 127.0.0.1:45412
I20260601 13:25:14.882308  8471 log_block_manager.cc:4031] Time spent loading block containers with low live blocks: real 0.000s	user 0.000s	sys 0.000s
I20260601 13:25:14.882541  4364 fs_manager.cc:730] Time spent opening block manager: real 0.001s	user 0.001s	sys 0.000s
I20260601 13:25:14.882614  4364 fs_manager.cc:647] Opened local filesystem: /tmp/dist-test-taskJeodh_/test-tmp/auto_rebalancer-test.0.AutoRebalancerTest.NoReplicaMovesIfCannotFixPlacementPolicy.1780320223763732-4364-0/minicluster-data/ts-1-root
uuid: "97cf18a129304b649b0e49d4ebadb189"
format_stamp: "Formatted at 2026-06-01 13:25:14 on dist-test-slave-zv66"
I20260601 13:25:14.882679  4364 fs_report.cc:389] FS layout report
--------------------
wal directory: /tmp/dist-test-taskJeodh_/test-tmp/auto_rebalancer-test.0.AutoRebalancerTest.NoReplicaMovesIfCannotFixPlacementPolicy.1780320223763732-4364-0/minicluster-data/ts-1-root
metadata directory: /tmp/dist-test-taskJeodh_/test-tmp/auto_rebalancer-test.0.AutoRebalancerTest.NoReplicaMovesIfCannotFixPlacementPolicy.1780320223763732-4364-0/minicluster-data/ts-1-root
1 data directories: /tmp/dist-test-taskJeodh_/test-tmp/auto_rebalancer-test.0.AutoRebalancerTest.NoReplicaMovesIfCannotFixPlacementPolicy.1780320223763732-4364-0/minicluster-data/ts-1-root/data
Total live blocks: 0
Total live bytes: 0
Total live bytes (after alignment): 0
Total number of LBM containers: 0 (0 full)
Did not check for missing blocks
Did not check for orphaned blocks
Total full LBM containers with extra space: 0 (0 repaired)
Total full LBM container extra space in bytes: 0 (0 repaired)
Total incomplete LBM containers: 0 (0 repaired)
Total LBM partial records: 0 (0 repaired)
Total corrupted LBM metadata records in RocksDB: 0 (0 repaired)
I20260601 13:25:14.890806  4364 rpc_server.cc:225] running with OpenSSL 1.1.1  11 Sep 2018
I20260601 13:25:14.891193  4364 kserver.cc:163] Server-wide thread pool size limit: 3276
I20260601 13:25:14.891453  4364 txn_system_client.cc:432] TxnSystemClient initialization is disabled...
I20260601 13:25:14.891891  4364 ts_tablet_manager.cc:585] Loaded tablet metadata (0 total tablets, 0 live tablets)
I20260601 13:25:14.891929  4364 ts_tablet_manager.cc:531] Time spent load tablet metadata: real 0.000s	user 0.000s	sys 0.000s
I20260601 13:25:14.891983  4364 ts_tablet_manager.cc:616] Registered 0 tablets
I20260601 13:25:14.892011  4364 ts_tablet_manager.cc:595] Time spent register tablets: real 0.000s	user 0.000s	sys 0.000s
I20260601 13:25:14.895882  4364 rpc_server.cc:307] RPC server started. Bound to: 127.4.67.2:35595
I20260601 13:25:14.895934  8534 acceptor_pool.cc:272] collecting diagnostics on the listening RPC socket 127.4.67.2:35595 every 8 connection(s)
I20260601 13:25:14.896677  4364 file_cache.cc:492] Constructed file cache file cache with capacity 419430
W20260601 13:25:14.898456  8538 instance_detector.cc:116] could not retrieve AWS instance metadata: Network error: curl error: HTTP response code said error: The requested URL returned error: 404
W20260601 13:25:14.898466  8539 instance_detector.cc:116] could not retrieve Azure instance metadata: Network error: curl error: HTTP response code said error: The requested URL returned error: 404
W20260601 13:25:14.898519  8541 instance_detector.cc:116] could not retrieve OpenStack instance metadata: Network error: curl error: HTTP response code said error: The requested URL returned error: 404
I20260601 13:25:14.898705  4364 server_base.cc:1061] running on GCE node
I20260601 13:25:14.898870  4364 hybrid_clock.cc:584] initializing the hybrid clock with 'system_unsync' time source
W20260601 13:25:14.898906  4364 system_unsync_time.cc:38] NTP support is disabled. Clock error bounds will not be accurate. This configuration is not suitable for distributed clusters.
I20260601 13:25:14.898926  4364 hybrid_clock.cc:648] HybridClock initialized: now 1780320314898926 us; error 0 us; skew 500 ppm
I20260601 13:25:14.899839  4364 webserver.cc:533] Webserver started at http://127.4.67.3:41257/ using document root <none> and password file <none>
I20260601 13:25:14.899989  4364 fs_manager.cc:362] Metadata directory not provided
I20260601 13:25:14.900071  4364 fs_manager.cc:368] Using write-ahead log directory (fs_wal_dir) as metadata directory
I20260601 13:25:14.900137  4364 server_base.cc:909] This appears to be a new deployment of Kudu; creating new FS layout
I20260601 13:25:14.900465  4364 fs_manager.cc:1068] Generated new instance metadata in path /tmp/dist-test-taskJeodh_/test-tmp/auto_rebalancer-test.0.AutoRebalancerTest.NoReplicaMovesIfCannotFixPlacementPolicy.1780320223763732-4364-0/minicluster-data/ts-2-root/instance:
uuid: "9b5fa63c18114b14b34fb4978adef46d"
format_stamp: "Formatted at 2026-06-01 13:25:14 on dist-test-slave-zv66"
I20260601 13:25:14.900491  8535 heartbeater.cc:344] Connected to a master server at 127.4.67.62:38561
I20260601 13:25:14.900594  8535 heartbeater.cc:461] Registering TS with master...
I20260601 13:25:14.900802  8535 heartbeater.cc:507] Master 127.4.67.62:38561 requested a full tablet report, sending...
I20260601 13:25:14.901353  8330 ts_manager.cc:194] Registered new tserver with Master: 97cf18a129304b649b0e49d4ebadb189 (127.4.67.2:35595)
I20260601 13:25:14.901923  8330 master_service.cc:502] Signed X509 certificate for tserver {username='slave'} at 127.0.0.1:45414
I20260601 13:25:14.901953  4364 fs_manager.cc:696] Time spent creating directory manager: real 0.001s	user 0.000s	sys 0.002s
I20260601 13:25:14.902895  8546 log_block_manager.cc:4031] Time spent loading block containers with low live blocks: real 0.000s	user 0.000s	sys 0.000s
I20260601 13:25:14.903105  4364 fs_manager.cc:730] Time spent opening block manager: real 0.001s	user 0.001s	sys 0.000s
I20260601 13:25:14.903165  4364 fs_manager.cc:647] Opened local filesystem: /tmp/dist-test-taskJeodh_/test-tmp/auto_rebalancer-test.0.AutoRebalancerTest.NoReplicaMovesIfCannotFixPlacementPolicy.1780320223763732-4364-0/minicluster-data/ts-2-root
uuid: "9b5fa63c18114b14b34fb4978adef46d"
format_stamp: "Formatted at 2026-06-01 13:25:14 on dist-test-slave-zv66"
I20260601 13:25:14.903229  4364 fs_report.cc:389] FS layout report
--------------------
wal directory: /tmp/dist-test-taskJeodh_/test-tmp/auto_rebalancer-test.0.AutoRebalancerTest.NoReplicaMovesIfCannotFixPlacementPolicy.1780320223763732-4364-0/minicluster-data/ts-2-root
metadata directory: /tmp/dist-test-taskJeodh_/test-tmp/auto_rebalancer-test.0.AutoRebalancerTest.NoReplicaMovesIfCannotFixPlacementPolicy.1780320223763732-4364-0/minicluster-data/ts-2-root
1 data directories: /tmp/dist-test-taskJeodh_/test-tmp/auto_rebalancer-test.0.AutoRebalancerTest.NoReplicaMovesIfCannotFixPlacementPolicy.1780320223763732-4364-0/minicluster-data/ts-2-root/data
Total live blocks: 0
Total live bytes: 0
Total live bytes (after alignment): 0
Total number of LBM containers: 0 (0 full)
Did not check for missing blocks
Did not check for orphaned blocks
Total full LBM containers with extra space: 0 (0 repaired)
Total full LBM container extra space in bytes: 0 (0 repaired)
Total incomplete LBM containers: 0 (0 repaired)
Total LBM partial records: 0 (0 repaired)
Total corrupted LBM metadata records in RocksDB: 0 (0 repaired)
I20260601 13:25:14.914482  4364 rpc_server.cc:225] running with OpenSSL 1.1.1  11 Sep 2018
I20260601 13:25:14.914834  4364 kserver.cc:163] Server-wide thread pool size limit: 3276
I20260601 13:25:14.915102  4364 txn_system_client.cc:432] TxnSystemClient initialization is disabled...
I20260601 13:25:14.915519  4364 ts_tablet_manager.cc:585] Loaded tablet metadata (0 total tablets, 0 live tablets)
I20260601 13:25:14.915565  4364 ts_tablet_manager.cc:531] Time spent load tablet metadata: real 0.000s	user 0.000s	sys 0.000s
I20260601 13:25:14.915606  4364 ts_tablet_manager.cc:616] Registered 0 tablets
I20260601 13:25:14.915632  4364 ts_tablet_manager.cc:595] Time spent register tablets: real 0.000s	user 0.000s	sys 0.000s
I20260601 13:25:14.920055  4364 rpc_server.cc:307] RPC server started. Bound to: 127.4.67.3:46229
I20260601 13:25:14.920163  8609 acceptor_pool.cc:272] collecting diagnostics on the listening RPC socket 127.4.67.3:46229 every 8 connection(s)
I20260601 13:25:14.924571  8610 heartbeater.cc:344] Connected to a master server at 127.4.67.62:38561
I20260601 13:25:14.924669  8610 heartbeater.cc:461] Registering TS with master...
I20260601 13:25:14.924875  8610 heartbeater.cc:507] Master 127.4.67.62:38561 requested a full tablet report, sending...
I20260601 13:25:14.925468  8330 ts_manager.cc:194] Registered new tserver with Master: 9b5fa63c18114b14b34fb4978adef46d (127.4.67.3:46229)
I20260601 13:25:14.925971  8330 master_service.cc:502] Signed X509 certificate for tserver {username='slave'} at 127.0.0.1:45418
I20260601 13:25:14.926115  4364 internal_mini_cluster.cc:371] 3 TS(s) registered with all masters after 0.005634157s
I20260601 13:25:15.882819  8459 heartbeater.cc:499] Master 127.4.67.62:38561 was elected leader, sending a full tablet report...
I20260601 13:25:15.902868  8535 heartbeater.cc:499] Master 127.4.67.62:38561 was elected leader, sending a full tablet report...
I20260601 13:25:15.926762  8610 heartbeater.cc:499] Master 127.4.67.62:38561 was elected leader, sending a full tablet report...
I20260601 13:25:15.964393  8330 catalog_manager.cc:2282] Servicing CreateTable request from {username='slave'} at 127.0.0.1:45432:
name: "test-workload"
schema {
  columns {
    name: "key"
    type: INT32
    is_key: true
    is_nullable: false
    encoding: AUTO_ENCODING
    compression: DEFAULT_COMPRESSION
    cfile_block_size: 0
    immutable: false
  }
  columns {
    name: "int_val"
    type: INT32
    is_key: false
    is_nullable: false
    encoding: AUTO_ENCODING
    compression: DEFAULT_COMPRESSION
    cfile_block_size: 0
    immutable: false
  }
  columns {
    name: "string_val"
    type: STRING
    is_key: false
    is_nullable: true
    encoding: AUTO_ENCODING
    compression: DEFAULT_COMPRESSION
    cfile_block_size: 0
    immutable: false
  }
}
num_replicas: 3
split_rows_range_bounds {
}
partition_schema {
  range_schema {
    columns {
      name: "key"
    }
  }
}
W20260601 13:25:15.964885  8330 catalog_manager.cc:7076] The number of live tablet servers is not enough to re-replicate a tablet replica of the newly created table test-workload in case of a server failure: 4 tablet servers would be needed, 3 are available. Consider bringing up more tablet servers.
I20260601 13:25:15.975234  8574 tablet_service.cc:1511] Processing CreateTablet for tablet 19a928aa839241e09aac5b7540b3e7ef (DEFAULT_TABLE table=test-workload [id=a6b3175593254391a7cdd60929a331cc]), partition=RANGE (key) PARTITION UNBOUNDED
I20260601 13:25:15.975602  8574 data_dirs.cc:400] Could only allocate 1 dirs of requested 3 for tablet 19a928aa839241e09aac5b7540b3e7ef. 1 dirs total, 0 dirs full, 0 dirs failed
I20260601 13:25:15.976202  8499 tablet_service.cc:1511] Processing CreateTablet for tablet 19a928aa839241e09aac5b7540b3e7ef (DEFAULT_TABLE table=test-workload [id=a6b3175593254391a7cdd60929a331cc]), partition=RANGE (key) PARTITION UNBOUNDED
I20260601 13:25:15.976437  8499 data_dirs.cc:400] Could only allocate 1 dirs of requested 3 for tablet 19a928aa839241e09aac5b7540b3e7ef. 1 dirs total, 0 dirs full, 0 dirs failed
I20260601 13:25:15.977075  8423 tablet_service.cc:1511] Processing CreateTablet for tablet 19a928aa839241e09aac5b7540b3e7ef (DEFAULT_TABLE table=test-workload [id=a6b3175593254391a7cdd60929a331cc]), partition=RANGE (key) PARTITION UNBOUNDED
I20260601 13:25:15.977280  8423 data_dirs.cc:400] Could only allocate 1 dirs of requested 3 for tablet 19a928aa839241e09aac5b7540b3e7ef. 1 dirs total, 0 dirs full, 0 dirs failed
I20260601 13:25:15.978026  8631 tablet_bootstrap.cc:492] T 19a928aa839241e09aac5b7540b3e7ef P 9b5fa63c18114b14b34fb4978adef46d: Bootstrap starting.
I20260601 13:25:15.978540  8632 tablet_bootstrap.cc:492] T 19a928aa839241e09aac5b7540b3e7ef P 97cf18a129304b649b0e49d4ebadb189: Bootstrap starting.
I20260601 13:25:15.979051  8631 tablet_bootstrap.cc:654] T 19a928aa839241e09aac5b7540b3e7ef P 9b5fa63c18114b14b34fb4978adef46d: Neither blocks nor log segments found. Creating new log.
I20260601 13:25:15.979159  8633 tablet_bootstrap.cc:492] T 19a928aa839241e09aac5b7540b3e7ef P 369c8a2b27024b179e523be14039b106: Bootstrap starting.
I20260601 13:25:15.979451  8632 tablet_bootstrap.cc:654] T 19a928aa839241e09aac5b7540b3e7ef P 97cf18a129304b649b0e49d4ebadb189: Neither blocks nor log segments found. Creating new log.
I20260601 13:25:15.980134  8633 tablet_bootstrap.cc:654] T 19a928aa839241e09aac5b7540b3e7ef P 369c8a2b27024b179e523be14039b106: Neither blocks nor log segments found. Creating new log.
I20260601 13:25:15.980818  8631 tablet_bootstrap.cc:492] T 19a928aa839241e09aac5b7540b3e7ef P 9b5fa63c18114b14b34fb4978adef46d: No bootstrap required, opened a new log
I20260601 13:25:15.980877  8632 tablet_bootstrap.cc:492] T 19a928aa839241e09aac5b7540b3e7ef P 97cf18a129304b649b0e49d4ebadb189: No bootstrap required, opened a new log
I20260601 13:25:15.980962  8632 ts_tablet_manager.cc:1403] T 19a928aa839241e09aac5b7540b3e7ef P 97cf18a129304b649b0e49d4ebadb189: Time spent bootstrapping tablet: real 0.002s	user 0.002s	sys 0.000s
I20260601 13:25:15.980970  8631 ts_tablet_manager.cc:1403] T 19a928aa839241e09aac5b7540b3e7ef P 9b5fa63c18114b14b34fb4978adef46d: Time spent bootstrapping tablet: real 0.003s	user 0.002s	sys 0.000s
I20260601 13:25:15.981186  8633 tablet_bootstrap.cc:492] T 19a928aa839241e09aac5b7540b3e7ef P 369c8a2b27024b179e523be14039b106: No bootstrap required, opened a new log
I20260601 13:25:15.981276  8633 ts_tablet_manager.cc:1403] T 19a928aa839241e09aac5b7540b3e7ef P 369c8a2b27024b179e523be14039b106: Time spent bootstrapping tablet: real 0.002s	user 0.000s	sys 0.001s
I20260601 13:25:15.981478  8632 raft_consensus.cc:359] T 19a928aa839241e09aac5b7540b3e7ef P 97cf18a129304b649b0e49d4ebadb189 [term 0 FOLLOWER]: Replica starting. Triggering 0 pending ops. Active config: opid_index: -1 OBSOLETE_local: false peers { permanent_uuid: "9b5fa63c18114b14b34fb4978adef46d" member_type: VOTER last_known_addr { host: "127.4.67.3" port: 46229 } } peers { permanent_uuid: "97cf18a129304b649b0e49d4ebadb189" member_type: VOTER last_known_addr { host: "127.4.67.2" port: 35595 } } peers { permanent_uuid: "369c8a2b27024b179e523be14039b106" member_type: VOTER last_known_addr { host: "127.4.67.1" port: 39597 } }
I20260601 13:25:15.981612  8632 raft_consensus.cc:385] T 19a928aa839241e09aac5b7540b3e7ef P 97cf18a129304b649b0e49d4ebadb189 [term 0 FOLLOWER]: Consensus starting up: Expiring failure detector timer to make a prompt election more likely
I20260601 13:25:15.981561  8631 raft_consensus.cc:359] T 19a928aa839241e09aac5b7540b3e7ef P 9b5fa63c18114b14b34fb4978adef46d [term 0 FOLLOWER]: Replica starting. Triggering 0 pending ops. Active config: opid_index: -1 OBSOLETE_local: false peers { permanent_uuid: "9b5fa63c18114b14b34fb4978adef46d" member_type: VOTER last_known_addr { host: "127.4.67.3" port: 46229 } } peers { permanent_uuid: "97cf18a129304b649b0e49d4ebadb189" member_type: VOTER last_known_addr { host: "127.4.67.2" port: 35595 } } peers { permanent_uuid: "369c8a2b27024b179e523be14039b106" member_type: VOTER last_known_addr { host: "127.4.67.1" port: 39597 } }
I20260601 13:25:15.981681  8633 raft_consensus.cc:359] T 19a928aa839241e09aac5b7540b3e7ef P 369c8a2b27024b179e523be14039b106 [term 0 FOLLOWER]: Replica starting. Triggering 0 pending ops. Active config: opid_index: -1 OBSOLETE_local: false peers { permanent_uuid: "9b5fa63c18114b14b34fb4978adef46d" member_type: VOTER last_known_addr { host: "127.4.67.3" port: 46229 } } peers { permanent_uuid: "97cf18a129304b649b0e49d4ebadb189" member_type: VOTER last_known_addr { host: "127.4.67.2" port: 35595 } } peers { permanent_uuid: "369c8a2b27024b179e523be14039b106" member_type: VOTER last_known_addr { host: "127.4.67.1" port: 39597 } }
I20260601 13:25:15.981653  8632 raft_consensus.cc:740] T 19a928aa839241e09aac5b7540b3e7ef P 97cf18a129304b649b0e49d4ebadb189 [term 0 FOLLOWER]: Becoming Follower/Learner. State: Replica: 97cf18a129304b649b0e49d4ebadb189, State: Initialized, Role: FOLLOWER
I20260601 13:25:15.981736  8631 raft_consensus.cc:385] T 19a928aa839241e09aac5b7540b3e7ef P 9b5fa63c18114b14b34fb4978adef46d [term 0 FOLLOWER]: Consensus starting up: Expiring failure detector timer to make a prompt election more likely
I20260601 13:25:15.981797  8633 raft_consensus.cc:385] T 19a928aa839241e09aac5b7540b3e7ef P 369c8a2b27024b179e523be14039b106 [term 0 FOLLOWER]: Consensus starting up: Expiring failure detector timer to make a prompt election more likely
I20260601 13:25:15.981850  8631 raft_consensus.cc:740] T 19a928aa839241e09aac5b7540b3e7ef P 9b5fa63c18114b14b34fb4978adef46d [term 0 FOLLOWER]: Becoming Follower/Learner. State: Replica: 9b5fa63c18114b14b34fb4978adef46d, State: Initialized, Role: FOLLOWER
I20260601 13:25:15.981863  8633 raft_consensus.cc:740] T 19a928aa839241e09aac5b7540b3e7ef P 369c8a2b27024b179e523be14039b106 [term 0 FOLLOWER]: Becoming Follower/Learner. State: Replica: 369c8a2b27024b179e523be14039b106, State: Initialized, Role: FOLLOWER
I20260601 13:25:15.981891  8632 consensus_queue.cc:260] T 19a928aa839241e09aac5b7540b3e7ef P 97cf18a129304b649b0e49d4ebadb189 [NON_LEADER]: Queue going to NON_LEADER mode. State: All replicated index: 0, Majority replicated index: 0, Committed index: 0, Last appended: 0.0, Last appended by leader: 0, Current term: 0, Majority size: -1, State: 0, Mode: NON_LEADER, active raft config: opid_index: -1 OBSOLETE_local: false peers { permanent_uuid: "9b5fa63c18114b14b34fb4978adef46d" member_type: VOTER last_known_addr { host: "127.4.67.3" port: 46229 } } peers { permanent_uuid: "97cf18a129304b649b0e49d4ebadb189" member_type: VOTER last_known_addr { host: "127.4.67.2" port: 35595 } } peers { permanent_uuid: "369c8a2b27024b179e523be14039b106" member_type: VOTER last_known_addr { host: "127.4.67.1" port: 39597 } }
I20260601 13:25:15.982010  8633 consensus_queue.cc:260] T 19a928aa839241e09aac5b7540b3e7ef P 369c8a2b27024b179e523be14039b106 [NON_LEADER]: Queue going to NON_LEADER mode. State: All replicated index: 0, Majority replicated index: 0, Committed index: 0, Last appended: 0.0, Last appended by leader: 0, Current term: 0, Majority size: -1, State: 0, Mode: NON_LEADER, active raft config: opid_index: -1 OBSOLETE_local: false peers { permanent_uuid: "9b5fa63c18114b14b34fb4978adef46d" member_type: VOTER last_known_addr { host: "127.4.67.3" port: 46229 } } peers { permanent_uuid: "97cf18a129304b649b0e49d4ebadb189" member_type: VOTER last_known_addr { host: "127.4.67.2" port: 35595 } } peers { permanent_uuid: "369c8a2b27024b179e523be14039b106" member_type: VOTER last_known_addr { host: "127.4.67.1" port: 39597 } }
I20260601 13:25:15.982039  8631 consensus_queue.cc:260] T 19a928aa839241e09aac5b7540b3e7ef P 9b5fa63c18114b14b34fb4978adef46d [NON_LEADER]: Queue going to NON_LEADER mode. State: All replicated index: 0, Majority replicated index: 0, Committed index: 0, Last appended: 0.0, Last appended by leader: 0, Current term: 0, Majority size: -1, State: 0, Mode: NON_LEADER, active raft config: opid_index: -1 OBSOLETE_local: false peers { permanent_uuid: "9b5fa63c18114b14b34fb4978adef46d" member_type: VOTER last_known_addr { host: "127.4.67.3" port: 46229 } } peers { permanent_uuid: "97cf18a129304b649b0e49d4ebadb189" member_type: VOTER last_known_addr { host: "127.4.67.2" port: 35595 } } peers { permanent_uuid: "369c8a2b27024b179e523be14039b106" member_type: VOTER last_known_addr { host: "127.4.67.1" port: 39597 } }
I20260601 13:25:15.982252  8632 ts_tablet_manager.cc:1434] T 19a928aa839241e09aac5b7540b3e7ef P 97cf18a129304b649b0e49d4ebadb189: Time spent starting tablet: real 0.001s	user 0.002s	sys 0.000s
I20260601 13:25:15.982400  8633 ts_tablet_manager.cc:1434] T 19a928aa839241e09aac5b7540b3e7ef P 369c8a2b27024b179e523be14039b106: Time spent starting tablet: real 0.001s	user 0.000s	sys 0.001s
I20260601 13:25:15.983295  8631 ts_tablet_manager.cc:1434] T 19a928aa839241e09aac5b7540b3e7ef P 9b5fa63c18114b14b34fb4978adef46d: Time spent starting tablet: real 0.002s	user 0.001s	sys 0.000s
I20260601 13:25:16.130393  8638 raft_consensus.cc:493] T 19a928aa839241e09aac5b7540b3e7ef P 369c8a2b27024b179e523be14039b106 [term 0 FOLLOWER]: Starting pre-election (no leader contacted us within the election timeout)
I20260601 13:25:16.130541  8638 raft_consensus.cc:515] T 19a928aa839241e09aac5b7540b3e7ef P 369c8a2b27024b179e523be14039b106 [term 0 FOLLOWER]: Starting pre-election with config: opid_index: -1 OBSOLETE_local: false peers { permanent_uuid: "9b5fa63c18114b14b34fb4978adef46d" member_type: VOTER last_known_addr { host: "127.4.67.3" port: 46229 } } peers { permanent_uuid: "97cf18a129304b649b0e49d4ebadb189" member_type: VOTER last_known_addr { host: "127.4.67.2" port: 35595 } } peers { permanent_uuid: "369c8a2b27024b179e523be14039b106" member_type: VOTER last_known_addr { host: "127.4.67.1" port: 39597 } }
I20260601 13:25:16.131101  8638 leader_election.cc:290] T 19a928aa839241e09aac5b7540b3e7ef P 369c8a2b27024b179e523be14039b106 [CANDIDATE]: Term 1 pre-election: Requested pre-vote from peers 9b5fa63c18114b14b34fb4978adef46d (127.4.67.3:46229), 97cf18a129304b649b0e49d4ebadb189 (127.4.67.2:35595)
I20260601 13:25:16.134622  8584 tablet_service.cc:1917] Received RequestConsensusVote() RPC: tablet_id: "19a928aa839241e09aac5b7540b3e7ef" candidate_uuid: "369c8a2b27024b179e523be14039b106" candidate_term: 1 candidate_status { last_received { term: 0 index: 0 } } ignore_live_leader: false dest_uuid: "9b5fa63c18114b14b34fb4978adef46d" is_pre_election: true
I20260601 13:25:16.134763  8584 raft_consensus.cc:2468] T 19a928aa839241e09aac5b7540b3e7ef P 9b5fa63c18114b14b34fb4978adef46d [term 0 FOLLOWER]: Leader pre-election vote request: Granting yes vote for candidate 369c8a2b27024b179e523be14039b106 in term 0.
I20260601 13:25:16.134792  8509 tablet_service.cc:1917] Received RequestConsensusVote() RPC: tablet_id: "19a928aa839241e09aac5b7540b3e7ef" candidate_uuid: "369c8a2b27024b179e523be14039b106" candidate_term: 1 candidate_status { last_received { term: 0 index: 0 } } ignore_live_leader: false dest_uuid: "97cf18a129304b649b0e49d4ebadb189" is_pre_election: true
I20260601 13:25:16.134935  8509 raft_consensus.cc:2468] T 19a928aa839241e09aac5b7540b3e7ef P 97cf18a129304b649b0e49d4ebadb189 [term 0 FOLLOWER]: Leader pre-election vote request: Granting yes vote for candidate 369c8a2b27024b179e523be14039b106 in term 0.
I20260601 13:25:16.135070  8396 leader_election.cc:304] T 19a928aa839241e09aac5b7540b3e7ef P 369c8a2b27024b179e523be14039b106 [CANDIDATE]: Term 1 pre-election: Election decided. Result: candidate won. Election summary: received 2 responses out of 3 voters: 2 yes votes; 0 no votes. yes voters: 369c8a2b27024b179e523be14039b106, 9b5fa63c18114b14b34fb4978adef46d; no voters: 
I20260601 13:25:16.135221  8638 raft_consensus.cc:2804] T 19a928aa839241e09aac5b7540b3e7ef P 369c8a2b27024b179e523be14039b106 [term 0 FOLLOWER]: Leader pre-election won for term 1
I20260601 13:25:16.135277  8638 raft_consensus.cc:493] T 19a928aa839241e09aac5b7540b3e7ef P 369c8a2b27024b179e523be14039b106 [term 0 FOLLOWER]: Starting leader election (no leader contacted us within the election timeout)
I20260601 13:25:16.135304  8638 raft_consensus.cc:3060] T 19a928aa839241e09aac5b7540b3e7ef P 369c8a2b27024b179e523be14039b106 [term 0 FOLLOWER]: Advancing to term 1
I20260601 13:25:16.136111  8638 raft_consensus.cc:515] T 19a928aa839241e09aac5b7540b3e7ef P 369c8a2b27024b179e523be14039b106 [term 1 FOLLOWER]: Starting leader election with config: opid_index: -1 OBSOLETE_local: false peers { permanent_uuid: "9b5fa63c18114b14b34fb4978adef46d" member_type: VOTER last_known_addr { host: "127.4.67.3" port: 46229 } } peers { permanent_uuid: "97cf18a129304b649b0e49d4ebadb189" member_type: VOTER last_known_addr { host: "127.4.67.2" port: 35595 } } peers { permanent_uuid: "369c8a2b27024b179e523be14039b106" member_type: VOTER last_known_addr { host: "127.4.67.1" port: 39597 } }
I20260601 13:25:16.136422  8638 leader_election.cc:290] T 19a928aa839241e09aac5b7540b3e7ef P 369c8a2b27024b179e523be14039b106 [CANDIDATE]: Term 1 election: Requested vote from peers 9b5fa63c18114b14b34fb4978adef46d (127.4.67.3:46229), 97cf18a129304b649b0e49d4ebadb189 (127.4.67.2:35595)
I20260601 13:25:16.136816  8584 tablet_service.cc:1917] Received RequestConsensusVote() RPC: tablet_id: "19a928aa839241e09aac5b7540b3e7ef" candidate_uuid: "369c8a2b27024b179e523be14039b106" candidate_term: 1 candidate_status { last_received { term: 0 index: 0 } } ignore_live_leader: false dest_uuid: "9b5fa63c18114b14b34fb4978adef46d"
I20260601 13:25:16.136940  8509 tablet_service.cc:1917] Received RequestConsensusVote() RPC: tablet_id: "19a928aa839241e09aac5b7540b3e7ef" candidate_uuid: "369c8a2b27024b179e523be14039b106" candidate_term: 1 candidate_status { last_received { term: 0 index: 0 } } ignore_live_leader: false dest_uuid: "97cf18a129304b649b0e49d4ebadb189"
I20260601 13:25:16.137019  8584 raft_consensus.cc:3060] T 19a928aa839241e09aac5b7540b3e7ef P 9b5fa63c18114b14b34fb4978adef46d [term 0 FOLLOWER]: Advancing to term 1
I20260601 13:25:16.137171  8509 raft_consensus.cc:3060] T 19a928aa839241e09aac5b7540b3e7ef P 97cf18a129304b649b0e49d4ebadb189 [term 0 FOLLOWER]: Advancing to term 1
I20260601 13:25:16.138259  8584 raft_consensus.cc:2468] T 19a928aa839241e09aac5b7540b3e7ef P 9b5fa63c18114b14b34fb4978adef46d [term 1 FOLLOWER]: Leader election vote request: Granting yes vote for candidate 369c8a2b27024b179e523be14039b106 in term 1.
I20260601 13:25:16.138259  8509 raft_consensus.cc:2468] T 19a928aa839241e09aac5b7540b3e7ef P 97cf18a129304b649b0e49d4ebadb189 [term 1 FOLLOWER]: Leader election vote request: Granting yes vote for candidate 369c8a2b27024b179e523be14039b106 in term 1.
I20260601 13:25:16.138617  8396 leader_election.cc:304] T 19a928aa839241e09aac5b7540b3e7ef P 369c8a2b27024b179e523be14039b106 [CANDIDATE]: Term 1 election: Election decided. Result: candidate won. Election summary: received 2 responses out of 3 voters: 2 yes votes; 0 no votes. yes voters: 369c8a2b27024b179e523be14039b106, 9b5fa63c18114b14b34fb4978adef46d; no voters: 
I20260601 13:25:16.138777  8638 raft_consensus.cc:2804] T 19a928aa839241e09aac5b7540b3e7ef P 369c8a2b27024b179e523be14039b106 [term 1 FOLLOWER]: Leader election won for term 1
I20260601 13:25:16.138957  8638 raft_consensus.cc:697] T 19a928aa839241e09aac5b7540b3e7ef P 369c8a2b27024b179e523be14039b106 [term 1 LEADER]: Becoming Leader. State: Replica: 369c8a2b27024b179e523be14039b106, State: Running, Role: LEADER
I20260601 13:25:16.139099  8638 consensus_queue.cc:237] T 19a928aa839241e09aac5b7540b3e7ef P 369c8a2b27024b179e523be14039b106 [LEADER]: Queue going to LEADER mode. State: All replicated index: 0, Majority replicated index: 0, Committed index: 0, Last appended: 0.0, Last appended by leader: 0, Current term: 1, Majority size: 2, State: 0, Mode: LEADER, active raft config: opid_index: -1 OBSOLETE_local: false peers { permanent_uuid: "9b5fa63c18114b14b34fb4978adef46d" member_type: VOTER last_known_addr { host: "127.4.67.3" port: 46229 } } peers { permanent_uuid: "97cf18a129304b649b0e49d4ebadb189" member_type: VOTER last_known_addr { host: "127.4.67.2" port: 35595 } } peers { permanent_uuid: "369c8a2b27024b179e523be14039b106" member_type: VOTER last_known_addr { host: "127.4.67.1" port: 39597 } }
I20260601 13:25:16.140525  8329 catalog_manager.cc:5696] T 19a928aa839241e09aac5b7540b3e7ef P 369c8a2b27024b179e523be14039b106 reported cstate change: term changed from 0 to 1, leader changed from <none> to 369c8a2b27024b179e523be14039b106 (127.4.67.1). New cstate: current_term: 1 leader_uuid: "369c8a2b27024b179e523be14039b106" committed_config { opid_index: -1 OBSOLETE_local: false peers { permanent_uuid: "9b5fa63c18114b14b34fb4978adef46d" member_type: VOTER last_known_addr { host: "127.4.67.3" port: 46229 } health_report { overall_health: UNKNOWN } } peers { permanent_uuid: "97cf18a129304b649b0e49d4ebadb189" member_type: VOTER last_known_addr { host: "127.4.67.2" port: 35595 } health_report { overall_health: UNKNOWN } } peers { permanent_uuid: "369c8a2b27024b179e523be14039b106" member_type: VOTER last_known_addr { host: "127.4.67.1" port: 39597 } health_report { overall_health: HEALTHY } } }
I20260601 13:25:16.551537  8638 consensus_queue.cc:1048] T 19a928aa839241e09aac5b7540b3e7ef P 369c8a2b27024b179e523be14039b106 [LEADER]: Connected to new peer: Peer: permanent_uuid: "97cf18a129304b649b0e49d4ebadb189" member_type: VOTER last_known_addr { host: "127.4.67.2" port: 35595 }, Status: LMP_MISMATCH, Last received: 0.0, Next index: 1, Last known committed idx: 0, Time since last communication: 0.000s
I20260601 13:25:16.554376  8638 consensus_queue.cc:1048] T 19a928aa839241e09aac5b7540b3e7ef P 369c8a2b27024b179e523be14039b106 [LEADER]: Connected to new peer: Peer: permanent_uuid: "9b5fa63c18114b14b34fb4978adef46d" member_type: VOTER last_known_addr { host: "127.4.67.3" port: 46229 }, Status: LMP_MISMATCH, Last received: 0.0, Next index: 1, Last known committed idx: 0, Time since last communication: 0.000s
I20260601 13:25:16.824311  8384 auto_leader_rebalancer.cc:140] leader rebalance for table test-workload
I20260601 13:25:16.824623  8384 auto_leader_rebalancer.cc:388] table: test-workload, leader rebalance finish, leader transfer count: 0
I20260601 13:25:16.824594  8378 placement_policy_util.cc:407] tablet 19a928aa839241e09aac5b7540b3e7ef: detected majority of replicas (2 of 3) at location L0
I20260601 13:25:16.824684  8384 auto_leader_rebalancer.cc:451] All tables' leader rebalancing finished this round
I20260601 13:25:17.826222  8378 placement_policy_util.cc:407] tablet 19a928aa839241e09aac5b7540b3e7ef: detected majority of replicas (2 of 3) at location L0
I20260601 13:25:18.825047  8384 auto_leader_rebalancer.cc:140] leader rebalance for table test-workload
I20260601 13:25:18.825404  8384 auto_leader_rebalancer.cc:388] table: test-workload, leader rebalance finish, leader transfer count: 0
I20260601 13:25:18.825500  8384 auto_leader_rebalancer.cc:451] All tables' leader rebalancing finished this round
I20260601 13:25:18.827840  8378 placement_policy_util.cc:407] tablet 19a928aa839241e09aac5b7540b3e7ef: detected majority of replicas (2 of 3) at location L0
I20260601 13:25:19.829375  8378 placement_policy_util.cc:407] tablet 19a928aa839241e09aac5b7540b3e7ef: detected majority of replicas (2 of 3) at location L0
I20260601 13:25:20.825820  8384 auto_leader_rebalancer.cc:140] leader rebalance for table test-workload
I20260601 13:25:20.826159  8384 auto_leader_rebalancer.cc:388] table: test-workload, leader rebalance finish, leader transfer count: 0
I20260601 13:25:20.826215  8384 auto_leader_rebalancer.cc:451] All tables' leader rebalancing finished this round
I20260601 13:25:20.830897  8378 placement_policy_util.cc:407] tablet 19a928aa839241e09aac5b7540b3e7ef: detected majority of replicas (2 of 3) at location L0
I20260601 13:25:21.832511  8378 placement_policy_util.cc:407] tablet 19a928aa839241e09aac5b7540b3e7ef: detected majority of replicas (2 of 3) at location L0
I20260601 13:25:22.826512  8384 auto_leader_rebalancer.cc:140] leader rebalance for table test-workload
I20260601 13:25:22.826838  8384 auto_leader_rebalancer.cc:388] table: test-workload, leader rebalance finish, leader transfer count: 0
I20260601 13:25:22.826895  8384 auto_leader_rebalancer.cc:451] All tables' leader rebalancing finished this round
I20260601 13:25:22.834012  8378 placement_policy_util.cc:407] tablet 19a928aa839241e09aac5b7540b3e7ef: detected majority of replicas (2 of 3) at location L0
I20260601 13:25:23.835656  8378 placement_policy_util.cc:407] tablet 19a928aa839241e09aac5b7540b3e7ef: detected majority of replicas (2 of 3) at location L0
I20260601 13:25:24.827183  8384 auto_leader_rebalancer.cc:140] leader rebalance for table test-workload
I20260601 13:25:24.827492  8384 auto_leader_rebalancer.cc:388] table: test-workload, leader rebalance finish, leader transfer count: 0
I20260601 13:25:24.827579  8384 auto_leader_rebalancer.cc:451] All tables' leader rebalancing finished this round
I20260601 13:25:24.837494  8378 placement_policy_util.cc:407] tablet 19a928aa839241e09aac5b7540b3e7ef: detected majority of replicas (2 of 3) at location L0
I20260601 13:25:25.839007  8378 placement_policy_util.cc:407] tablet 19a928aa839241e09aac5b7540b3e7ef: detected majority of replicas (2 of 3) at location L0
I20260601 13:25:26.827911  8384 auto_leader_rebalancer.cc:140] leader rebalance for table test-workload
I20260601 13:25:26.828245  8384 auto_leader_rebalancer.cc:388] table: test-workload, leader rebalance finish, leader transfer count: 0
I20260601 13:25:26.828308  8384 auto_leader_rebalancer.cc:451] All tables' leader rebalancing finished this round
I20260601 13:25:26.840529  8378 placement_policy_util.cc:407] tablet 19a928aa839241e09aac5b7540b3e7ef: detected majority of replicas (2 of 3) at location L0
I20260601 13:25:27.214157  4364 tablet_server.cc:179] TabletServer@127.4.67.1:0 shutting down...
I20260601 13:25:27.217644  4364 ts_tablet_manager.cc:1507] Shutting down tablet manager...
I20260601 13:25:27.217846  4364 tablet_replica.cc:333] T 19a928aa839241e09aac5b7540b3e7ef P 369c8a2b27024b179e523be14039b106: stopping tablet replica
I20260601 13:25:27.217981  4364 raft_consensus.cc:2243] T 19a928aa839241e09aac5b7540b3e7ef P 369c8a2b27024b179e523be14039b106 [term 1 LEADER]: Raft consensus shutting down.
I20260601 13:25:27.218169  4364 raft_consensus.cc:2272] T 19a928aa839241e09aac5b7540b3e7ef P 369c8a2b27024b179e523be14039b106 [term 1 FOLLOWER]: Raft consensus is shut down!
I20260601 13:25:27.230960  4364 tablet_server.cc:196] TabletServer@127.4.67.1:0 shutdown complete.
I20260601 13:25:27.233011  4364 tablet_server.cc:179] TabletServer@127.4.67.2:0 shutting down...
I20260601 13:25:27.236578  4364 ts_tablet_manager.cc:1507] Shutting down tablet manager...
I20260601 13:25:27.236748  4364 tablet_replica.cc:333] T 19a928aa839241e09aac5b7540b3e7ef P 97cf18a129304b649b0e49d4ebadb189: stopping tablet replica
I20260601 13:25:27.236863  4364 raft_consensus.cc:2243] T 19a928aa839241e09aac5b7540b3e7ef P 97cf18a129304b649b0e49d4ebadb189 [term 1 FOLLOWER]: Raft consensus shutting down.
I20260601 13:25:27.236984  4364 raft_consensus.cc:2272] T 19a928aa839241e09aac5b7540b3e7ef P 97cf18a129304b649b0e49d4ebadb189 [term 1 FOLLOWER]: Raft consensus is shut down!
I20260601 13:25:27.249495  4364 tablet_server.cc:196] TabletServer@127.4.67.2:0 shutdown complete.
I20260601 13:25:27.251452  4364 tablet_server.cc:179] TabletServer@127.4.67.3:0 shutting down...
I20260601 13:25:27.255127  4364 ts_tablet_manager.cc:1507] Shutting down tablet manager...
I20260601 13:25:27.255308  4364 tablet_replica.cc:333] T 19a928aa839241e09aac5b7540b3e7ef P 9b5fa63c18114b14b34fb4978adef46d: stopping tablet replica
I20260601 13:25:27.255417  4364 raft_consensus.cc:2243] T 19a928aa839241e09aac5b7540b3e7ef P 9b5fa63c18114b14b34fb4978adef46d [term 1 FOLLOWER]: Raft consensus shutting down.
I20260601 13:25:27.255523  4364 raft_consensus.cc:2272] T 19a928aa839241e09aac5b7540b3e7ef P 9b5fa63c18114b14b34fb4978adef46d [term 1 FOLLOWER]: Raft consensus is shut down!
I20260601 13:25:27.267665  4364 tablet_server.cc:196] TabletServer@127.4.67.3:0 shutdown complete.
I20260601 13:25:27.269454  4364 master.cc:562] Master@127.4.67.62:38561 shutting down...
I20260601 13:25:27.272658  4364 raft_consensus.cc:2243] T 00000000000000000000000000000000 P ce7a33f25f2045e5a71642380a3ce216 [term 1 LEADER]: Raft consensus shutting down.
I20260601 13:25:27.272825  4364 raft_consensus.cc:2272] T 00000000000000000000000000000000 P ce7a33f25f2045e5a71642380a3ce216 [term 1 FOLLOWER]: Raft consensus is shut down!
I20260601 13:25:27.272897  4364 tablet_replica.cc:333] T 00000000000000000000000000000000 P ce7a33f25f2045e5a71642380a3ce216: stopping tablet replica
I20260601 13:25:27.284971  4364 master.cc:584] Master@127.4.67.62:38561 shutdown complete.
[       OK ] AutoRebalancerTest.NoReplicaMovesIfCannotFixPlacementPolicy (12495 ms)
[ RUN      ] AutoRebalancerTest.TestMaxMovesPerServer
I20260601 13:25:27.291145  4364 internal_mini_cluster.cc:156] Creating distributed mini masters. Addrs: 127.4.67.62:35883
I20260601 13:25:27.291452  4364 file_cache.cc:492] Constructed file cache file cache with capacity 419430
I20260601 13:25:27.293464  4364 server_base.cc:1061] running on GCE node
W20260601 13:25:27.293497  8658 instance_detector.cc:116] could not retrieve Azure instance metadata: Network error: curl error: HTTP response code said error: The requested URL returned error: 404
W20260601 13:25:27.293551  8657 instance_detector.cc:116] could not retrieve AWS instance metadata: Network error: curl error: HTTP response code said error: The requested URL returned error: 404
W20260601 13:25:27.293623  8660 instance_detector.cc:116] could not retrieve OpenStack instance metadata: Network error: curl error: HTTP response code said error: The requested URL returned error: 404
I20260601 13:25:27.293821  4364 hybrid_clock.cc:584] initializing the hybrid clock with 'system_unsync' time source
W20260601 13:25:27.293870  4364 system_unsync_time.cc:38] NTP support is disabled. Clock error bounds will not be accurate. This configuration is not suitable for distributed clusters.
I20260601 13:25:27.293884  4364 hybrid_clock.cc:648] HybridClock initialized: now 1780320327293884 us; error 0 us; skew 500 ppm
I20260601 13:25:27.294646  4364 webserver.cc:533] Webserver started at http://127.4.67.62:45059/ using document root <none> and password file <none>
I20260601 13:25:27.294761  4364 fs_manager.cc:362] Metadata directory not provided
I20260601 13:25:27.294800  4364 fs_manager.cc:368] Using write-ahead log directory (fs_wal_dir) as metadata directory
I20260601 13:25:27.294854  4364 server_base.cc:909] This appears to be a new deployment of Kudu; creating new FS layout
I20260601 13:25:27.295174  4364 fs_manager.cc:1068] Generated new instance metadata in path /tmp/dist-test-taskJeodh_/test-tmp/auto_rebalancer-test.0.AutoRebalancerTest.TestMaxMovesPerServer.1780320223763732-4364-0/minicluster-data/master-0-root/instance:
uuid: "63f6e780e8bd4a27a19ac779b920f1f9"
format_stamp: "Formatted at 2026-06-01 13:25:27 on dist-test-slave-zv66"
I20260601 13:25:27.296640  4364 fs_manager.cc:696] Time spent creating directory manager: real 0.001s	user 0.001s	sys 0.000s
I20260601 13:25:27.297567  8665 log_block_manager.cc:4031] Time spent loading block containers with low live blocks: real 0.000s	user 0.000s	sys 0.000s
I20260601 13:25:27.297847  4364 fs_manager.cc:730] Time spent opening block manager: real 0.001s	user 0.001s	sys 0.000s
I20260601 13:25:27.297917  4364 fs_manager.cc:647] Opened local filesystem: /tmp/dist-test-taskJeodh_/test-tmp/auto_rebalancer-test.0.AutoRebalancerTest.TestMaxMovesPerServer.1780320223763732-4364-0/minicluster-data/master-0-root
uuid: "63f6e780e8bd4a27a19ac779b920f1f9"
format_stamp: "Formatted at 2026-06-01 13:25:27 on dist-test-slave-zv66"
I20260601 13:25:27.297986  4364 fs_report.cc:389] FS layout report
--------------------
wal directory: /tmp/dist-test-taskJeodh_/test-tmp/auto_rebalancer-test.0.AutoRebalancerTest.TestMaxMovesPerServer.1780320223763732-4364-0/minicluster-data/master-0-root
metadata directory: /tmp/dist-test-taskJeodh_/test-tmp/auto_rebalancer-test.0.AutoRebalancerTest.TestMaxMovesPerServer.1780320223763732-4364-0/minicluster-data/master-0-root
1 data directories: /tmp/dist-test-taskJeodh_/test-tmp/auto_rebalancer-test.0.AutoRebalancerTest.TestMaxMovesPerServer.1780320223763732-4364-0/minicluster-data/master-0-root/data
Total live blocks: 0
Total live bytes: 0
Total live bytes (after alignment): 0
Total number of LBM containers: 0 (0 full)
Did not check for missing blocks
Did not check for orphaned blocks
Total full LBM containers with extra space: 0 (0 repaired)
Total full LBM container extra space in bytes: 0 (0 repaired)
Total incomplete LBM containers: 0 (0 repaired)
Total LBM partial records: 0 (0 repaired)
Total corrupted LBM metadata records in RocksDB: 0 (0 repaired)
I20260601 13:25:27.304368  4364 rpc_server.cc:225] running with OpenSSL 1.1.1  11 Sep 2018
I20260601 13:25:27.304662  4364 kserver.cc:163] Server-wide thread pool size limit: 3276
I20260601 13:25:27.308383  4364 rpc_server.cc:307] RPC server started. Bound to: 127.4.67.62:35883
I20260601 13:25:27.310271  8717 acceptor_pool.cc:272] collecting diagnostics on the listening RPC socket 127.4.67.62:35883 every 8 connection(s)
I20260601 13:25:27.310698  8718 data_dirs.cc:400] Could only allocate 1 dirs of requested 3 for tablet 00000000000000000000000000000000. 1 dirs total, 0 dirs full, 0 dirs failed
I20260601 13:25:27.312780  8718 tablet_bootstrap.cc:492] T 00000000000000000000000000000000 P 63f6e780e8bd4a27a19ac779b920f1f9: Bootstrap starting.
I20260601 13:25:27.313500  8718 tablet_bootstrap.cc:654] T 00000000000000000000000000000000 P 63f6e780e8bd4a27a19ac779b920f1f9: Neither blocks nor log segments found. Creating new log.
I20260601 13:25:27.314435  8718 tablet_bootstrap.cc:492] T 00000000000000000000000000000000 P 63f6e780e8bd4a27a19ac779b920f1f9: No bootstrap required, opened a new log
I20260601 13:25:27.314764  8718 raft_consensus.cc:359] T 00000000000000000000000000000000 P 63f6e780e8bd4a27a19ac779b920f1f9 [term 0 FOLLOWER]: Replica starting. Triggering 0 pending ops. Active config: opid_index: -1 OBSOLETE_local: true peers { permanent_uuid: "63f6e780e8bd4a27a19ac779b920f1f9" member_type: VOTER }
I20260601 13:25:27.314843  8718 raft_consensus.cc:385] T 00000000000000000000000000000000 P 63f6e780e8bd4a27a19ac779b920f1f9 [term 0 FOLLOWER]: Consensus starting up: Expiring failure detector timer to make a prompt election more likely
I20260601 13:25:27.314864  8718 raft_consensus.cc:740] T 00000000000000000000000000000000 P 63f6e780e8bd4a27a19ac779b920f1f9 [term 0 FOLLOWER]: Becoming Follower/Learner. State: Replica: 63f6e780e8bd4a27a19ac779b920f1f9, State: Initialized, Role: FOLLOWER
I20260601 13:25:27.314965  8718 consensus_queue.cc:260] T 00000000000000000000000000000000 P 63f6e780e8bd4a27a19ac779b920f1f9 [NON_LEADER]: Queue going to NON_LEADER mode. State: All replicated index: 0, Majority replicated index: 0, Committed index: 0, Last appended: 0.0, Last appended by leader: 0, Current term: 0, Majority size: -1, State: 0, Mode: NON_LEADER, active raft config: opid_index: -1 OBSOLETE_local: true peers { permanent_uuid: "63f6e780e8bd4a27a19ac779b920f1f9" member_type: VOTER }
I20260601 13:25:27.315018  8718 raft_consensus.cc:399] T 00000000000000000000000000000000 P 63f6e780e8bd4a27a19ac779b920f1f9 [term 0 FOLLOWER]: Only one voter in the Raft config. Triggering election immediately
I20260601 13:25:27.315043  8718 raft_consensus.cc:493] T 00000000000000000000000000000000 P 63f6e780e8bd4a27a19ac779b920f1f9 [term 0 FOLLOWER]: Starting leader election (initial election of a single-replica configuration)
I20260601 13:25:27.315075  8718 raft_consensus.cc:3060] T 00000000000000000000000000000000 P 63f6e780e8bd4a27a19ac779b920f1f9 [term 0 FOLLOWER]: Advancing to term 1
I20260601 13:25:27.315732  8718 raft_consensus.cc:515] T 00000000000000000000000000000000 P 63f6e780e8bd4a27a19ac779b920f1f9 [term 1 FOLLOWER]: Starting leader election with config: opid_index: -1 OBSOLETE_local: true peers { permanent_uuid: "63f6e780e8bd4a27a19ac779b920f1f9" member_type: VOTER }
