I20260601 13:24:46.992043 14211 raft_consensus.cc:2804] T 5da99a1186d749ce9adcf74b9b890e3b P e81eb4278a0d4dc3ad268fcddafdee5a [term 1 FOLLOWER]: Leader election won for term 1
I20260601 13:24:46.992295 14211 raft_consensus.cc:697] T 5da99a1186d749ce9adcf74b9b890e3b P e81eb4278a0d4dc3ad268fcddafdee5a [term 1 LEADER]: Becoming Leader. State: Replica: e81eb4278a0d4dc3ad268fcddafdee5a, State: Running, Role: LEADER
I20260601 13:24:46.992468 14211 consensus_queue.cc:237] T 5da99a1186d749ce9adcf74b9b890e3b P e81eb4278a0d4dc3ad268fcddafdee5a [LEADER]: Queue going to LEADER mode. State: All replicated index: 0, Majority replicated index: 0, Committed index: 0, Last appended: 0.0, Last appended by leader: 0, Current term: 1, Majority size: 2, State: 0, Mode: LEADER, active raft config: opid_index: -1 OBSOLETE_local: false peers { permanent_uuid: "e81eb4278a0d4dc3ad268fcddafdee5a" member_type: VOTER last_known_addr { host: "127.10.195.65" port: 37279 } } peers { permanent_uuid: "78891d5d27b542cbba336b6b96409476" member_type: VOTER last_known_addr { host: "127.10.195.66" port: 33669 } } peers { permanent_uuid: "d033d51e14a14dde95e22b51f809fc33" member_type: VOTER last_known_addr { host: "127.10.195.67" port: 44331 } }
I20260601 13:24:46.994354 13900 catalog_manager.cc:5696] T 5da99a1186d749ce9adcf74b9b890e3b P e81eb4278a0d4dc3ad268fcddafdee5a reported cstate change: term changed from 0 to 1, leader changed from <none> to e81eb4278a0d4dc3ad268fcddafdee5a (127.10.195.65). New cstate: current_term: 1 leader_uuid: "e81eb4278a0d4dc3ad268fcddafdee5a" committed_config { opid_index: -1 OBSOLETE_local: false peers { permanent_uuid: "e81eb4278a0d4dc3ad268fcddafdee5a" member_type: VOTER last_known_addr { host: "127.10.195.65" port: 37279 } health_report { overall_health: HEALTHY } } peers { permanent_uuid: "78891d5d27b542cbba336b6b96409476" member_type: VOTER last_known_addr { host: "127.10.195.66" port: 33669 } health_report { overall_health: UNKNOWN } } peers { permanent_uuid: "d033d51e14a14dde95e22b51f809fc33" member_type: VOTER last_known_addr { host: "127.10.195.67" port: 44331 } health_report { overall_health: UNKNOWN } } }
I20260601 13:24:47.056348 14238 raft_consensus.cc:493] T 22ee8fb8efc54190911bd539ad3c005d P d033d51e14a14dde95e22b51f809fc33 [term 0 FOLLOWER]: Starting pre-election (no leader contacted us within the election timeout)
I20260601 13:24:47.056592 14238 raft_consensus.cc:515] T 22ee8fb8efc54190911bd539ad3c005d P d033d51e14a14dde95e22b51f809fc33 [term 0 FOLLOWER]: Starting pre-election with config: opid_index: -1 OBSOLETE_local: false peers { permanent_uuid: "e81eb4278a0d4dc3ad268fcddafdee5a" member_type: VOTER last_known_addr { host: "127.10.195.65" port: 37279 } } peers { permanent_uuid: "78891d5d27b542cbba336b6b96409476" member_type: VOTER last_known_addr { host: "127.10.195.66" port: 33669 } } peers { permanent_uuid: "d033d51e14a14dde95e22b51f809fc33" member_type: VOTER last_known_addr { host: "127.10.195.67" port: 44331 } }
I20260601 13:24:47.057106 14238 leader_election.cc:290] T 22ee8fb8efc54190911bd539ad3c005d P d033d51e14a14dde95e22b51f809fc33 [CANDIDATE]: Term 1 pre-election: Requested pre-vote from peers e81eb4278a0d4dc3ad268fcddafdee5a (127.10.195.65:37279), 78891d5d27b542cbba336b6b96409476 (127.10.195.66:33669)
I20260601 13:24:47.057709 14080 tablet_service.cc:1917] Received RequestConsensusVote() RPC: tablet_id: "22ee8fb8efc54190911bd539ad3c005d" candidate_uuid: "d033d51e14a14dde95e22b51f809fc33" candidate_term: 1 candidate_status { last_received { term: 0 index: 0 } } ignore_live_leader: false dest_uuid: "78891d5d27b542cbba336b6b96409476" is_pre_election: true
I20260601 13:24:47.057723 14004 tablet_service.cc:1917] Received RequestConsensusVote() RPC: tablet_id: "22ee8fb8efc54190911bd539ad3c005d" candidate_uuid: "d033d51e14a14dde95e22b51f809fc33" candidate_term: 1 candidate_status { last_received { term: 0 index: 0 } } ignore_live_leader: false dest_uuid: "e81eb4278a0d4dc3ad268fcddafdee5a" is_pre_election: true
I20260601 13:24:47.057943 14080 raft_consensus.cc:2468] T 22ee8fb8efc54190911bd539ad3c005d P 78891d5d27b542cbba336b6b96409476 [term 0 FOLLOWER]: Leader pre-election vote request: Granting yes vote for candidate d033d51e14a14dde95e22b51f809fc33 in term 0.
I20260601 13:24:47.058099 14004 raft_consensus.cc:2468] T 22ee8fb8efc54190911bd539ad3c005d P e81eb4278a0d4dc3ad268fcddafdee5a [term 0 FOLLOWER]: Leader pre-election vote request: Granting yes vote for candidate d033d51e14a14dde95e22b51f809fc33 in term 0.
I20260601 13:24:47.058319 14120 leader_election.cc:304] T 22ee8fb8efc54190911bd539ad3c005d P d033d51e14a14dde95e22b51f809fc33 [CANDIDATE]: Term 1 pre-election: Election decided. Result: candidate won. Election summary: received 2 responses out of 3 voters: 2 yes votes; 0 no votes. yes voters: 78891d5d27b542cbba336b6b96409476, d033d51e14a14dde95e22b51f809fc33; no voters: 
I20260601 13:24:47.058514 14238 raft_consensus.cc:2804] T 22ee8fb8efc54190911bd539ad3c005d P d033d51e14a14dde95e22b51f809fc33 [term 0 FOLLOWER]: Leader pre-election won for term 1
I20260601 13:24:47.058586 14238 raft_consensus.cc:493] T 22ee8fb8efc54190911bd539ad3c005d P d033d51e14a14dde95e22b51f809fc33 [term 0 FOLLOWER]: Starting leader election (no leader contacted us within the election timeout)
I20260601 13:24:47.058646 14238 raft_consensus.cc:3060] T 22ee8fb8efc54190911bd539ad3c005d P d033d51e14a14dde95e22b51f809fc33 [term 0 FOLLOWER]: Advancing to term 1
I20260601 13:24:47.059579 14238 raft_consensus.cc:515] T 22ee8fb8efc54190911bd539ad3c005d P d033d51e14a14dde95e22b51f809fc33 [term 1 FOLLOWER]: Starting leader election with config: opid_index: -1 OBSOLETE_local: false peers { permanent_uuid: "e81eb4278a0d4dc3ad268fcddafdee5a" member_type: VOTER last_known_addr { host: "127.10.195.65" port: 37279 } } peers { permanent_uuid: "78891d5d27b542cbba336b6b96409476" member_type: VOTER last_known_addr { host: "127.10.195.66" port: 33669 } } peers { permanent_uuid: "d033d51e14a14dde95e22b51f809fc33" member_type: VOTER last_known_addr { host: "127.10.195.67" port: 44331 } }
I20260601 13:24:47.060024 14238 leader_election.cc:290] T 22ee8fb8efc54190911bd539ad3c005d P d033d51e14a14dde95e22b51f809fc33 [CANDIDATE]: Term 1 election: Requested vote from peers e81eb4278a0d4dc3ad268fcddafdee5a (127.10.195.65:37279), 78891d5d27b542cbba336b6b96409476 (127.10.195.66:33669)
I20260601 13:24:47.060421 14004 tablet_service.cc:1917] Received RequestConsensusVote() RPC: tablet_id: "22ee8fb8efc54190911bd539ad3c005d" candidate_uuid: "d033d51e14a14dde95e22b51f809fc33" candidate_term: 1 candidate_status { last_received { term: 0 index: 0 } } ignore_live_leader: false dest_uuid: "e81eb4278a0d4dc3ad268fcddafdee5a"
I20260601 13:24:47.060431 14080 tablet_service.cc:1917] Received RequestConsensusVote() RPC: tablet_id: "22ee8fb8efc54190911bd539ad3c005d" candidate_uuid: "d033d51e14a14dde95e22b51f809fc33" candidate_term: 1 candidate_status { last_received { term: 0 index: 0 } } ignore_live_leader: false dest_uuid: "78891d5d27b542cbba336b6b96409476"
I20260601 13:24:47.060597 14004 raft_consensus.cc:3060] T 22ee8fb8efc54190911bd539ad3c005d P e81eb4278a0d4dc3ad268fcddafdee5a [term 0 FOLLOWER]: Advancing to term 1
I20260601 13:24:47.060767 14080 raft_consensus.cc:3060] T 22ee8fb8efc54190911bd539ad3c005d P 78891d5d27b542cbba336b6b96409476 [term 0 FOLLOWER]: Advancing to term 1
I20260601 13:24:47.061733 14004 raft_consensus.cc:2468] T 22ee8fb8efc54190911bd539ad3c005d P e81eb4278a0d4dc3ad268fcddafdee5a [term 1 FOLLOWER]: Leader election vote request: Granting yes vote for candidate d033d51e14a14dde95e22b51f809fc33 in term 1.
I20260601 13:24:47.061877 14080 raft_consensus.cc:2468] T 22ee8fb8efc54190911bd539ad3c005d P 78891d5d27b542cbba336b6b96409476 [term 1 FOLLOWER]: Leader election vote request: Granting yes vote for candidate d033d51e14a14dde95e22b51f809fc33 in term 1.
I20260601 13:24:47.062057 14122 leader_election.cc:304] T 22ee8fb8efc54190911bd539ad3c005d P d033d51e14a14dde95e22b51f809fc33 [CANDIDATE]: Term 1 election: Election decided. Result: candidate won. Election summary: received 2 responses out of 3 voters: 2 yes votes; 0 no votes. yes voters: d033d51e14a14dde95e22b51f809fc33, e81eb4278a0d4dc3ad268fcddafdee5a; no voters: 
I20260601 13:24:47.062270 14238 raft_consensus.cc:2804] T 22ee8fb8efc54190911bd539ad3c005d P d033d51e14a14dde95e22b51f809fc33 [term 1 FOLLOWER]: Leader election won for term 1
I20260601 13:24:47.062395 14238 raft_consensus.cc:697] T 22ee8fb8efc54190911bd539ad3c005d P d033d51e14a14dde95e22b51f809fc33 [term 1 LEADER]: Becoming Leader. State: Replica: d033d51e14a14dde95e22b51f809fc33, State: Running, Role: LEADER
I20260601 13:24:47.062564 14238 consensus_queue.cc:237] T 22ee8fb8efc54190911bd539ad3c005d P d033d51e14a14dde95e22b51f809fc33 [LEADER]: Queue going to LEADER mode. State: All replicated index: 0, Majority replicated index: 0, Committed index: 0, Last appended: 0.0, Last appended by leader: 0, Current term: 1, Majority size: 2, State: 0, Mode: LEADER, active raft config: opid_index: -1 OBSOLETE_local: false peers { permanent_uuid: "e81eb4278a0d4dc3ad268fcddafdee5a" member_type: VOTER last_known_addr { host: "127.10.195.65" port: 37279 } } peers { permanent_uuid: "78891d5d27b542cbba336b6b96409476" member_type: VOTER last_known_addr { host: "127.10.195.66" port: 33669 } } peers { permanent_uuid: "d033d51e14a14dde95e22b51f809fc33" member_type: VOTER last_known_addr { host: "127.10.195.67" port: 44331 } }
I20260601 13:24:47.064471 13900 catalog_manager.cc:5696] T 22ee8fb8efc54190911bd539ad3c005d P d033d51e14a14dde95e22b51f809fc33 reported cstate change: term changed from 0 to 1, leader changed from <none> to d033d51e14a14dde95e22b51f809fc33 (127.10.195.67). New cstate: current_term: 1 leader_uuid: "d033d51e14a14dde95e22b51f809fc33" committed_config { opid_index: -1 OBSOLETE_local: false peers { permanent_uuid: "e81eb4278a0d4dc3ad268fcddafdee5a" member_type: VOTER last_known_addr { host: "127.10.195.65" port: 37279 } health_report { overall_health: UNKNOWN } } peers { permanent_uuid: "78891d5d27b542cbba336b6b96409476" member_type: VOTER last_known_addr { host: "127.10.195.66" port: 33669 } health_report { overall_health: UNKNOWN } } peers { permanent_uuid: "d033d51e14a14dde95e22b51f809fc33" member_type: VOTER last_known_addr { host: "127.10.195.67" port: 44331 } health_report { overall_health: HEALTHY } } }
I20260601 13:24:47.134686 11021 file_cache.cc:492] Constructed file cache file cache with capacity 419430
W20260601 13:24:47.136869 14250 instance_detector.cc:116] could not retrieve AWS instance metadata: Network error: curl error: HTTP response code said error: The requested URL returned error: 404
I20260601 13:24:47.136905 11021 server_base.cc:1061] running on GCE node
W20260601 13:24:47.137065 14251 instance_detector.cc:116] could not retrieve Azure instance metadata: Network error: curl error: HTTP response code said error: The requested URL returned error: 404
W20260601 13:24:47.137084 14253 instance_detector.cc:116] could not retrieve OpenStack instance metadata: Network error: curl error: HTTP response code said error: The requested URL returned error: 404
I20260601 13:24:47.137408 11021 hybrid_clock.cc:584] initializing the hybrid clock with 'system_unsync' time source
W20260601 13:24:47.137456 11021 system_unsync_time.cc:38] NTP support is disabled. Clock error bounds will not be accurate. This configuration is not suitable for distributed clusters.
I20260601 13:24:47.137472 11021 hybrid_clock.cc:648] HybridClock initialized: now 1780320287137472 us; error 0 us; skew 500 ppm
I20260601 13:24:47.138523 11021 webserver.cc:533] Webserver started at http://127.10.195.68:40433/ using document root <none> and password file <none>
I20260601 13:24:47.138660 11021 fs_manager.cc:362] Metadata directory not provided
I20260601 13:24:47.138706 11021 fs_manager.cc:368] Using write-ahead log directory (fs_wal_dir) as metadata directory
I20260601 13:24:47.138758 11021 server_base.cc:909] This appears to be a new deployment of Kudu; creating new FS layout
I20260601 13:24:47.139173 11021 fs_manager.cc:1068] Generated new instance metadata in path /tmp/dist-test-taskLzMh5S/test-tmp/auto_rebalancer-test.0.AutoRebalancerTest.RangeAwareRebalancesNewRangeReplicas.1780320216423708-11021-0/minicluster-data/ts-3-root/instance:
uuid: "77953f1f1a254aa4baf0e8d629c87e20"
format_stamp: "Formatted at 2026-06-01 13:24:47 on dist-test-slave-whnk"
I20260601 13:24:47.140636 11021 fs_manager.cc:696] Time spent creating directory manager: real 0.001s	user 0.002s	sys 0.000s
I20260601 13:24:47.141662 14258 log_block_manager.cc:4031] Time spent loading block containers with low live blocks: real 0.000s	user 0.000s	sys 0.000s
I20260601 13:24:47.141961 11021 fs_manager.cc:730] Time spent opening block manager: real 0.001s	user 0.001s	sys 0.000s
I20260601 13:24:47.142050 11021 fs_manager.cc:647] Opened local filesystem: /tmp/dist-test-taskLzMh5S/test-tmp/auto_rebalancer-test.0.AutoRebalancerTest.RangeAwareRebalancesNewRangeReplicas.1780320216423708-11021-0/minicluster-data/ts-3-root
uuid: "77953f1f1a254aa4baf0e8d629c87e20"
format_stamp: "Formatted at 2026-06-01 13:24:47 on dist-test-slave-whnk"
I20260601 13:24:47.142156 11021 fs_report.cc:389] FS layout report
--------------------
wal directory: /tmp/dist-test-taskLzMh5S/test-tmp/auto_rebalancer-test.0.AutoRebalancerTest.RangeAwareRebalancesNewRangeReplicas.1780320216423708-11021-0/minicluster-data/ts-3-root
metadata directory: /tmp/dist-test-taskLzMh5S/test-tmp/auto_rebalancer-test.0.AutoRebalancerTest.RangeAwareRebalancesNewRangeReplicas.1780320216423708-11021-0/minicluster-data/ts-3-root
1 data directories: /tmp/dist-test-taskLzMh5S/test-tmp/auto_rebalancer-test.0.AutoRebalancerTest.RangeAwareRebalancesNewRangeReplicas.1780320216423708-11021-0/minicluster-data/ts-3-root/data
Total live blocks: 0
Total live bytes: 0
Total live bytes (after alignment): 0
Total number of LBM containers: 0 (0 full)
Did not check for missing blocks
Did not check for orphaned blocks
Total full LBM containers with extra space: 0 (0 repaired)
Total full LBM container extra space in bytes: 0 (0 repaired)
Total incomplete LBM containers: 0 (0 repaired)
Total LBM partial records: 0 (0 repaired)
Total corrupted LBM metadata records in RocksDB: 0 (0 repaired)
I20260601 13:24:47.153751 11021 rpc_server.cc:225] running with OpenSSL 1.1.1  11 Sep 2018
I20260601 13:24:47.154327 11021 kserver.cc:163] Server-wide thread pool size limit: 3276
I20260601 13:24:47.154721 11021 txn_system_client.cc:432] TxnSystemClient initialization is disabled...
I20260601 13:24:47.155205 11021 ts_tablet_manager.cc:585] Loaded tablet metadata (0 total tablets, 0 live tablets)
I20260601 13:24:47.155244 11021 ts_tablet_manager.cc:531] Time spent load tablet metadata: real 0.000s	user 0.000s	sys 0.000s
I20260601 13:24:47.155275 11021 ts_tablet_manager.cc:616] Registered 0 tablets
I20260601 13:24:47.155290 11021 ts_tablet_manager.cc:595] Time spent register tablets: real 0.000s	user 0.000s	sys 0.000s
I20260601 13:24:47.160301 11021 rpc_server.cc:307] RPC server started. Bound to: 127.10.195.68:37383
I20260601 13:24:47.160396 14321 acceptor_pool.cc:272] collecting diagnostics on the listening RPC socket 127.10.195.68:37383 every 8 connection(s)
I20260601 13:24:47.161895 13900 catalog_manager.cc:3569] Servicing AlterTable request from {username='slave'} at 127.0.0.1:51678:
table { table_name: "range_aware_rebalance_new_range" } alter_schema_steps { type: ADD_RANGE_PARTITION add_range_partition { range_bounds { rows: "\006\001\n\000\000\000\007\001\024\000\000\000""\006\001\n\000\000\000\007\001\024\000\000\000" indirect_data: """" } } } schema { columns { name: "key" type: INT32 is_key: true is_nullable: false encoding: AUTO_ENCODING compression: DEFAULT_COMPRESSION cfile_block_size: 0 immutable: false } } modify_external_catalogs: true
I20260601 13:24:47.165455 14322 heartbeater.cc:344] Connected to a master server at 127.10.195.126:37827
I20260601 13:24:47.165575 14322 heartbeater.cc:461] Registering TS with master...
I20260601 13:24:47.165796 14322 heartbeater.cc:507] Master 127.10.195.126:37827 requested a full tablet report, sending...
I20260601 13:24:47.166534 13899 ts_manager.cc:194] Registered new tserver with Master: 77953f1f1a254aa4baf0e8d629c87e20 (127.10.195.68:37383)
W20260601 13:24:47.166746 13900 catalog_manager.cc:5956] Failed to send alter table request: Not found: failed to reset TS proxy: No leader found: Tablet 6b1c6152af534e76854c33ef320709a7 has no consensus state
W20260601 13:24:47.167069 13900 catalog_manager.cc:5956] Failed to send alter table request: Not found: failed to reset TS proxy: No leader found: Tablet f1a2510d8eb146cc805706a07bc722aa has no consensus state
I20260601 13:24:47.167227 13899 master_service.cc:502] Signed X509 certificate for tserver {username='slave'} at 127.0.0.1:51690
W20260601 13:24:47.167506 13900 catalog_manager.cc:5956] Failed to send alter table request: Not found: failed to reset TS proxy: No leader found: Tablet 719fd0dadb194e199b0674909fd9e723 has no consensus state
W20260601 13:24:47.167822 13900 catalog_manager.cc:5956] Failed to send alter table request: Not found: failed to reset TS proxy: No leader found: Tablet eebf51a6f5f243948d88cb888545c6dd has no consensus state
W20260601 13:24:47.168123 13900 catalog_manager.cc:5956] Failed to send alter table request: Not found: failed to reset TS proxy: No leader found: Tablet 7095cd2e53f24c958dbc6785cc9b97f5 has no consensus state
W20260601 13:24:47.168403 13900 catalog_manager.cc:5956] Failed to send alter table request: Not found: failed to reset TS proxy: No leader found: Tablet 2c5450228cd845acb2fb8aecc864a91b has no consensus state
W20260601 13:24:47.168700 13900 catalog_manager.cc:5956] Failed to send alter table request: Not found: failed to reset TS proxy: No leader found: Tablet b83fd94dcd1d494ea55dab01585aafe6 has no consensus state
W20260601 13:24:47.168992 13900 catalog_manager.cc:5956] Failed to send alter table request: Not found: failed to reset TS proxy: No leader found: Tablet 7180a3663d664810ab4a06e8b615f039 has no consensus state
I20260601 13:24:47.173705 13989 tablet_service.cc:1511] Processing CreateTablet for tablet 6b1c6152af534e76854c33ef320709a7 (DEFAULT_TABLE table=range_aware_rebalance_new_range [id=e421f2f13fce425ab7bd667726fa4e30]), partition=HASH (key) PARTITION 0, RANGE (key) PARTITION 10 <= VALUES < 20
I20260601 13:24:47.174047 13989 data_dirs.cc:400] Could only allocate 1 dirs of requested 3 for tablet 6b1c6152af534e76854c33ef320709a7. 1 dirs total, 0 dirs full, 0 dirs failed
I20260601 13:24:47.174389 13990 tablet_service.cc:1511] Processing CreateTablet for tablet f1a2510d8eb146cc805706a07bc722aa (DEFAULT_TABLE table=range_aware_rebalance_new_range [id=e421f2f13fce425ab7bd667726fa4e30]), partition=HASH (key) PARTITION 1, RANGE (key) PARTITION 10 <= VALUES < 20
I20260601 13:24:47.174640 13990 data_dirs.cc:400] Could only allocate 1 dirs of requested 3 for tablet f1a2510d8eb146cc805706a07bc722aa. 1 dirs total, 0 dirs full, 0 dirs failed
I20260601 13:24:47.176385 14205 tablet_bootstrap.cc:492] T 6b1c6152af534e76854c33ef320709a7 P e81eb4278a0d4dc3ad268fcddafdee5a: Bootstrap starting.
I20260601 13:24:47.176484 14067 tablet_service.cc:1511] Processing CreateTablet for tablet 6b1c6152af534e76854c33ef320709a7 (DEFAULT_TABLE table=range_aware_rebalance_new_range [id=e421f2f13fce425ab7bd667726fa4e30]), partition=HASH (key) PARTITION 0, RANGE (key) PARTITION 10 <= VALUES < 20
I20260601 13:24:47.176751 14067 data_dirs.cc:400] Could only allocate 1 dirs of requested 3 for tablet 6b1c6152af534e76854c33ef320709a7. 1 dirs total, 0 dirs full, 0 dirs failed
I20260601 13:24:47.177278 14146 tablet_service.cc:1511] Processing CreateTablet for tablet f1a2510d8eb146cc805706a07bc722aa (DEFAULT_TABLE table=range_aware_rebalance_new_range [id=e421f2f13fce425ab7bd667726fa4e30]), partition=HASH (key) PARTITION 1, RANGE (key) PARTITION 10 <= VALUES < 20
I20260601 13:24:47.177508 14205 tablet_bootstrap.cc:654] T 6b1c6152af534e76854c33ef320709a7 P e81eb4278a0d4dc3ad268fcddafdee5a: Neither blocks nor log segments found. Creating new log.
I20260601 13:24:47.177561 14146 data_dirs.cc:400] Could only allocate 1 dirs of requested 3 for tablet f1a2510d8eb146cc805706a07bc722aa. 1 dirs total, 0 dirs full, 0 dirs failed
I20260601 13:24:47.178601 14068 tablet_service.cc:1511] Processing CreateTablet for tablet 719fd0dadb194e199b0674909fd9e723 (DEFAULT_TABLE table=range_aware_rebalance_new_range [id=e421f2f13fce425ab7bd667726fa4e30]), partition=HASH (key) PARTITION 2, RANGE (key) PARTITION 10 <= VALUES < 20
I20260601 13:24:47.178601 14070 tablet_service.cc:1511] Processing CreateTablet for tablet eebf51a6f5f243948d88cb888545c6dd (DEFAULT_TABLE table=range_aware_rebalance_new_range [id=e421f2f13fce425ab7bd667726fa4e30]), partition=HASH (key) PARTITION 3, RANGE (key) PARTITION 10 <= VALUES < 20
I20260601 13:24:47.178874 14068 data_dirs.cc:400] Could only allocate 1 dirs of requested 3 for tablet 719fd0dadb194e199b0674909fd9e723. 1 dirs total, 0 dirs full, 0 dirs failed
I20260601 13:24:47.179044 14202 tablet_bootstrap.cc:492] T 6b1c6152af534e76854c33ef320709a7 P 78891d5d27b542cbba336b6b96409476: Bootstrap starting.
I20260601 13:24:47.179653 14203 tablet_bootstrap.cc:492] T f1a2510d8eb146cc805706a07bc722aa P d033d51e14a14dde95e22b51f809fc33: Bootstrap starting.
I20260601 13:24:47.180572 14202 tablet_bootstrap.cc:654] T 6b1c6152af534e76854c33ef320709a7 P 78891d5d27b542cbba336b6b96409476: Neither blocks nor log segments found. Creating new log.
I20260601 13:24:47.180625 14203 tablet_bootstrap.cc:654] T f1a2510d8eb146cc805706a07bc722aa P d033d51e14a14dde95e22b51f809fc33: Neither blocks nor log segments found. Creating new log.
I20260601 13:24:47.181210 14070 data_dirs.cc:400] Could only allocate 1 dirs of requested 3 for tablet eebf51a6f5f243948d88cb888545c6dd. 1 dirs total, 0 dirs full, 0 dirs failed
I20260601 13:24:47.181210 14143 tablet_service.cc:1511] Processing CreateTablet for tablet 719fd0dadb194e199b0674909fd9e723 (DEFAULT_TABLE table=range_aware_rebalance_new_range [id=e421f2f13fce425ab7bd667726fa4e30]), partition=HASH (key) PARTITION 2, RANGE (key) PARTITION 10 <= VALUES < 20
I20260601 13:24:47.182443 14143 data_dirs.cc:400] Could only allocate 1 dirs of requested 3 for tablet 719fd0dadb194e199b0674909fd9e723. 1 dirs total, 0 dirs full, 0 dirs failed
I20260601 13:24:47.182544 14146 tablet_service.cc:1511] Processing CreateTablet for tablet 7095cd2e53f24c958dbc6785cc9b97f5 (DEFAULT_TABLE table=range_aware_rebalance_new_range [id=e421f2f13fce425ab7bd667726fa4e30]), partition=HASH (key) PARTITION 4, RANGE (key) PARTITION 10 <= VALUES < 20
I20260601 13:24:47.182542 13990 tablet_service.cc:1511] Processing CreateTablet for tablet eebf51a6f5f243948d88cb888545c6dd (DEFAULT_TABLE table=range_aware_rebalance_new_range [id=e421f2f13fce425ab7bd667726fa4e30]), partition=HASH (key) PARTITION 3, RANGE (key) PARTITION 10 <= VALUES < 20
I20260601 13:24:47.182721 13989 tablet_service.cc:1511] Processing CreateTablet for tablet 7095cd2e53f24c958dbc6785cc9b97f5 (DEFAULT_TABLE table=range_aware_rebalance_new_range [id=e421f2f13fce425ab7bd667726fa4e30]), partition=HASH (key) PARTITION 4, RANGE (key) PARTITION 10 <= VALUES < 20
I20260601 13:24:47.182832 14146 data_dirs.cc:400] Could only allocate 1 dirs of requested 3 for tablet 7095cd2e53f24c958dbc6785cc9b97f5. 1 dirs total, 0 dirs full, 0 dirs failed
I20260601 13:24:47.182838 13990 data_dirs.cc:400] Could only allocate 1 dirs of requested 3 for tablet eebf51a6f5f243948d88cb888545c6dd. 1 dirs total, 0 dirs full, 0 dirs failed
I20260601 13:24:47.183413 13989 data_dirs.cc:400] Could only allocate 1 dirs of requested 3 for tablet 7095cd2e53f24c958dbc6785cc9b97f5. 1 dirs total, 0 dirs full, 0 dirs failed
I20260601 13:24:47.184549 14145 tablet_service.cc:1511] Processing CreateTablet for tablet 2c5450228cd845acb2fb8aecc864a91b (DEFAULT_TABLE table=range_aware_rebalance_new_range [id=e421f2f13fce425ab7bd667726fa4e30]), partition=HASH (key) PARTITION 5, RANGE (key) PARTITION 10 <= VALUES < 20
I20260601 13:24:47.184769 14145 data_dirs.cc:400] Could only allocate 1 dirs of requested 3 for tablet 2c5450228cd845acb2fb8aecc864a91b. 1 dirs total, 0 dirs full, 0 dirs failed
I20260601 13:24:47.186228 14068 tablet_service.cc:1511] Processing CreateTablet for tablet 2c5450228cd845acb2fb8aecc864a91b (DEFAULT_TABLE table=range_aware_rebalance_new_range [id=e421f2f13fce425ab7bd667726fa4e30]), partition=HASH (key) PARTITION 5, RANGE (key) PARTITION 10 <= VALUES < 20
I20260601 13:24:47.186480 14071 tablet_service.cc:1511] Processing CreateTablet for tablet b83fd94dcd1d494ea55dab01585aafe6 (DEFAULT_TABLE table=range_aware_rebalance_new_range [id=e421f2f13fce425ab7bd667726fa4e30]), partition=HASH (key) PARTITION 6, RANGE (key) PARTITION 10 <= VALUES < 20
I20260601 13:24:47.186514 14068 data_dirs.cc:400] Could only allocate 1 dirs of requested 3 for tablet 2c5450228cd845acb2fb8aecc864a91b. 1 dirs total, 0 dirs full, 0 dirs failed
W20260601 13:24:47.186826 13888 catalog_manager.cc:4809] Async tablet task AlterTable RPC for tablet 7180a3663d664810ab4a06e8b615f039 (table range_aware_rebalance_new_range [id=e421f2f13fce425ab7bd667726fa4e30], current schema version=0) failed: Not found: failed to reset TS proxy: No leader found: Tablet 7180a3663d664810ab4a06e8b615f039 consensus state has no leader
I20260601 13:24:47.186882 14205 tablet_bootstrap.cc:492] T 6b1c6152af534e76854c33ef320709a7 P e81eb4278a0d4dc3ad268fcddafdee5a: No bootstrap required, opened a new log
I20260601 13:24:47.187057 14205 ts_tablet_manager.cc:1403] T 6b1c6152af534e76854c33ef320709a7 P e81eb4278a0d4dc3ad268fcddafdee5a: Time spent bootstrapping tablet: real 0.011s	user 0.001s	sys 0.001s
I20260601 13:24:47.187072 14071 data_dirs.cc:400] Could only allocate 1 dirs of requested 3 for tablet b83fd94dcd1d494ea55dab01585aafe6. 1 dirs total, 0 dirs full, 0 dirs failed
I20260601 13:24:47.187554 14205 raft_consensus.cc:359] T 6b1c6152af534e76854c33ef320709a7 P e81eb4278a0d4dc3ad268fcddafdee5a [term 0 FOLLOWER]: Replica starting. Triggering 0 pending ops. Active config: opid_index: -1 OBSOLETE_local: false peers { permanent_uuid: "77953f1f1a254aa4baf0e8d629c87e20" member_type: VOTER last_known_addr { host: "127.10.195.68" port: 37383 } } peers { permanent_uuid: "e81eb4278a0d4dc3ad268fcddafdee5a" member_type: VOTER last_known_addr { host: "127.10.195.65" port: 37279 } } peers { permanent_uuid: "78891d5d27b542cbba336b6b96409476" member_type: VOTER last_known_addr { host: "127.10.195.66" port: 33669 } }
I20260601 13:24:47.187668 14205 raft_consensus.cc:385] T 6b1c6152af534e76854c33ef320709a7 P e81eb4278a0d4dc3ad268fcddafdee5a [term 0 FOLLOWER]: Consensus starting up: Expiring failure detector timer to make a prompt election more likely
I20260601 13:24:47.187698 14205 raft_consensus.cc:740] T 6b1c6152af534e76854c33ef320709a7 P e81eb4278a0d4dc3ad268fcddafdee5a [term 0 FOLLOWER]: Becoming Follower/Learner. State: Replica: e81eb4278a0d4dc3ad268fcddafdee5a, State: Initialized, Role: FOLLOWER
I20260601 13:24:47.187816 14205 consensus_queue.cc:260] T 6b1c6152af534e76854c33ef320709a7 P e81eb4278a0d4dc3ad268fcddafdee5a [NON_LEADER]: Queue going to NON_LEADER mode. State: All replicated index: 0, Majority replicated index: 0, Committed index: 0, Last appended: 0.0, Last appended by leader: 0, Current term: 0, Majority size: -1, State: 0, Mode: NON_LEADER, active raft config: opid_index: -1 OBSOLETE_local: false peers { permanent_uuid: "77953f1f1a254aa4baf0e8d629c87e20" member_type: VOTER last_known_addr { host: "127.10.195.68" port: 37383 } } peers { permanent_uuid: "e81eb4278a0d4dc3ad268fcddafdee5a" member_type: VOTER last_known_addr { host: "127.10.195.65" port: 37279 } } peers { permanent_uuid: "78891d5d27b542cbba336b6b96409476" member_type: VOTER last_known_addr { host: "127.10.195.66" port: 33669 } }
I20260601 13:24:47.188098 14205 ts_tablet_manager.cc:1434] T 6b1c6152af534e76854c33ef320709a7 P e81eb4278a0d4dc3ad268fcddafdee5a: Time spent starting tablet: real 0.001s	user 0.001s	sys 0.000s
I20260601 13:24:47.188288 14205 tablet_bootstrap.cc:492] T f1a2510d8eb146cc805706a07bc722aa P e81eb4278a0d4dc3ad268fcddafdee5a: Bootstrap starting.
I20260601 13:24:47.189119 14202 tablet_bootstrap.cc:492] T 6b1c6152af534e76854c33ef320709a7 P 78891d5d27b542cbba336b6b96409476: No bootstrap required, opened a new log
I20260601 13:24:47.189205 14202 ts_tablet_manager.cc:1403] T 6b1c6152af534e76854c33ef320709a7 P 78891d5d27b542cbba336b6b96409476: Time spent bootstrapping tablet: real 0.010s	user 0.000s	sys 0.002s
I20260601 13:24:47.189324 14205 tablet_bootstrap.cc:654] T f1a2510d8eb146cc805706a07bc722aa P e81eb4278a0d4dc3ad268fcddafdee5a: Neither blocks nor log segments found. Creating new log.
I20260601 13:24:47.189635 14202 raft_consensus.cc:359] T 6b1c6152af534e76854c33ef320709a7 P 78891d5d27b542cbba336b6b96409476 [term 0 FOLLOWER]: Replica starting. Triggering 0 pending ops. Active config: opid_index: -1 OBSOLETE_local: false peers { permanent_uuid: "77953f1f1a254aa4baf0e8d629c87e20" member_type: VOTER last_known_addr { host: "127.10.195.68" port: 37383 } } peers { permanent_uuid: "e81eb4278a0d4dc3ad268fcddafdee5a" member_type: VOTER last_known_addr { host: "127.10.195.65" port: 37279 } } peers { permanent_uuid: "78891d5d27b542cbba336b6b96409476" member_type: VOTER last_known_addr { host: "127.10.195.66" port: 33669 } }
I20260601 13:24:47.189747 14202 raft_consensus.cc:385] T 6b1c6152af534e76854c33ef320709a7 P 78891d5d27b542cbba336b6b96409476 [term 0 FOLLOWER]: Consensus starting up: Expiring failure detector timer to make a prompt election more likely
I20260601 13:24:47.189782 14202 raft_consensus.cc:740] T 6b1c6152af534e76854c33ef320709a7 P 78891d5d27b542cbba336b6b96409476 [term 0 FOLLOWER]: Becoming Follower/Learner. State: Replica: 78891d5d27b542cbba336b6b96409476, State: Initialized, Role: FOLLOWER
I20260601 13:24:47.189901 14202 consensus_queue.cc:260] T 6b1c6152af534e76854c33ef320709a7 P 78891d5d27b542cbba336b6b96409476 [NON_LEADER]: Queue going to NON_LEADER mode. State: All replicated index: 0, Majority replicated index: 0, Committed index: 0, Last appended: 0.0, Last appended by leader: 0, Current term: 0, Majority size: -1, State: 0, Mode: NON_LEADER, active raft config: opid_index: -1 OBSOLETE_local: false peers { permanent_uuid: "77953f1f1a254aa4baf0e8d629c87e20" member_type: VOTER last_known_addr { host: "127.10.195.68" port: 37383 } } peers { permanent_uuid: "e81eb4278a0d4dc3ad268fcddafdee5a" member_type: VOTER last_known_addr { host: "127.10.195.65" port: 37279 } } peers { permanent_uuid: "78891d5d27b542cbba336b6b96409476" member_type: VOTER last_known_addr { host: "127.10.195.66" port: 33669 } }
I20260601 13:24:47.190219 14202 ts_tablet_manager.cc:1434] T 6b1c6152af534e76854c33ef320709a7 P 78891d5d27b542cbba336b6b96409476: Time spent starting tablet: real 0.001s	user 0.001s	sys 0.001s
I20260601 13:24:47.190392 14202 tablet_bootstrap.cc:492] T 719fd0dadb194e199b0674909fd9e723 P 78891d5d27b542cbba336b6b96409476: Bootstrap starting.
I20260601 13:24:47.190922 13990 tablet_service.cc:1511] Processing CreateTablet for tablet 7180a3663d664810ab4a06e8b615f039 (DEFAULT_TABLE table=range_aware_rebalance_new_range [id=e421f2f13fce425ab7bd667726fa4e30]), partition=HASH (key) PARTITION 7, RANGE (key) PARTITION 10 <= VALUES < 20
I20260601 13:24:47.191188 13990 data_dirs.cc:400] Could only allocate 1 dirs of requested 3 for tablet 7180a3663d664810ab4a06e8b615f039. 1 dirs total, 0 dirs full, 0 dirs failed
I20260601 13:24:47.191535 14202 tablet_bootstrap.cc:654] T 719fd0dadb194e199b0674909fd9e723 P 78891d5d27b542cbba336b6b96409476: Neither blocks nor log segments found. Creating new log.
I20260601 13:24:47.192241 14205 tablet_bootstrap.cc:492] T f1a2510d8eb146cc805706a07bc722aa P e81eb4278a0d4dc3ad268fcddafdee5a: No bootstrap required, opened a new log
I20260601 13:24:47.192332 14205 ts_tablet_manager.cc:1403] T f1a2510d8eb146cc805706a07bc722aa P e81eb4278a0d4dc3ad268fcddafdee5a: Time spent bootstrapping tablet: real 0.004s	user 0.001s	sys 0.001s
I20260601 13:24:47.192790 14205 raft_consensus.cc:359] T f1a2510d8eb146cc805706a07bc722aa P e81eb4278a0d4dc3ad268fcddafdee5a [term 0 FOLLOWER]: Replica starting. Triggering 0 pending ops. Active config: opid_index: -1 OBSOLETE_local: false peers { permanent_uuid: "77953f1f1a254aa4baf0e8d629c87e20" member_type: VOTER last_known_addr { host: "127.10.195.68" port: 37383 } } peers { permanent_uuid: "e81eb4278a0d4dc3ad268fcddafdee5a" member_type: VOTER last_known_addr { host: "127.10.195.65" port: 37279 } } peers { permanent_uuid: "d033d51e14a14dde95e22b51f809fc33" member_type: VOTER last_known_addr { host: "127.10.195.67" port: 44331 } }
I20260601 13:24:47.192899 14205 raft_consensus.cc:385] T f1a2510d8eb146cc805706a07bc722aa P e81eb4278a0d4dc3ad268fcddafdee5a [term 0 FOLLOWER]: Consensus starting up: Expiring failure detector timer to make a prompt election more likely
I20260601 13:24:47.192934 14205 raft_consensus.cc:740] T f1a2510d8eb146cc805706a07bc722aa P e81eb4278a0d4dc3ad268fcddafdee5a [term 0 FOLLOWER]: Becoming Follower/Learner. State: Replica: e81eb4278a0d4dc3ad268fcddafdee5a, State: Initialized, Role: FOLLOWER
I20260601 13:24:47.193053 14205 consensus_queue.cc:260] T f1a2510d8eb146cc805706a07bc722aa P e81eb4278a0d4dc3ad268fcddafdee5a [NON_LEADER]: Queue going to NON_LEADER mode. State: All replicated index: 0, Majority replicated index: 0, Committed index: 0, Last appended: 0.0, Last appended by leader: 0, Current term: 0, Majority size: -1, State: 0, Mode: NON_LEADER, active raft config: opid_index: -1 OBSOLETE_local: false peers { permanent_uuid: "77953f1f1a254aa4baf0e8d629c87e20" member_type: VOTER last_known_addr { host: "127.10.195.68" port: 37383 } } peers { permanent_uuid: "e81eb4278a0d4dc3ad268fcddafdee5a" member_type: VOTER last_known_addr { host: "127.10.195.65" port: 37279 } } peers { permanent_uuid: "d033d51e14a14dde95e22b51f809fc33" member_type: VOTER last_known_addr { host: "127.10.195.67" port: 44331 } }
I20260601 13:24:47.193357 14205 ts_tablet_manager.cc:1434] T f1a2510d8eb146cc805706a07bc722aa P e81eb4278a0d4dc3ad268fcddafdee5a: Time spent starting tablet: real 0.001s	user 0.000s	sys 0.000s
I20260601 13:24:47.193519 14205 tablet_bootstrap.cc:492] T eebf51a6f5f243948d88cb888545c6dd P e81eb4278a0d4dc3ad268fcddafdee5a: Bootstrap starting.
I20260601 13:24:47.193619 14145 tablet_service.cc:1511] Processing CreateTablet for tablet 7180a3663d664810ab4a06e8b615f039 (DEFAULT_TABLE table=range_aware_rebalance_new_range [id=e421f2f13fce425ab7bd667726fa4e30]), partition=HASH (key) PARTITION 7, RANGE (key) PARTITION 10 <= VALUES < 20
I20260601 13:24:47.193878 14145 data_dirs.cc:400] Could only allocate 1 dirs of requested 3 for tablet 7180a3663d664810ab4a06e8b615f039. 1 dirs total, 0 dirs full, 0 dirs failed
I20260601 13:24:47.194453 13989 tablet_service.cc:1511] Processing CreateTablet for tablet b83fd94dcd1d494ea55dab01585aafe6 (DEFAULT_TABLE table=range_aware_rebalance_new_range [id=e421f2f13fce425ab7bd667726fa4e30]), partition=HASH (key) PARTITION 6, RANGE (key) PARTITION 10 <= VALUES < 20
I20260601 13:24:47.194450 14205 tablet_bootstrap.cc:654] T eebf51a6f5f243948d88cb888545c6dd P e81eb4278a0d4dc3ad268fcddafdee5a: Neither blocks nor log segments found. Creating new log.
I20260601 13:24:47.194711 13989 data_dirs.cc:400] Could only allocate 1 dirs of requested 3 for tablet b83fd94dcd1d494ea55dab01585aafe6. 1 dirs total, 0 dirs full, 0 dirs failed
I20260601 13:24:47.195906 14205 tablet_bootstrap.cc:492] T eebf51a6f5f243948d88cb888545c6dd P e81eb4278a0d4dc3ad268fcddafdee5a: No bootstrap required, opened a new log
I20260601 13:24:47.195997 14205 ts_tablet_manager.cc:1403] T eebf51a6f5f243948d88cb888545c6dd P e81eb4278a0d4dc3ad268fcddafdee5a: Time spent bootstrapping tablet: real 0.003s	user 0.002s	sys 0.000s
I20260601 13:24:47.196462 14205 raft_consensus.cc:359] T eebf51a6f5f243948d88cb888545c6dd P e81eb4278a0d4dc3ad268fcddafdee5a [term 0 FOLLOWER]: Replica starting. Triggering 0 pending ops. Active config: opid_index: -1 OBSOLETE_local: false peers { permanent_uuid: "78891d5d27b542cbba336b6b96409476" member_type: VOTER last_known_addr { host: "127.10.195.66" port: 33669 } } peers { permanent_uuid: "77953f1f1a254aa4baf0e8d629c87e20" member_type: VOTER last_known_addr { host: "127.10.195.68" port: 37383 } } peers { permanent_uuid: "e81eb4278a0d4dc3ad268fcddafdee5a" member_type: VOTER last_known_addr { host: "127.10.195.65" port: 37279 } }
I20260601 13:24:47.196539 14205 raft_consensus.cc:385] T eebf51a6f5f243948d88cb888545c6dd P e81eb4278a0d4dc3ad268fcddafdee5a [term 0 FOLLOWER]: Consensus starting up: Expiring failure detector timer to make a prompt election more likely
I20260601 13:24:47.196560 14205 raft_consensus.cc:740] T eebf51a6f5f243948d88cb888545c6dd P e81eb4278a0d4dc3ad268fcddafdee5a [term 0 FOLLOWER]: Becoming Follower/Learner. State: Replica: e81eb4278a0d4dc3ad268fcddafdee5a, State: Initialized, Role: FOLLOWER
I20260601 13:24:47.196691 14205 consensus_queue.cc:260] T eebf51a6f5f243948d88cb888545c6dd P e81eb4278a0d4dc3ad268fcddafdee5a [NON_LEADER]: Queue going to NON_LEADER mode. State: All replicated index: 0, Majority replicated index: 0, Committed index: 0, Last appended: 0.0, Last appended by leader: 0, Current term: 0, Majority size: -1, State: 0, Mode: NON_LEADER, active raft config: opid_index: -1 OBSOLETE_local: false peers { permanent_uuid: "78891d5d27b542cbba336b6b96409476" member_type: VOTER last_known_addr { host: "127.10.195.66" port: 33669 } } peers { permanent_uuid: "77953f1f1a254aa4baf0e8d629c87e20" member_type: VOTER last_known_addr { host: "127.10.195.68" port: 37383 } } peers { permanent_uuid: "e81eb4278a0d4dc3ad268fcddafdee5a" member_type: VOTER last_known_addr { host: "127.10.195.65" port: 37279 } }
I20260601 13:24:47.196977 14205 ts_tablet_manager.cc:1434] T eebf51a6f5f243948d88cb888545c6dd P e81eb4278a0d4dc3ad268fcddafdee5a: Time spent starting tablet: real 0.001s	user 0.001s	sys 0.000s
I20260601 13:24:47.197168 14205 tablet_bootstrap.cc:492] T 7095cd2e53f24c958dbc6785cc9b97f5 P e81eb4278a0d4dc3ad268fcddafdee5a: Bootstrap starting.
I20260601 13:24:47.197420 14203 tablet_bootstrap.cc:492] T f1a2510d8eb146cc805706a07bc722aa P d033d51e14a14dde95e22b51f809fc33: No bootstrap required, opened a new log
I20260601 13:24:47.197499 14203 ts_tablet_manager.cc:1403] T f1a2510d8eb146cc805706a07bc722aa P d033d51e14a14dde95e22b51f809fc33: Time spent bootstrapping tablet: real 0.018s	user 0.001s	sys 0.000s
I20260601 13:24:47.197880 14203 raft_consensus.cc:359] T f1a2510d8eb146cc805706a07bc722aa P d033d51e14a14dde95e22b51f809fc33 [term 0 FOLLOWER]: Replica starting. Triggering 0 pending ops. Active config: opid_index: -1 OBSOLETE_local: false peers { permanent_uuid: "77953f1f1a254aa4baf0e8d629c87e20" member_type: VOTER last_known_addr { host: "127.10.195.68" port: 37383 } } peers { permanent_uuid: "e81eb4278a0d4dc3ad268fcddafdee5a" member_type: VOTER last_known_addr { host: "127.10.195.65" port: 37279 } } peers { permanent_uuid: "d033d51e14a14dde95e22b51f809fc33" member_type: VOTER last_known_addr { host: "127.10.195.67" port: 44331 } }
I20260601 13:24:47.197979 14203 raft_consensus.cc:385] T f1a2510d8eb146cc805706a07bc722aa P d033d51e14a14dde95e22b51f809fc33 [term 0 FOLLOWER]: Consensus starting up: Expiring failure detector timer to make a prompt election more likely
I20260601 13:24:47.198038 14203 raft_consensus.cc:740] T f1a2510d8eb146cc805706a07bc722aa P d033d51e14a14dde95e22b51f809fc33 [term 0 FOLLOWER]: Becoming Follower/Learner. State: Replica: d033d51e14a14dde95e22b51f809fc33, State: Initialized, Role: FOLLOWER
I20260601 13:24:47.198221 14203 consensus_queue.cc:260] T f1a2510d8eb146cc805706a07bc722aa P d033d51e14a14dde95e22b51f809fc33 [NON_LEADER]: Queue going to NON_LEADER mode. State: All replicated index: 0, Majority replicated index: 0, Committed index: 0, Last appended: 0.0, Last appended by leader: 0, Current term: 0, Majority size: -1, State: 0, Mode: NON_LEADER, active raft config: opid_index: -1 OBSOLETE_local: false peers { permanent_uuid: "77953f1f1a254aa4baf0e8d629c87e20" member_type: VOTER last_known_addr { host: "127.10.195.68" port: 37383 } } peers { permanent_uuid: "e81eb4278a0d4dc3ad268fcddafdee5a" member_type: VOTER last_known_addr { host: "127.10.195.65" port: 37279 } } peers { permanent_uuid: "d033d51e14a14dde95e22b51f809fc33" member_type: VOTER last_known_addr { host: "127.10.195.67" port: 44331 } }
I20260601 13:24:47.198403 14205 tablet_bootstrap.cc:654] T 7095cd2e53f24c958dbc6785cc9b97f5 P e81eb4278a0d4dc3ad268fcddafdee5a: Neither blocks nor log segments found. Creating new log.
I20260601 13:24:47.198483 14203 ts_tablet_manager.cc:1434] T f1a2510d8eb146cc805706a07bc722aa P d033d51e14a14dde95e22b51f809fc33: Time spent starting tablet: real 0.001s	user 0.001s	sys 0.000s
I20260601 13:24:47.198652 14203 tablet_bootstrap.cc:492] T 719fd0dadb194e199b0674909fd9e723 P d033d51e14a14dde95e22b51f809fc33: Bootstrap starting.
I20260601 13:24:47.199419 14286 tablet_service.cc:1511] Processing CreateTablet for tablet 6b1c6152af534e76854c33ef320709a7 (DEFAULT_TABLE table=range_aware_rebalance_new_range [id=e421f2f13fce425ab7bd667726fa4e30]), partition=HASH (key) PARTITION 0, RANGE (key) PARTITION 10 <= VALUES < 20
I20260601 13:24:47.199586 14203 tablet_bootstrap.cc:654] T 719fd0dadb194e199b0674909fd9e723 P d033d51e14a14dde95e22b51f809fc33: Neither blocks nor log segments found. Creating new log.
I20260601 13:24:47.199735 14286 data_dirs.cc:400] Could only allocate 1 dirs of requested 3 for tablet 6b1c6152af534e76854c33ef320709a7. 1 dirs total, 0 dirs full, 0 dirs failed
I20260601 13:24:47.199900 14285 tablet_service.cc:1511] Processing CreateTablet for tablet f1a2510d8eb146cc805706a07bc722aa (DEFAULT_TABLE table=range_aware_rebalance_new_range [id=e421f2f13fce425ab7bd667726fa4e30]), partition=HASH (key) PARTITION 1, RANGE (key) PARTITION 10 <= VALUES < 20
I20260601 13:24:47.200186 14285 data_dirs.cc:400] Could only allocate 1 dirs of requested 3 for tablet f1a2510d8eb146cc805706a07bc722aa. 1 dirs total, 0 dirs full, 0 dirs failed
I20260601 13:24:47.201202 14205 tablet_bootstrap.cc:492] T 7095cd2e53f24c958dbc6785cc9b97f5 P e81eb4278a0d4dc3ad268fcddafdee5a: No bootstrap required, opened a new log
I20260601 13:24:47.201298 14205 ts_tablet_manager.cc:1403] T 7095cd2e53f24c958dbc6785cc9b97f5 P e81eb4278a0d4dc3ad268fcddafdee5a: Time spent bootstrapping tablet: real 0.004s	user 0.002s	sys 0.000s
I20260601 13:24:47.201754 14205 raft_consensus.cc:359] T 7095cd2e53f24c958dbc6785cc9b97f5 P e81eb4278a0d4dc3ad268fcddafdee5a [term 0 FOLLOWER]: Replica starting. Triggering 0 pending ops. Active config: opid_index: -1 OBSOLETE_local: false peers { permanent_uuid: "77953f1f1a254aa4baf0e8d629c87e20" member_type: VOTER last_known_addr { host: "127.10.195.68" port: 37383 } } peers { permanent_uuid: "d033d51e14a14dde95e22b51f809fc33" member_type: VOTER last_known_addr { host: "127.10.195.67" port: 44331 } } peers { permanent_uuid: "e81eb4278a0d4dc3ad268fcddafdee5a" member_type: VOTER last_known_addr { host: "127.10.195.65" port: 37279 } }
I20260601 13:24:47.201853 14205 raft_consensus.cc:385] T 7095cd2e53f24c958dbc6785cc9b97f5 P e81eb4278a0d4dc3ad268fcddafdee5a [term 0 FOLLOWER]: Consensus starting up: Expiring failure detector timer to make a prompt election more likely
I20260601 13:24:47.201884 14205 raft_consensus.cc:740] T 7095cd2e53f24c958dbc6785cc9b97f5 P e81eb4278a0d4dc3ad268fcddafdee5a [term 0 FOLLOWER]: Becoming Follower/Learner. State: Replica: e81eb4278a0d4dc3ad268fcddafdee5a, State: Initialized, Role: FOLLOWER
I20260601 13:24:47.202029 14205 consensus_queue.cc:260] T 7095cd2e53f24c958dbc6785cc9b97f5 P e81eb4278a0d4dc3ad268fcddafdee5a [NON_LEADER]: Queue going to NON_LEADER mode. State: All replicated index: 0, Majority replicated index: 0, Committed index: 0, Last appended: 0.0, Last appended by leader: 0, Current term: 0, Majority size: -1, State: 0, Mode: NON_LEADER, active raft config: opid_index: -1 OBSOLETE_local: false peers { permanent_uuid: "77953f1f1a254aa4baf0e8d629c87e20" member_type: VOTER last_known_addr { host: "127.10.195.68" port: 37383 } } peers { permanent_uuid: "d033d51e14a14dde95e22b51f809fc33" member_type: VOTER last_known_addr { host: "127.10.195.67" port: 44331 } } peers { permanent_uuid: "e81eb4278a0d4dc3ad268fcddafdee5a" member_type: VOTER last_known_addr { host: "127.10.195.65" port: 37279 } }
I20260601 13:24:47.202207 14202 tablet_bootstrap.cc:492] T 719fd0dadb194e199b0674909fd9e723 P 78891d5d27b542cbba336b6b96409476: No bootstrap required, opened a new log
I20260601 13:24:47.202292 14202 ts_tablet_manager.cc:1403] T 719fd0dadb194e199b0674909fd9e723 P 78891d5d27b542cbba336b6b96409476: Time spent bootstrapping tablet: real 0.012s	user 0.001s	sys 0.001s
I20260601 13:24:47.202333 14205 ts_tablet_manager.cc:1434] T 7095cd2e53f24c958dbc6785cc9b97f5 P e81eb4278a0d4dc3ad268fcddafdee5a: Time spent starting tablet: real 0.001s	user 0.001s	sys 0.000s
I20260601 13:24:47.202378 14284 tablet_service.cc:1511] Processing CreateTablet for tablet 719fd0dadb194e199b0674909fd9e723 (DEFAULT_TABLE table=range_aware_rebalance_new_range [id=e421f2f13fce425ab7bd667726fa4e30]), partition=HASH (key) PARTITION 2, RANGE (key) PARTITION 10 <= VALUES < 20
I20260601 13:24:47.202503 14205 tablet_bootstrap.cc:492] T 7180a3663d664810ab4a06e8b615f039 P e81eb4278a0d4dc3ad268fcddafdee5a: Bootstrap starting.
I20260601 13:24:47.202589 14334 tablet_bootstrap.cc:492] T 6b1c6152af534e76854c33ef320709a7 P 77953f1f1a254aa4baf0e8d629c87e20: Bootstrap starting.
I20260601 13:24:47.202716 14202 raft_consensus.cc:359] T 719fd0dadb194e199b0674909fd9e723 P 78891d5d27b542cbba336b6b96409476 [term 0 FOLLOWER]: Replica starting. Triggering 0 pending ops. Active config: opid_index: -1 OBSOLETE_local: false peers { permanent_uuid: "77953f1f1a254aa4baf0e8d629c87e20" member_type: VOTER last_known_addr { host: "127.10.195.68" port: 37383 } } peers { permanent_uuid: "d033d51e14a14dde95e22b51f809fc33" member_type: VOTER last_known_addr { host: "127.10.195.67" port: 44331 } } peers { permanent_uuid: "78891d5d27b542cbba336b6b96409476" member_type: VOTER last_known_addr { host: "127.10.195.66" port: 33669 } }
I20260601 13:24:47.202812 14202 raft_consensus.cc:385] T 719fd0dadb194e199b0674909fd9e723 P 78891d5d27b542cbba336b6b96409476 [term 0 FOLLOWER]: Consensus starting up: Expiring failure detector timer to make a prompt election more likely
I20260601 13:24:47.202917 14202 raft_consensus.cc:740] T 719fd0dadb194e199b0674909fd9e723 P 78891d5d27b542cbba336b6b96409476 [term 0 FOLLOWER]: Becoming Follower/Learner. State: Replica: 78891d5d27b542cbba336b6b96409476, State: Initialized, Role: FOLLOWER
I20260601 13:24:47.203040 14202 consensus_queue.cc:260] T 719fd0dadb194e199b0674909fd9e723 P 78891d5d27b542cbba336b6b96409476 [NON_LEADER]: Queue going to NON_LEADER mode. State: All replicated index: 0, Majority replicated index: 0, Committed index: 0, Last appended: 0.0, Last appended by leader: 0, Current term: 0, Majority size: -1, State: 0, Mode: NON_LEADER, active raft config: opid_index: -1 OBSOLETE_local: false peers { permanent_uuid: "77953f1f1a254aa4baf0e8d629c87e20" member_type: VOTER last_known_addr { host: "127.10.195.68" port: 37383 } } peers { permanent_uuid: "d033d51e14a14dde95e22b51f809fc33" member_type: VOTER last_known_addr { host: "127.10.195.67" port: 44331 } } peers { permanent_uuid: "78891d5d27b542cbba336b6b96409476" member_type: VOTER last_known_addr { host: "127.10.195.66" port: 33669 } }
I20260601 13:24:47.203157 14203 tablet_bootstrap.cc:492] T 719fd0dadb194e199b0674909fd9e723 P d033d51e14a14dde95e22b51f809fc33: No bootstrap required, opened a new log
I20260601 13:24:47.203074 14282 tablet_service.cc:1511] Processing CreateTablet for tablet 7095cd2e53f24c958dbc6785cc9b97f5 (DEFAULT_TABLE table=range_aware_rebalance_new_range [id=e421f2f13fce425ab7bd667726fa4e30]), partition=HASH (key) PARTITION 4, RANGE (key) PARTITION 10 <= VALUES < 20
I20260601 13:24:47.203223 14203 ts_tablet_manager.cc:1403] T 719fd0dadb194e199b0674909fd9e723 P d033d51e14a14dde95e22b51f809fc33: Time spent bootstrapping tablet: real 0.005s	user 0.002s	sys 0.000s
I20260601 13:24:47.203305 14202 ts_tablet_manager.cc:1434] T 719fd0dadb194e199b0674909fd9e723 P 78891d5d27b542cbba336b6b96409476: Time spent starting tablet: real 0.001s	user 0.001s	sys 0.000s
I20260601 13:24:47.203461 14202 tablet_bootstrap.cc:492] T eebf51a6f5f243948d88cb888545c6dd P 78891d5d27b542cbba336b6b96409476: Bootstrap starting.
I20260601 13:24:47.203519 14281 tablet_service.cc:1511] Processing CreateTablet for tablet 2c5450228cd845acb2fb8aecc864a91b (DEFAULT_TABLE table=range_aware_rebalance_new_range [id=e421f2f13fce425ab7bd667726fa4e30]), partition=HASH (key) PARTITION 5, RANGE (key) PARTITION 10 <= VALUES < 20
I20260601 13:24:47.203625 14203 raft_consensus.cc:359] T 719fd0dadb194e199b0674909fd9e723 P d033d51e14a14dde95e22b51f809fc33 [term 0 FOLLOWER]: Replica starting. Triggering 0 pending ops. Active config: opid_index: -1 OBSOLETE_local: false peers { permanent_uuid: "77953f1f1a254aa4baf0e8d629c87e20" member_type: VOTER last_known_addr { host: "127.10.195.68" port: 37383 } } peers { permanent_uuid: "d033d51e14a14dde95e22b51f809fc33" member_type: VOTER last_known_addr { host: "127.10.195.67" port: 44331 } } peers { permanent_uuid: "78891d5d27b542cbba336b6b96409476" member_type: VOTER last_known_addr { host: "127.10.195.66" port: 33669 } }
I20260601 13:24:47.203697 14205 tablet_bootstrap.cc:654] T 7180a3663d664810ab4a06e8b615f039 P e81eb4278a0d4dc3ad268fcddafdee5a: Neither blocks nor log segments found. Creating new log.
I20260601 13:24:47.203709 14203 raft_consensus.cc:385] T 719fd0dadb194e199b0674909fd9e723 P d033d51e14a14dde95e22b51f809fc33 [term 0 FOLLOWER]: Consensus starting up: Expiring failure detector timer to make a prompt election more likely
