I20260601 13:25:09.620712 27933 consensus_queue.cc:260] T 2ab1dfff52d14c98ab1d55c668516763 P 8d8f97c0b8044ec8b4e3300fa61e0167 [NON_LEADER]: Queue going to NON_LEADER mode. State: All replicated index: 0, Majority replicated index: 0, Committed index: 0, Last appended: 0.0, Last appended by leader: 0, Current term: 0, Majority size: -1, State: 0, Mode: NON_LEADER, active raft config: opid_index: -1 OBSOLETE_local: false peers { permanent_uuid: "8d8f97c0b8044ec8b4e3300fa61e0167" member_type: VOTER last_known_addr { host: "127.22.197.193" port: 44031 } } peers { permanent_uuid: "5c6861b8ea614525a77a779366f84daa" member_type: VOTER last_known_addr { host: "127.22.197.194" port: 38489 } } peers { permanent_uuid: "c2cef6bdfea5462cb81a8238fff9046b" member_type: VOTER last_known_addr { host: "127.22.197.195" port: 42981 } }
I20260601 13:25:09.621363 27932 tablet_bootstrap.cc:492] T ff98bfc636c14e07b1331c5d9bcaccfc P 5c6861b8ea614525a77a779366f84daa: No bootstrap required, opened a new log
I20260601 13:25:09.621430 27933 ts_tablet_manager.cc:1434] T 2ab1dfff52d14c98ab1d55c668516763 P 8d8f97c0b8044ec8b4e3300fa61e0167: Time spent starting tablet: real 0.001s	user 0.001s	sys 0.000s
I20260601 13:25:09.621439 27932 ts_tablet_manager.cc:1403] T ff98bfc636c14e07b1331c5d9bcaccfc P 5c6861b8ea614525a77a779366f84daa: Time spent bootstrapping tablet: real 0.002s	user 0.002s	sys 0.000s
I20260601 13:25:09.621621 27933 tablet_bootstrap.cc:492] T be35e340df024b399d731233164fa3c1 P 8d8f97c0b8044ec8b4e3300fa61e0167: Bootstrap starting.
I20260601 13:25:09.621901 27932 raft_consensus.cc:359] T ff98bfc636c14e07b1331c5d9bcaccfc P 5c6861b8ea614525a77a779366f84daa [term 0 FOLLOWER]: Replica starting. Triggering 0 pending ops. Active config: opid_index: -1 OBSOLETE_local: false peers { permanent_uuid: "8d8f97c0b8044ec8b4e3300fa61e0167" member_type: VOTER last_known_addr { host: "127.22.197.193" port: 44031 } } peers { permanent_uuid: "5c6861b8ea614525a77a779366f84daa" member_type: VOTER last_known_addr { host: "127.22.197.194" port: 38489 } } peers { permanent_uuid: "c2cef6bdfea5462cb81a8238fff9046b" member_type: VOTER last_known_addr { host: "127.22.197.195" port: 42981 } }
I20260601 13:25:09.621989 27932 raft_consensus.cc:385] T ff98bfc636c14e07b1331c5d9bcaccfc P 5c6861b8ea614525a77a779366f84daa [term 0 FOLLOWER]: Consensus starting up: Expiring failure detector timer to make a prompt election more likely
I20260601 13:25:09.622026 27932 raft_consensus.cc:740] T ff98bfc636c14e07b1331c5d9bcaccfc P 5c6861b8ea614525a77a779366f84daa [term 0 FOLLOWER]: Becoming Follower/Learner. State: Replica: 5c6861b8ea614525a77a779366f84daa, State: Initialized, Role: FOLLOWER
I20260601 13:25:09.622144 27932 consensus_queue.cc:260] T ff98bfc636c14e07b1331c5d9bcaccfc P 5c6861b8ea614525a77a779366f84daa [NON_LEADER]: Queue going to NON_LEADER mode. State: All replicated index: 0, Majority replicated index: 0, Committed index: 0, Last appended: 0.0, Last appended by leader: 0, Current term: 0, Majority size: -1, State: 0, Mode: NON_LEADER, active raft config: opid_index: -1 OBSOLETE_local: false peers { permanent_uuid: "8d8f97c0b8044ec8b4e3300fa61e0167" member_type: VOTER last_known_addr { host: "127.22.197.193" port: 44031 } } peers { permanent_uuid: "5c6861b8ea614525a77a779366f84daa" member_type: VOTER last_known_addr { host: "127.22.197.194" port: 38489 } } peers { permanent_uuid: "c2cef6bdfea5462cb81a8238fff9046b" member_type: VOTER last_known_addr { host: "127.22.197.195" port: 42981 } }
I20260601 13:25:09.622376 27932 ts_tablet_manager.cc:1434] T ff98bfc636c14e07b1331c5d9bcaccfc P 5c6861b8ea614525a77a779366f84daa: Time spent starting tablet: real 0.001s	user 0.001s	sys 0.000s
I20260601 13:25:09.623047 27933 tablet_bootstrap.cc:654] T be35e340df024b399d731233164fa3c1 P 8d8f97c0b8044ec8b4e3300fa61e0167: Neither blocks nor log segments found. Creating new log.
I20260601 13:25:09.623600 27931 tablet_bootstrap.cc:492] T 2ab1dfff52d14c98ab1d55c668516763 P c2cef6bdfea5462cb81a8238fff9046b: No bootstrap required, opened a new log
I20260601 13:25:09.623729 27931 ts_tablet_manager.cc:1403] T 2ab1dfff52d14c98ab1d55c668516763 P c2cef6bdfea5462cb81a8238fff9046b: Time spent bootstrapping tablet: real 0.004s	user 0.002s	sys 0.000s
I20260601 13:25:09.624230 27933 tablet_bootstrap.cc:492] T be35e340df024b399d731233164fa3c1 P 8d8f97c0b8044ec8b4e3300fa61e0167: No bootstrap required, opened a new log
I20260601 13:25:09.624230 27931 raft_consensus.cc:359] T 2ab1dfff52d14c98ab1d55c668516763 P c2cef6bdfea5462cb81a8238fff9046b [term 0 FOLLOWER]: Replica starting. Triggering 0 pending ops. Active config: opid_index: -1 OBSOLETE_local: false peers { permanent_uuid: "8d8f97c0b8044ec8b4e3300fa61e0167" member_type: VOTER last_known_addr { host: "127.22.197.193" port: 44031 } } peers { permanent_uuid: "5c6861b8ea614525a77a779366f84daa" member_type: VOTER last_known_addr { host: "127.22.197.194" port: 38489 } } peers { permanent_uuid: "c2cef6bdfea5462cb81a8238fff9046b" member_type: VOTER last_known_addr { host: "127.22.197.195" port: 42981 } }
I20260601 13:25:09.624341 27933 ts_tablet_manager.cc:1403] T be35e340df024b399d731233164fa3c1 P 8d8f97c0b8044ec8b4e3300fa61e0167: Time spent bootstrapping tablet: real 0.003s	user 0.002s	sys 0.000s
I20260601 13:25:09.624414 27931 raft_consensus.cc:385] T 2ab1dfff52d14c98ab1d55c668516763 P c2cef6bdfea5462cb81a8238fff9046b [term 0 FOLLOWER]: Consensus starting up: Expiring failure detector timer to make a prompt election more likely
I20260601 13:25:09.624579 27931 raft_consensus.cc:740] T 2ab1dfff52d14c98ab1d55c668516763 P c2cef6bdfea5462cb81a8238fff9046b [term 0 FOLLOWER]: Becoming Follower/Learner. State: Replica: c2cef6bdfea5462cb81a8238fff9046b, State: Initialized, Role: FOLLOWER
I20260601 13:25:09.624711 27931 consensus_queue.cc:260] T 2ab1dfff52d14c98ab1d55c668516763 P c2cef6bdfea5462cb81a8238fff9046b [NON_LEADER]: Queue going to NON_LEADER mode. State: All replicated index: 0, Majority replicated index: 0, Committed index: 0, Last appended: 0.0, Last appended by leader: 0, Current term: 0, Majority size: -1, State: 0, Mode: NON_LEADER, active raft config: opid_index: -1 OBSOLETE_local: false peers { permanent_uuid: "8d8f97c0b8044ec8b4e3300fa61e0167" member_type: VOTER last_known_addr { host: "127.22.197.193" port: 44031 } } peers { permanent_uuid: "5c6861b8ea614525a77a779366f84daa" member_type: VOTER last_known_addr { host: "127.22.197.194" port: 38489 } } peers { permanent_uuid: "c2cef6bdfea5462cb81a8238fff9046b" member_type: VOTER last_known_addr { host: "127.22.197.195" port: 42981 } }
I20260601 13:25:09.624867 27933 raft_consensus.cc:359] T be35e340df024b399d731233164fa3c1 P 8d8f97c0b8044ec8b4e3300fa61e0167 [term 0 FOLLOWER]: Replica starting. Triggering 0 pending ops. Active config: opid_index: -1 OBSOLETE_local: false peers { permanent_uuid: "8d8f97c0b8044ec8b4e3300fa61e0167" member_type: VOTER last_known_addr { host: "127.22.197.193" port: 44031 } } peers { permanent_uuid: "5c6861b8ea614525a77a779366f84daa" member_type: VOTER last_known_addr { host: "127.22.197.194" port: 38489 } } peers { permanent_uuid: "c2cef6bdfea5462cb81a8238fff9046b" member_type: VOTER last_known_addr { host: "127.22.197.195" port: 42981 } }
I20260601 13:25:09.624955 27933 raft_consensus.cc:385] T be35e340df024b399d731233164fa3c1 P 8d8f97c0b8044ec8b4e3300fa61e0167 [term 0 FOLLOWER]: Consensus starting up: Expiring failure detector timer to make a prompt election more likely
I20260601 13:25:09.624984 27931 ts_tablet_manager.cc:1434] T 2ab1dfff52d14c98ab1d55c668516763 P c2cef6bdfea5462cb81a8238fff9046b: Time spent starting tablet: real 0.001s	user 0.001s	sys 0.000s
I20260601 13:25:09.624998 27933 raft_consensus.cc:740] T be35e340df024b399d731233164fa3c1 P 8d8f97c0b8044ec8b4e3300fa61e0167 [term 0 FOLLOWER]: Becoming Follower/Learner. State: Replica: 8d8f97c0b8044ec8b4e3300fa61e0167, State: Initialized, Role: FOLLOWER
I20260601 13:25:09.625195 27931 tablet_bootstrap.cc:492] T ff98bfc636c14e07b1331c5d9bcaccfc P c2cef6bdfea5462cb81a8238fff9046b: Bootstrap starting.
I20260601 13:25:09.625170 27933 consensus_queue.cc:260] T be35e340df024b399d731233164fa3c1 P 8d8f97c0b8044ec8b4e3300fa61e0167 [NON_LEADER]: Queue going to NON_LEADER mode. State: All replicated index: 0, Majority replicated index: 0, Committed index: 0, Last appended: 0.0, Last appended by leader: 0, Current term: 0, Majority size: -1, State: 0, Mode: NON_LEADER, active raft config: opid_index: -1 OBSOLETE_local: false peers { permanent_uuid: "8d8f97c0b8044ec8b4e3300fa61e0167" member_type: VOTER last_known_addr { host: "127.22.197.193" port: 44031 } } peers { permanent_uuid: "5c6861b8ea614525a77a779366f84daa" member_type: VOTER last_known_addr { host: "127.22.197.194" port: 38489 } } peers { permanent_uuid: "c2cef6bdfea5462cb81a8238fff9046b" member_type: VOTER last_known_addr { host: "127.22.197.195" port: 42981 } }
I20260601 13:25:09.625442 27939 raft_consensus.cc:493] T cf84dfd2e26442448eefb2a1e6e5eeaf P 8d8f97c0b8044ec8b4e3300fa61e0167 [term 0 FOLLOWER]: Starting pre-election (no leader contacted us within the election timeout)
I20260601 13:25:09.625530 27939 raft_consensus.cc:515] T cf84dfd2e26442448eefb2a1e6e5eeaf P 8d8f97c0b8044ec8b4e3300fa61e0167 [term 0 FOLLOWER]: Starting pre-election with config: opid_index: -1 OBSOLETE_local: false peers { permanent_uuid: "8d8f97c0b8044ec8b4e3300fa61e0167" member_type: VOTER last_known_addr { host: "127.22.197.193" port: 44031 } } peers { permanent_uuid: "5c6861b8ea614525a77a779366f84daa" member_type: VOTER last_known_addr { host: "127.22.197.194" port: 38489 } } peers { permanent_uuid: "c2cef6bdfea5462cb81a8238fff9046b" member_type: VOTER last_known_addr { host: "127.22.197.195" port: 42981 } }
I20260601 13:25:09.625931 27939 leader_election.cc:290] T cf84dfd2e26442448eefb2a1e6e5eeaf P 8d8f97c0b8044ec8b4e3300fa61e0167 [CANDIDATE]: Term 1 pre-election: Requested pre-vote from peers 5c6861b8ea614525a77a779366f84daa (127.22.197.194:38489), c2cef6bdfea5462cb81a8238fff9046b (127.22.197.195:42981)
I20260601 13:25:09.626195 27931 tablet_bootstrap.cc:654] T ff98bfc636c14e07b1331c5d9bcaccfc P c2cef6bdfea5462cb81a8238fff9046b: Neither blocks nor log segments found. Creating new log.
I20260601 13:25:09.626216 27885 tablet_service.cc:1917] Received RequestConsensusVote() RPC: tablet_id: "cf84dfd2e26442448eefb2a1e6e5eeaf" candidate_uuid: "8d8f97c0b8044ec8b4e3300fa61e0167" candidate_term: 1 candidate_status { last_received { term: 0 index: 0 } } ignore_live_leader: false dest_uuid: "c2cef6bdfea5462cb81a8238fff9046b" is_pre_election: true
I20260601 13:25:09.626327 27885 raft_consensus.cc:2468] T cf84dfd2e26442448eefb2a1e6e5eeaf P c2cef6bdfea5462cb81a8238fff9046b [term 0 FOLLOWER]: Leader pre-election vote request: Granting yes vote for candidate 8d8f97c0b8044ec8b4e3300fa61e0167 in term 0.
I20260601 13:25:09.626348 27810 tablet_service.cc:1917] Received RequestConsensusVote() RPC: tablet_id: "cf84dfd2e26442448eefb2a1e6e5eeaf" candidate_uuid: "8d8f97c0b8044ec8b4e3300fa61e0167" candidate_term: 1 candidate_status { last_received { term: 0 index: 0 } } ignore_live_leader: false dest_uuid: "5c6861b8ea614525a77a779366f84daa" is_pre_election: true
I20260601 13:25:09.626449 27810 raft_consensus.cc:2468] T cf84dfd2e26442448eefb2a1e6e5eeaf P 5c6861b8ea614525a77a779366f84daa [term 0 FOLLOWER]: Leader pre-election vote request: Granting yes vote for candidate 8d8f97c0b8044ec8b4e3300fa61e0167 in term 0.
I20260601 13:25:09.626572 27698 leader_election.cc:304] T cf84dfd2e26442448eefb2a1e6e5eeaf P 8d8f97c0b8044ec8b4e3300fa61e0167 [CANDIDATE]: Term 1 pre-election: Election decided. Result: candidate won. Election summary: received 2 responses out of 3 voters: 2 yes votes; 0 no votes. yes voters: 8d8f97c0b8044ec8b4e3300fa61e0167, c2cef6bdfea5462cb81a8238fff9046b; no voters: 
I20260601 13:25:09.626865 27939 raft_consensus.cc:2804] T cf84dfd2e26442448eefb2a1e6e5eeaf P 8d8f97c0b8044ec8b4e3300fa61e0167 [term 0 FOLLOWER]: Leader pre-election won for term 1
I20260601 13:25:09.626914 27939 raft_consensus.cc:493] T cf84dfd2e26442448eefb2a1e6e5eeaf P 8d8f97c0b8044ec8b4e3300fa61e0167 [term 0 FOLLOWER]: Starting leader election (no leader contacted us within the election timeout)
I20260601 13:25:09.626982 27939 raft_consensus.cc:3060] T cf84dfd2e26442448eefb2a1e6e5eeaf P 8d8f97c0b8044ec8b4e3300fa61e0167 [term 0 FOLLOWER]: Advancing to term 1
I20260601 13:25:09.627830 27931 tablet_bootstrap.cc:492] T ff98bfc636c14e07b1331c5d9bcaccfc P c2cef6bdfea5462cb81a8238fff9046b: No bootstrap required, opened a new log
I20260601 13:25:09.627923 27931 ts_tablet_manager.cc:1403] T ff98bfc636c14e07b1331c5d9bcaccfc P c2cef6bdfea5462cb81a8238fff9046b: Time spent bootstrapping tablet: real 0.003s	user 0.000s	sys 0.002s
I20260601 13:25:09.627910 27939 raft_consensus.cc:515] T cf84dfd2e26442448eefb2a1e6e5eeaf P 8d8f97c0b8044ec8b4e3300fa61e0167 [term 1 FOLLOWER]: Starting leader election with config: opid_index: -1 OBSOLETE_local: false peers { permanent_uuid: "8d8f97c0b8044ec8b4e3300fa61e0167" member_type: VOTER last_known_addr { host: "127.22.197.193" port: 44031 } } peers { permanent_uuid: "5c6861b8ea614525a77a779366f84daa" member_type: VOTER last_known_addr { host: "127.22.197.194" port: 38489 } } peers { permanent_uuid: "c2cef6bdfea5462cb81a8238fff9046b" member_type: VOTER last_known_addr { host: "127.22.197.195" port: 42981 } }
I20260601 13:25:09.628276 27939 leader_election.cc:290] T cf84dfd2e26442448eefb2a1e6e5eeaf P 8d8f97c0b8044ec8b4e3300fa61e0167 [CANDIDATE]: Term 1 election: Requested vote from peers 5c6861b8ea614525a77a779366f84daa (127.22.197.194:38489), c2cef6bdfea5462cb81a8238fff9046b (127.22.197.195:42981)
I20260601 13:25:09.628343 27931 raft_consensus.cc:359] T ff98bfc636c14e07b1331c5d9bcaccfc P c2cef6bdfea5462cb81a8238fff9046b [term 0 FOLLOWER]: Replica starting. Triggering 0 pending ops. Active config: opid_index: -1 OBSOLETE_local: false peers { permanent_uuid: "8d8f97c0b8044ec8b4e3300fa61e0167" member_type: VOTER last_known_addr { host: "127.22.197.193" port: 44031 } } peers { permanent_uuid: "5c6861b8ea614525a77a779366f84daa" member_type: VOTER last_known_addr { host: "127.22.197.194" port: 38489 } } peers { permanent_uuid: "c2cef6bdfea5462cb81a8238fff9046b" member_type: VOTER last_known_addr { host: "127.22.197.195" port: 42981 } }
I20260601 13:25:09.628468 27931 raft_consensus.cc:385] T ff98bfc636c14e07b1331c5d9bcaccfc P c2cef6bdfea5462cb81a8238fff9046b [term 0 FOLLOWER]: Consensus starting up: Expiring failure detector timer to make a prompt election more likely
I20260601 13:25:09.628517 27810 tablet_service.cc:1917] Received RequestConsensusVote() RPC: tablet_id: "cf84dfd2e26442448eefb2a1e6e5eeaf" candidate_uuid: "8d8f97c0b8044ec8b4e3300fa61e0167" candidate_term: 1 candidate_status { last_received { term: 0 index: 0 } } ignore_live_leader: false dest_uuid: "5c6861b8ea614525a77a779366f84daa"
I20260601 13:25:09.628522 27931 raft_consensus.cc:740] T ff98bfc636c14e07b1331c5d9bcaccfc P c2cef6bdfea5462cb81a8238fff9046b [term 0 FOLLOWER]: Becoming Follower/Learner. State: Replica: c2cef6bdfea5462cb81a8238fff9046b, State: Initialized, Role: FOLLOWER
I20260601 13:25:09.628620 27885 tablet_service.cc:1917] Received RequestConsensusVote() RPC: tablet_id: "cf84dfd2e26442448eefb2a1e6e5eeaf" candidate_uuid: "8d8f97c0b8044ec8b4e3300fa61e0167" candidate_term: 1 candidate_status { last_received { term: 0 index: 0 } } ignore_live_leader: false dest_uuid: "c2cef6bdfea5462cb81a8238fff9046b"
I20260601 13:25:09.628625 27810 raft_consensus.cc:3060] T cf84dfd2e26442448eefb2a1e6e5eeaf P 5c6861b8ea614525a77a779366f84daa [term 0 FOLLOWER]: Advancing to term 1
I20260601 13:25:09.628702 27931 consensus_queue.cc:260] T ff98bfc636c14e07b1331c5d9bcaccfc P c2cef6bdfea5462cb81a8238fff9046b [NON_LEADER]: Queue going to NON_LEADER mode. State: All replicated index: 0, Majority replicated index: 0, Committed index: 0, Last appended: 0.0, Last appended by leader: 0, Current term: 0, Majority size: -1, State: 0, Mode: NON_LEADER, active raft config: opid_index: -1 OBSOLETE_local: false peers { permanent_uuid: "8d8f97c0b8044ec8b4e3300fa61e0167" member_type: VOTER last_known_addr { host: "127.22.197.193" port: 44031 } } peers { permanent_uuid: "5c6861b8ea614525a77a779366f84daa" member_type: VOTER last_known_addr { host: "127.22.197.194" port: 38489 } } peers { permanent_uuid: "c2cef6bdfea5462cb81a8238fff9046b" member_type: VOTER last_known_addr { host: "127.22.197.195" port: 42981 } }
I20260601 13:25:09.628779 27885 raft_consensus.cc:3060] T cf84dfd2e26442448eefb2a1e6e5eeaf P c2cef6bdfea5462cb81a8238fff9046b [term 0 FOLLOWER]: Advancing to term 1
I20260601 13:25:09.629043 27931 ts_tablet_manager.cc:1434] T ff98bfc636c14e07b1331c5d9bcaccfc P c2cef6bdfea5462cb81a8238fff9046b: Time spent starting tablet: real 0.001s	user 0.000s	sys 0.001s
I20260601 13:25:09.629200 27931 tablet_bootstrap.cc:492] T be35e340df024b399d731233164fa3c1 P c2cef6bdfea5462cb81a8238fff9046b: Bootstrap starting.
I20260601 13:25:09.629809 27885 raft_consensus.cc:2468] T cf84dfd2e26442448eefb2a1e6e5eeaf P c2cef6bdfea5462cb81a8238fff9046b [term 1 FOLLOWER]: Leader election vote request: Granting yes vote for candidate 8d8f97c0b8044ec8b4e3300fa61e0167 in term 1.
I20260601 13:25:09.629820 27810 raft_consensus.cc:2468] T cf84dfd2e26442448eefb2a1e6e5eeaf P 5c6861b8ea614525a77a779366f84daa [term 1 FOLLOWER]: Leader election vote request: Granting yes vote for candidate 8d8f97c0b8044ec8b4e3300fa61e0167 in term 1.
I20260601 13:25:09.630090 27698 leader_election.cc:304] T cf84dfd2e26442448eefb2a1e6e5eeaf P 8d8f97c0b8044ec8b4e3300fa61e0167 [CANDIDATE]: Term 1 election: Election decided. Result: candidate won. Election summary: received 2 responses out of 3 voters: 2 yes votes; 0 no votes. yes voters: 8d8f97c0b8044ec8b4e3300fa61e0167, c2cef6bdfea5462cb81a8238fff9046b; no voters: 
I20260601 13:25:09.630231 27931 tablet_bootstrap.cc:654] T be35e340df024b399d731233164fa3c1 P c2cef6bdfea5462cb81a8238fff9046b: Neither blocks nor log segments found. Creating new log.
I20260601 13:25:09.630322 27939 raft_consensus.cc:2804] T cf84dfd2e26442448eefb2a1e6e5eeaf P 8d8f97c0b8044ec8b4e3300fa61e0167 [term 1 FOLLOWER]: Leader election won for term 1
I20260601 13:25:09.630367 27933 ts_tablet_manager.cc:1434] T be35e340df024b399d731233164fa3c1 P 8d8f97c0b8044ec8b4e3300fa61e0167: Time spent starting tablet: real 0.006s	user 0.001s	sys 0.000s
I20260601 13:25:09.630514 27939 raft_consensus.cc:697] T cf84dfd2e26442448eefb2a1e6e5eeaf P 8d8f97c0b8044ec8b4e3300fa61e0167 [term 1 LEADER]: Becoming Leader. State: Replica: 8d8f97c0b8044ec8b4e3300fa61e0167, State: Running, Role: LEADER
I20260601 13:25:09.630633 27939 consensus_queue.cc:237] T cf84dfd2e26442448eefb2a1e6e5eeaf P 8d8f97c0b8044ec8b4e3300fa61e0167 [LEADER]: Queue going to LEADER mode. State: All replicated index: 0, Majority replicated index: 0, Committed index: 0, Last appended: 0.0, Last appended by leader: 0, Current term: 1, Majority size: 2, State: 0, Mode: LEADER, active raft config: opid_index: -1 OBSOLETE_local: false peers { permanent_uuid: "8d8f97c0b8044ec8b4e3300fa61e0167" member_type: VOTER last_known_addr { host: "127.22.197.193" port: 44031 } } peers { permanent_uuid: "5c6861b8ea614525a77a779366f84daa" member_type: VOTER last_known_addr { host: "127.22.197.194" port: 38489 } } peers { permanent_uuid: "c2cef6bdfea5462cb81a8238fff9046b" member_type: VOTER last_known_addr { host: "127.22.197.195" port: 42981 } }
I20260601 13:25:09.631573 27931 tablet_bootstrap.cc:492] T be35e340df024b399d731233164fa3c1 P c2cef6bdfea5462cb81a8238fff9046b: No bootstrap required, opened a new log
I20260601 13:25:09.631661 27931 ts_tablet_manager.cc:1403] T be35e340df024b399d731233164fa3c1 P c2cef6bdfea5462cb81a8238fff9046b: Time spent bootstrapping tablet: real 0.002s	user 0.002s	sys 0.000s
I20260601 13:25:09.632078 27931 raft_consensus.cc:359] T be35e340df024b399d731233164fa3c1 P c2cef6bdfea5462cb81a8238fff9046b [term 0 FOLLOWER]: Replica starting. Triggering 0 pending ops. Active config: opid_index: -1 OBSOLETE_local: false peers { permanent_uuid: "8d8f97c0b8044ec8b4e3300fa61e0167" member_type: VOTER last_known_addr { host: "127.22.197.193" port: 44031 } } peers { permanent_uuid: "5c6861b8ea614525a77a779366f84daa" member_type: VOTER last_known_addr { host: "127.22.197.194" port: 38489 } } peers { permanent_uuid: "c2cef6bdfea5462cb81a8238fff9046b" member_type: VOTER last_known_addr { host: "127.22.197.195" port: 42981 } }
I20260601 13:25:09.632193 27931 raft_consensus.cc:385] T be35e340df024b399d731233164fa3c1 P c2cef6bdfea5462cb81a8238fff9046b [term 0 FOLLOWER]: Consensus starting up: Expiring failure detector timer to make a prompt election more likely
I20260601 13:25:09.632241 27931 raft_consensus.cc:740] T be35e340df024b399d731233164fa3c1 P c2cef6bdfea5462cb81a8238fff9046b [term 0 FOLLOWER]: Becoming Follower/Learner. State: Replica: c2cef6bdfea5462cb81a8238fff9046b, State: Initialized, Role: FOLLOWER
I20260601 13:25:09.632388 27931 consensus_queue.cc:260] T be35e340df024b399d731233164fa3c1 P c2cef6bdfea5462cb81a8238fff9046b [NON_LEADER]: Queue going to NON_LEADER mode. State: All replicated index: 0, Majority replicated index: 0, Committed index: 0, Last appended: 0.0, Last appended by leader: 0, Current term: 0, Majority size: -1, State: 0, Mode: NON_LEADER, active raft config: opid_index: -1 OBSOLETE_local: false peers { permanent_uuid: "8d8f97c0b8044ec8b4e3300fa61e0167" member_type: VOTER last_known_addr { host: "127.22.197.193" port: 44031 } } peers { permanent_uuid: "5c6861b8ea614525a77a779366f84daa" member_type: VOTER last_known_addr { host: "127.22.197.194" port: 38489 } } peers { permanent_uuid: "c2cef6bdfea5462cb81a8238fff9046b" member_type: VOTER last_known_addr { host: "127.22.197.195" port: 42981 } }
I20260601 13:25:09.632673 27931 ts_tablet_manager.cc:1434] T be35e340df024b399d731233164fa3c1 P c2cef6bdfea5462cb81a8238fff9046b: Time spent starting tablet: real 0.001s	user 0.001s	sys 0.000s
I20260601 13:25:09.632797 27630 catalog_manager.cc:5696] T cf84dfd2e26442448eefb2a1e6e5eeaf P 8d8f97c0b8044ec8b4e3300fa61e0167 reported cstate change: term changed from 0 to 1, leader changed from <none> to 8d8f97c0b8044ec8b4e3300fa61e0167 (127.22.197.193). New cstate: current_term: 1 leader_uuid: "8d8f97c0b8044ec8b4e3300fa61e0167" committed_config { opid_index: -1 OBSOLETE_local: false peers { permanent_uuid: "8d8f97c0b8044ec8b4e3300fa61e0167" member_type: VOTER last_known_addr { host: "127.22.197.193" port: 44031 } health_report { overall_health: HEALTHY } } peers { permanent_uuid: "5c6861b8ea614525a77a779366f84daa" member_type: VOTER last_known_addr { host: "127.22.197.194" port: 38489 } health_report { overall_health: UNKNOWN } } peers { permanent_uuid: "c2cef6bdfea5462cb81a8238fff9046b" member_type: VOTER last_known_addr { host: "127.22.197.195" port: 42981 } health_report { overall_health: UNKNOWN } } }
I20260601 13:25:09.638962 27936 raft_consensus.cc:493] T be1ab019568a4facba9bc1e14f95dba4 P 5c6861b8ea614525a77a779366f84daa [term 0 FOLLOWER]: Starting pre-election (no leader contacted us within the election timeout)
I20260601 13:25:09.639065 27936 raft_consensus.cc:515] T be1ab019568a4facba9bc1e14f95dba4 P 5c6861b8ea614525a77a779366f84daa [term 0 FOLLOWER]: Starting pre-election with config: opid_index: -1 OBSOLETE_local: false peers { permanent_uuid: "8d8f97c0b8044ec8b4e3300fa61e0167" member_type: VOTER last_known_addr { host: "127.22.197.193" port: 44031 } } peers { permanent_uuid: "5c6861b8ea614525a77a779366f84daa" member_type: VOTER last_known_addr { host: "127.22.197.194" port: 38489 } } peers { permanent_uuid: "c2cef6bdfea5462cb81a8238fff9046b" member_type: VOTER last_known_addr { host: "127.22.197.195" port: 42981 } }
I20260601 13:25:09.639547 27936 leader_election.cc:290] T be1ab019568a4facba9bc1e14f95dba4 P 5c6861b8ea614525a77a779366f84daa [CANDIDATE]: Term 1 pre-election: Requested pre-vote from peers 8d8f97c0b8044ec8b4e3300fa61e0167 (127.22.197.193:44031), c2cef6bdfea5462cb81a8238fff9046b (127.22.197.195:42981)
I20260601 13:25:09.643185 27885 tablet_service.cc:1917] Received RequestConsensusVote() RPC: tablet_id: "be1ab019568a4facba9bc1e14f95dba4" candidate_uuid: "5c6861b8ea614525a77a779366f84daa" candidate_term: 1 candidate_status { last_received { term: 0 index: 0 } } ignore_live_leader: false dest_uuid: "c2cef6bdfea5462cb81a8238fff9046b" is_pre_election: true
I20260601 13:25:09.643216 27734 tablet_service.cc:1917] Received RequestConsensusVote() RPC: tablet_id: "be1ab019568a4facba9bc1e14f95dba4" candidate_uuid: "5c6861b8ea614525a77a779366f84daa" candidate_term: 1 candidate_status { last_received { term: 0 index: 0 } } ignore_live_leader: false dest_uuid: "8d8f97c0b8044ec8b4e3300fa61e0167" is_pre_election: true
I20260601 13:25:09.643301 27885 raft_consensus.cc:2468] T be1ab019568a4facba9bc1e14f95dba4 P c2cef6bdfea5462cb81a8238fff9046b [term 0 FOLLOWER]: Leader pre-election vote request: Granting yes vote for candidate 5c6861b8ea614525a77a779366f84daa in term 0.
I20260601 13:25:09.643347 27734 raft_consensus.cc:2468] T be1ab019568a4facba9bc1e14f95dba4 P 8d8f97c0b8044ec8b4e3300fa61e0167 [term 0 FOLLOWER]: Leader pre-election vote request: Granting yes vote for candidate 5c6861b8ea614525a77a779366f84daa in term 0.
I20260601 13:25:09.643605 27774 leader_election.cc:304] T be1ab019568a4facba9bc1e14f95dba4 P 5c6861b8ea614525a77a779366f84daa [CANDIDATE]: Term 1 pre-election: Election decided. Result: candidate won. Election summary: received 2 responses out of 3 voters: 2 yes votes; 0 no votes. yes voters: 5c6861b8ea614525a77a779366f84daa, c2cef6bdfea5462cb81a8238fff9046b; no voters: 
I20260601 13:25:09.643772 27936 raft_consensus.cc:2804] T be1ab019568a4facba9bc1e14f95dba4 P 5c6861b8ea614525a77a779366f84daa [term 0 FOLLOWER]: Leader pre-election won for term 1
I20260601 13:25:09.643836 27936 raft_consensus.cc:493] T be1ab019568a4facba9bc1e14f95dba4 P 5c6861b8ea614525a77a779366f84daa [term 0 FOLLOWER]: Starting leader election (no leader contacted us within the election timeout)
I20260601 13:25:09.643882 27936 raft_consensus.cc:3060] T be1ab019568a4facba9bc1e14f95dba4 P 5c6861b8ea614525a77a779366f84daa [term 0 FOLLOWER]: Advancing to term 1
I20260601 13:25:09.644665 27936 raft_consensus.cc:515] T be1ab019568a4facba9bc1e14f95dba4 P 5c6861b8ea614525a77a779366f84daa [term 1 FOLLOWER]: Starting leader election with config: opid_index: -1 OBSOLETE_local: false peers { permanent_uuid: "8d8f97c0b8044ec8b4e3300fa61e0167" member_type: VOTER last_known_addr { host: "127.22.197.193" port: 44031 } } peers { permanent_uuid: "5c6861b8ea614525a77a779366f84daa" member_type: VOTER last_known_addr { host: "127.22.197.194" port: 38489 } } peers { permanent_uuid: "c2cef6bdfea5462cb81a8238fff9046b" member_type: VOTER last_known_addr { host: "127.22.197.195" port: 42981 } }
I20260601 13:25:09.644969 27936 leader_election.cc:290] T be1ab019568a4facba9bc1e14f95dba4 P 5c6861b8ea614525a77a779366f84daa [CANDIDATE]: Term 1 election: Requested vote from peers 8d8f97c0b8044ec8b4e3300fa61e0167 (127.22.197.193:44031), c2cef6bdfea5462cb81a8238fff9046b (127.22.197.195:42981)
I20260601 13:25:09.645244 27885 tablet_service.cc:1917] Received RequestConsensusVote() RPC: tablet_id: "be1ab019568a4facba9bc1e14f95dba4" candidate_uuid: "5c6861b8ea614525a77a779366f84daa" candidate_term: 1 candidate_status { last_received { term: 0 index: 0 } } ignore_live_leader: false dest_uuid: "c2cef6bdfea5462cb81a8238fff9046b"
I20260601 13:25:09.645229 27734 tablet_service.cc:1917] Received RequestConsensusVote() RPC: tablet_id: "be1ab019568a4facba9bc1e14f95dba4" candidate_uuid: "5c6861b8ea614525a77a779366f84daa" candidate_term: 1 candidate_status { last_received { term: 0 index: 0 } } ignore_live_leader: false dest_uuid: "8d8f97c0b8044ec8b4e3300fa61e0167"
I20260601 13:25:09.645386 27885 raft_consensus.cc:3060] T be1ab019568a4facba9bc1e14f95dba4 P c2cef6bdfea5462cb81a8238fff9046b [term 0 FOLLOWER]: Advancing to term 1
I20260601 13:25:09.645416 27734 raft_consensus.cc:3060] T be1ab019568a4facba9bc1e14f95dba4 P 8d8f97c0b8044ec8b4e3300fa61e0167 [term 0 FOLLOWER]: Advancing to term 1
I20260601 13:25:09.646227 27734 raft_consensus.cc:2468] T be1ab019568a4facba9bc1e14f95dba4 P 8d8f97c0b8044ec8b4e3300fa61e0167 [term 1 FOLLOWER]: Leader election vote request: Granting yes vote for candidate 5c6861b8ea614525a77a779366f84daa in term 1.
I20260601 13:25:09.646229 27885 raft_consensus.cc:2468] T be1ab019568a4facba9bc1e14f95dba4 P c2cef6bdfea5462cb81a8238fff9046b [term 1 FOLLOWER]: Leader election vote request: Granting yes vote for candidate 5c6861b8ea614525a77a779366f84daa in term 1.
I20260601 13:25:09.646507 27773 leader_election.cc:304] T be1ab019568a4facba9bc1e14f95dba4 P 5c6861b8ea614525a77a779366f84daa [CANDIDATE]: Term 1 election: Election decided. Result: candidate won. Election summary: received 2 responses out of 3 voters: 2 yes votes; 0 no votes. yes voters: 5c6861b8ea614525a77a779366f84daa, 8d8f97c0b8044ec8b4e3300fa61e0167; no voters: 
I20260601 13:25:09.646669 27936 raft_consensus.cc:2804] T be1ab019568a4facba9bc1e14f95dba4 P 5c6861b8ea614525a77a779366f84daa [term 1 FOLLOWER]: Leader election won for term 1
W20260601 13:25:09.646845 27761 tablet.cc:2404] T 00d258ef6fbc4160993418f0e9357fa5 P 8d8f97c0b8044ec8b4e3300fa61e0167: Can't schedule compaction. Clean time has not been advanced past its initial value.
I20260601 13:25:09.646910 27936 raft_consensus.cc:697] T be1ab019568a4facba9bc1e14f95dba4 P 5c6861b8ea614525a77a779366f84daa [term 1 LEADER]: Becoming Leader. State: Replica: 5c6861b8ea614525a77a779366f84daa, State: Running, Role: LEADER
I20260601 13:25:09.647059 27936 consensus_queue.cc:237] T be1ab019568a4facba9bc1e14f95dba4 P 5c6861b8ea614525a77a779366f84daa [LEADER]: Queue going to LEADER mode. State: All replicated index: 0, Majority replicated index: 0, Committed index: 0, Last appended: 0.0, Last appended by leader: 0, Current term: 1, Majority size: 2, State: 0, Mode: LEADER, active raft config: opid_index: -1 OBSOLETE_local: false peers { permanent_uuid: "8d8f97c0b8044ec8b4e3300fa61e0167" member_type: VOTER last_known_addr { host: "127.22.197.193" port: 44031 } } peers { permanent_uuid: "5c6861b8ea614525a77a779366f84daa" member_type: VOTER last_known_addr { host: "127.22.197.194" port: 38489 } } peers { permanent_uuid: "c2cef6bdfea5462cb81a8238fff9046b" member_type: VOTER last_known_addr { host: "127.22.197.195" port: 42981 } }
I20260601 13:25:09.648497 27630 catalog_manager.cc:5696] T be1ab019568a4facba9bc1e14f95dba4 P 5c6861b8ea614525a77a779366f84daa reported cstate change: term changed from 0 to 1, leader changed from <none> to 5c6861b8ea614525a77a779366f84daa (127.22.197.194). New cstate: current_term: 1 leader_uuid: "5c6861b8ea614525a77a779366f84daa" committed_config { opid_index: -1 OBSOLETE_local: false peers { permanent_uuid: "8d8f97c0b8044ec8b4e3300fa61e0167" member_type: VOTER last_known_addr { host: "127.22.197.193" port: 44031 } health_report { overall_health: UNKNOWN } } peers { permanent_uuid: "5c6861b8ea614525a77a779366f84daa" member_type: VOTER last_known_addr { host: "127.22.197.194" port: 38489 } health_report { overall_health: HEALTHY } } peers { permanent_uuid: "c2cef6bdfea5462cb81a8238fff9046b" member_type: VOTER last_known_addr { host: "127.22.197.195" port: 42981 } health_report { overall_health: UNKNOWN } } }
I20260601 13:25:09.649888 27942 raft_consensus.cc:493] T 406f34df6a0d4cdcaae12e0c91caafc0 P c2cef6bdfea5462cb81a8238fff9046b [term 0 FOLLOWER]: Starting pre-election (no leader contacted us within the election timeout)
I20260601 13:25:09.649966 27942 raft_consensus.cc:515] T 406f34df6a0d4cdcaae12e0c91caafc0 P c2cef6bdfea5462cb81a8238fff9046b [term 0 FOLLOWER]: Starting pre-election with config: opid_index: -1 OBSOLETE_local: false peers { permanent_uuid: "8d8f97c0b8044ec8b4e3300fa61e0167" member_type: VOTER last_known_addr { host: "127.22.197.193" port: 44031 } } peers { permanent_uuid: "5c6861b8ea614525a77a779366f84daa" member_type: VOTER last_known_addr { host: "127.22.197.194" port: 38489 } } peers { permanent_uuid: "c2cef6bdfea5462cb81a8238fff9046b" member_type: VOTER last_known_addr { host: "127.22.197.195" port: 42981 } }
I20260601 13:25:09.650520 27942 leader_election.cc:290] T 406f34df6a0d4cdcaae12e0c91caafc0 P c2cef6bdfea5462cb81a8238fff9046b [CANDIDATE]: Term 1 pre-election: Requested pre-vote from peers 8d8f97c0b8044ec8b4e3300fa61e0167 (127.22.197.193:44031), 5c6861b8ea614525a77a779366f84daa (127.22.197.194:38489)
I20260601 13:25:09.654384 27734 tablet_service.cc:1917] Received RequestConsensusVote() RPC: tablet_id: "406f34df6a0d4cdcaae12e0c91caafc0" candidate_uuid: "c2cef6bdfea5462cb81a8238fff9046b" candidate_term: 1 candidate_status { last_received { term: 0 index: 0 } } ignore_live_leader: false dest_uuid: "8d8f97c0b8044ec8b4e3300fa61e0167" is_pre_election: true
I20260601 13:25:09.654389 27810 tablet_service.cc:1917] Received RequestConsensusVote() RPC: tablet_id: "406f34df6a0d4cdcaae12e0c91caafc0" candidate_uuid: "c2cef6bdfea5462cb81a8238fff9046b" candidate_term: 1 candidate_status { last_received { term: 0 index: 0 } } ignore_live_leader: false dest_uuid: "5c6861b8ea614525a77a779366f84daa" is_pre_election: true
I20260601 13:25:09.654543 27734 raft_consensus.cc:2468] T 406f34df6a0d4cdcaae12e0c91caafc0 P 8d8f97c0b8044ec8b4e3300fa61e0167 [term 0 FOLLOWER]: Leader pre-election vote request: Granting yes vote for candidate c2cef6bdfea5462cb81a8238fff9046b in term 0.
I20260601 13:25:09.654572 27810 raft_consensus.cc:2468] T 406f34df6a0d4cdcaae12e0c91caafc0 P 5c6861b8ea614525a77a779366f84daa [term 0 FOLLOWER]: Leader pre-election vote request: Granting yes vote for candidate c2cef6bdfea5462cb81a8238fff9046b in term 0.
I20260601 13:25:09.654845 27848 leader_election.cc:304] T 406f34df6a0d4cdcaae12e0c91caafc0 P c2cef6bdfea5462cb81a8238fff9046b [CANDIDATE]: Term 1 pre-election: Election decided. Result: candidate won. Election summary: received 2 responses out of 3 voters: 2 yes votes; 0 no votes. yes voters: 8d8f97c0b8044ec8b4e3300fa61e0167, c2cef6bdfea5462cb81a8238fff9046b; no voters: 
I20260601 13:25:09.655056 27942 raft_consensus.cc:2804] T 406f34df6a0d4cdcaae12e0c91caafc0 P c2cef6bdfea5462cb81a8238fff9046b [term 0 FOLLOWER]: Leader pre-election won for term 1
I20260601 13:25:09.655102 27942 raft_consensus.cc:493] T 406f34df6a0d4cdcaae12e0c91caafc0 P c2cef6bdfea5462cb81a8238fff9046b [term 0 FOLLOWER]: Starting leader election (no leader contacted us within the election timeout)
I20260601 13:25:09.655129 27942 raft_consensus.cc:3060] T 406f34df6a0d4cdcaae12e0c91caafc0 P c2cef6bdfea5462cb81a8238fff9046b [term 0 FOLLOWER]: Advancing to term 1
I20260601 13:25:09.655896 27942 raft_consensus.cc:515] T 406f34df6a0d4cdcaae12e0c91caafc0 P c2cef6bdfea5462cb81a8238fff9046b [term 1 FOLLOWER]: Starting leader election with config: opid_index: -1 OBSOLETE_local: false peers { permanent_uuid: "8d8f97c0b8044ec8b4e3300fa61e0167" member_type: VOTER last_known_addr { host: "127.22.197.193" port: 44031 } } peers { permanent_uuid: "5c6861b8ea614525a77a779366f84daa" member_type: VOTER last_known_addr { host: "127.22.197.194" port: 38489 } } peers { permanent_uuid: "c2cef6bdfea5462cb81a8238fff9046b" member_type: VOTER last_known_addr { host: "127.22.197.195" port: 42981 } }
I20260601 13:25:09.656210 27942 leader_election.cc:290] T 406f34df6a0d4cdcaae12e0c91caafc0 P c2cef6bdfea5462cb81a8238fff9046b [CANDIDATE]: Term 1 election: Requested vote from peers 8d8f97c0b8044ec8b4e3300fa61e0167 (127.22.197.193:44031), 5c6861b8ea614525a77a779366f84daa (127.22.197.194:38489)
I20260601 13:25:09.656551 27810 tablet_service.cc:1917] Received RequestConsensusVote() RPC: tablet_id: "406f34df6a0d4cdcaae12e0c91caafc0" candidate_uuid: "c2cef6bdfea5462cb81a8238fff9046b" candidate_term: 1 candidate_status { last_received { term: 0 index: 0 } } ignore_live_leader: false dest_uuid: "5c6861b8ea614525a77a779366f84daa"
I20260601 13:25:09.656553 27734 tablet_service.cc:1917] Received RequestConsensusVote() RPC: tablet_id: "406f34df6a0d4cdcaae12e0c91caafc0" candidate_uuid: "c2cef6bdfea5462cb81a8238fff9046b" candidate_term: 1 candidate_status { last_received { term: 0 index: 0 } } ignore_live_leader: false dest_uuid: "8d8f97c0b8044ec8b4e3300fa61e0167"
I20260601 13:25:09.656657 27810 raft_consensus.cc:3060] T 406f34df6a0d4cdcaae12e0c91caafc0 P 5c6861b8ea614525a77a779366f84daa [term 0 FOLLOWER]: Advancing to term 1
I20260601 13:25:09.656702 27734 raft_consensus.cc:3060] T 406f34df6a0d4cdcaae12e0c91caafc0 P 8d8f97c0b8044ec8b4e3300fa61e0167 [term 0 FOLLOWER]: Advancing to term 1
I20260601 13:25:09.657429 27734 raft_consensus.cc:2468] T 406f34df6a0d4cdcaae12e0c91caafc0 P 8d8f97c0b8044ec8b4e3300fa61e0167 [term 1 FOLLOWER]: Leader election vote request: Granting yes vote for candidate c2cef6bdfea5462cb81a8238fff9046b in term 1.
I20260601 13:25:09.657437 27810 raft_consensus.cc:2468] T 406f34df6a0d4cdcaae12e0c91caafc0 P 5c6861b8ea614525a77a779366f84daa [term 1 FOLLOWER]: Leader election vote request: Granting yes vote for candidate c2cef6bdfea5462cb81a8238fff9046b in term 1.
I20260601 13:25:09.657646 27942 raft_consensus.cc:493] T 7bdda904643744a7bdcc55d2c548d8ef P c2cef6bdfea5462cb81a8238fff9046b [term 0 FOLLOWER]: Starting pre-election (no leader contacted us within the election timeout)
I20260601 13:25:09.657776 27850 leader_election.cc:304] T 406f34df6a0d4cdcaae12e0c91caafc0 P c2cef6bdfea5462cb81a8238fff9046b [CANDIDATE]: Term 1 election: Election decided. Result: candidate won. Election summary: received 2 responses out of 3 voters: 2 yes votes; 0 no votes. yes voters: 5c6861b8ea614525a77a779366f84daa, c2cef6bdfea5462cb81a8238fff9046b; no voters: 
I20260601 13:25:09.657722 27942 raft_consensus.cc:515] T 7bdda904643744a7bdcc55d2c548d8ef P c2cef6bdfea5462cb81a8238fff9046b [term 0 FOLLOWER]: Starting pre-election with config: opid_index: -1 OBSOLETE_local: false peers { permanent_uuid: "c2cef6bdfea5462cb81a8238fff9046b" member_type: VOTER last_known_addr { host: "127.22.197.195" port: 42981 } } peers { permanent_uuid: "8d8f97c0b8044ec8b4e3300fa61e0167" member_type: VOTER last_known_addr { host: "127.22.197.193" port: 44031 } } peers { permanent_uuid: "5c6861b8ea614525a77a779366f84daa" member_type: VOTER last_known_addr { host: "127.22.197.194" port: 38489 } }
I20260601 13:25:09.658181 27942 leader_election.cc:290] T 7bdda904643744a7bdcc55d2c548d8ef P c2cef6bdfea5462cb81a8238fff9046b [CANDIDATE]: Term 1 pre-election: Requested pre-vote from peers 8d8f97c0b8044ec8b4e3300fa61e0167 (127.22.197.193:44031), 5c6861b8ea614525a77a779366f84daa (127.22.197.194:38489)
I20260601 13:25:09.658250 27983 raft_consensus.cc:2804] T 406f34df6a0d4cdcaae12e0c91caafc0 P c2cef6bdfea5462cb81a8238fff9046b [term 1 FOLLOWER]: Leader election won for term 1
I20260601 13:25:09.658382 27983 raft_consensus.cc:697] T 406f34df6a0d4cdcaae12e0c91caafc0 P c2cef6bdfea5462cb81a8238fff9046b [term 1 LEADER]: Becoming Leader. State: Replica: c2cef6bdfea5462cb81a8238fff9046b, State: Running, Role: LEADER
I20260601 13:25:09.658412 27734 tablet_service.cc:1917] Received RequestConsensusVote() RPC: tablet_id: "7bdda904643744a7bdcc55d2c548d8ef" candidate_uuid: "c2cef6bdfea5462cb81a8238fff9046b" candidate_term: 1 candidate_status { last_received { term: 0 index: 0 } } ignore_live_leader: false dest_uuid: "8d8f97c0b8044ec8b4e3300fa61e0167" is_pre_election: true
I20260601 13:25:09.658458 27810 tablet_service.cc:1917] Received RequestConsensusVote() RPC: tablet_id: "7bdda904643744a7bdcc55d2c548d8ef" candidate_uuid: "c2cef6bdfea5462cb81a8238fff9046b" candidate_term: 1 candidate_status { last_received { term: 0 index: 0 } } ignore_live_leader: false dest_uuid: "5c6861b8ea614525a77a779366f84daa" is_pre_election: true
I20260601 13:25:09.658552 27810 raft_consensus.cc:2468] T 7bdda904643744a7bdcc55d2c548d8ef P 5c6861b8ea614525a77a779366f84daa [term 0 FOLLOWER]: Leader pre-election vote request: Granting yes vote for candidate c2cef6bdfea5462cb81a8238fff9046b in term 0.
I20260601 13:25:09.658576 27983 consensus_queue.cc:237] T 406f34df6a0d4cdcaae12e0c91caafc0 P c2cef6bdfea5462cb81a8238fff9046b [LEADER]: Queue going to LEADER mode. State: All replicated index: 0, Majority replicated index: 0, Committed index: 0, Last appended: 0.0, Last appended by leader: 0, Current term: 1, Majority size: 2, State: 0, Mode: LEADER, active raft config: opid_index: -1 OBSOLETE_local: false peers { permanent_uuid: "8d8f97c0b8044ec8b4e3300fa61e0167" member_type: VOTER last_known_addr { host: "127.22.197.193" port: 44031 } } peers { permanent_uuid: "5c6861b8ea614525a77a779366f84daa" member_type: VOTER last_known_addr { host: "127.22.197.194" port: 38489 } } peers { permanent_uuid: "c2cef6bdfea5462cb81a8238fff9046b" member_type: VOTER last_known_addr { host: "127.22.197.195" port: 42981 } }
I20260601 13:25:09.658550 27734 raft_consensus.cc:2468] T 7bdda904643744a7bdcc55d2c548d8ef P 8d8f97c0b8044ec8b4e3300fa61e0167 [term 0 FOLLOWER]: Leader pre-election vote request: Granting yes vote for candidate c2cef6bdfea5462cb81a8238fff9046b in term 0.
I20260601 13:25:09.658821 27850 leader_election.cc:304] T 7bdda904643744a7bdcc55d2c548d8ef P c2cef6bdfea5462cb81a8238fff9046b [CANDIDATE]: Term 1 pre-election: Election decided. Result: candidate won. Election summary: received 2 responses out of 3 voters: 2 yes votes; 0 no votes. yes voters: 5c6861b8ea614525a77a779366f84daa, c2cef6bdfea5462cb81a8238fff9046b; no voters: 
I20260601 13:25:09.658969 27942 raft_consensus.cc:2804] T 7bdda904643744a7bdcc55d2c548d8ef P c2cef6bdfea5462cb81a8238fff9046b [term 0 FOLLOWER]: Leader pre-election won for term 1
I20260601 13:25:09.659053 27942 raft_consensus.cc:493] T 7bdda904643744a7bdcc55d2c548d8ef P c2cef6bdfea5462cb81a8238fff9046b [term 0 FOLLOWER]: Starting leader election (no leader contacted us within the election timeout)
I20260601 13:25:09.659109 27942 raft_consensus.cc:3060] T 7bdda904643744a7bdcc55d2c548d8ef P c2cef6bdfea5462cb81a8238fff9046b [term 0 FOLLOWER]: Advancing to term 1
I20260601 13:25:09.660079 27942 raft_consensus.cc:515] T 7bdda904643744a7bdcc55d2c548d8ef P c2cef6bdfea5462cb81a8238fff9046b [term 1 FOLLOWER]: Starting leader election with config: opid_index: -1 OBSOLETE_local: false peers { permanent_uuid: "c2cef6bdfea5462cb81a8238fff9046b" member_type: VOTER last_known_addr { host: "127.22.197.195" port: 42981 } } peers { permanent_uuid: "8d8f97c0b8044ec8b4e3300fa61e0167" member_type: VOTER last_known_addr { host: "127.22.197.193" port: 44031 } } peers { permanent_uuid: "5c6861b8ea614525a77a779366f84daa" member_type: VOTER last_known_addr { host: "127.22.197.194" port: 38489 } }
I20260601 13:25:09.660120 27974 raft_consensus.cc:493] T f0e0586b2d8e4d72984653b9e7cb6b7e P 8d8f97c0b8044ec8b4e3300fa61e0167 [term 0 FOLLOWER]: Starting pre-election (no leader contacted us within the election timeout)
I20260601 13:25:09.660212 27974 raft_consensus.cc:515] T f0e0586b2d8e4d72984653b9e7cb6b7e P 8d8f97c0b8044ec8b4e3300fa61e0167 [term 0 FOLLOWER]: Starting pre-election with config: opid_index: -1 OBSOLETE_local: false peers { permanent_uuid: "8d8f97c0b8044ec8b4e3300fa61e0167" member_type: VOTER last_known_addr { host: "127.22.197.193" port: 44031 } } peers { permanent_uuid: "5c6861b8ea614525a77a779366f84daa" member_type: VOTER last_known_addr { host: "127.22.197.194" port: 38489 } } peers { permanent_uuid: "c2cef6bdfea5462cb81a8238fff9046b" member_type: VOTER last_known_addr { host: "127.22.197.195" port: 42981 } }
I20260601 13:25:09.660326 27630 catalog_manager.cc:5696] T 406f34df6a0d4cdcaae12e0c91caafc0 P c2cef6bdfea5462cb81a8238fff9046b reported cstate change: term changed from 0 to 1, leader changed from <none> to c2cef6bdfea5462cb81a8238fff9046b (127.22.197.195). New cstate: current_term: 1 leader_uuid: "c2cef6bdfea5462cb81a8238fff9046b" committed_config { opid_index: -1 OBSOLETE_local: false peers { permanent_uuid: "8d8f97c0b8044ec8b4e3300fa61e0167" member_type: VOTER last_known_addr { host: "127.22.197.193" port: 44031 } health_report { overall_health: UNKNOWN } } peers { permanent_uuid: "5c6861b8ea614525a77a779366f84daa" member_type: VOTER last_known_addr { host: "127.22.197.194" port: 38489 } health_report { overall_health: UNKNOWN } } peers { permanent_uuid: "c2cef6bdfea5462cb81a8238fff9046b" member_type: VOTER last_known_addr { host: "127.22.197.195" port: 42981 } health_report { overall_health: HEALTHY } } }
I20260601 13:25:09.660439 27942 leader_election.cc:290] T 7bdda904643744a7bdcc55d2c548d8ef P c2cef6bdfea5462cb81a8238fff9046b [CANDIDATE]: Term 1 election: Requested vote from peers 8d8f97c0b8044ec8b4e3300fa61e0167 (127.22.197.193:44031), 5c6861b8ea614525a77a779366f84daa (127.22.197.194:38489)
I20260601 13:25:09.660627 27974 leader_election.cc:290] T f0e0586b2d8e4d72984653b9e7cb6b7e P 8d8f97c0b8044ec8b4e3300fa61e0167 [CANDIDATE]: Term 1 pre-election: Requested pre-vote from peers 5c6861b8ea614525a77a779366f84daa (127.22.197.194:38489), c2cef6bdfea5462cb81a8238fff9046b (127.22.197.195:42981)
I20260601 13:25:09.660652 27734 tablet_service.cc:1917] Received RequestConsensusVote() RPC: tablet_id: "7bdda904643744a7bdcc55d2c548d8ef" candidate_uuid: "c2cef6bdfea5462cb81a8238fff9046b" candidate_term: 1 candidate_status { last_received { term: 0 index: 0 } } ignore_live_leader: false dest_uuid: "8d8f97c0b8044ec8b4e3300fa61e0167"
I20260601 13:25:09.660743 27734 raft_consensus.cc:3060] T 7bdda904643744a7bdcc55d2c548d8ef P 8d8f97c0b8044ec8b4e3300fa61e0167 [term 0 FOLLOWER]: Advancing to term 1
I20260601 13:25:09.660876 27810 tablet_service.cc:1917] Received RequestConsensusVote() RPC: tablet_id: "7bdda904643744a7bdcc55d2c548d8ef" candidate_uuid: "c2cef6bdfea5462cb81a8238fff9046b" candidate_term: 1 candidate_status { last_received { term: 0 index: 0 } } ignore_live_leader: false dest_uuid: "5c6861b8ea614525a77a779366f84daa"
I20260601 13:25:09.660969 27810 raft_consensus.cc:3060] T 7bdda904643744a7bdcc55d2c548d8ef P 5c6861b8ea614525a77a779366f84daa [term 0 FOLLOWER]: Advancing to term 1
I20260601 13:25:09.661448 27734 raft_consensus.cc:2468] T 7bdda904643744a7bdcc55d2c548d8ef P 8d8f97c0b8044ec8b4e3300fa61e0167 [term 1 FOLLOWER]: Leader election vote request: Granting yes vote for candidate c2cef6bdfea5462cb81a8238fff9046b in term 1.
I20260601 13:25:09.661782 27848 leader_election.cc:304] T 7bdda904643744a7bdcc55d2c548d8ef P c2cef6bdfea5462cb81a8238fff9046b [CANDIDATE]: Term 1 election: Election decided. Result: candidate won. Election summary: received 2 responses out of 3 voters: 2 yes votes; 0 no votes. yes voters: 8d8f97c0b8044ec8b4e3300fa61e0167, c2cef6bdfea5462cb81a8238fff9046b; no voters: 
I20260601 13:25:09.661883 27810 raft_consensus.cc:2468] T 7bdda904643744a7bdcc55d2c548d8ef P 5c6861b8ea614525a77a779366f84daa [term 1 FOLLOWER]: Leader election vote request: Granting yes vote for candidate c2cef6bdfea5462cb81a8238fff9046b in term 1.
I20260601 13:25:09.662111 27809 tablet_service.cc:1917] Received RequestConsensusVote() RPC: tablet_id: "f0e0586b2d8e4d72984653b9e7cb6b7e" candidate_uuid: "8d8f97c0b8044ec8b4e3300fa61e0167" candidate_term: 1 candidate_status { last_received { term: 0 index: 0 } } ignore_live_leader: false dest_uuid: "5c6861b8ea614525a77a779366f84daa" is_pre_election: true
I20260601 13:25:09.662243 27809 raft_consensus.cc:2468] T f0e0586b2d8e4d72984653b9e7cb6b7e P 5c6861b8ea614525a77a779366f84daa [term 0 FOLLOWER]: Leader pre-election vote request: Granting yes vote for candidate 8d8f97c0b8044ec8b4e3300fa61e0167 in term 0.
I20260601 13:25:09.662541 27699 leader_election.cc:304] T f0e0586b2d8e4d72984653b9e7cb6b7e P 8d8f97c0b8044ec8b4e3300fa61e0167 [CANDIDATE]: Term 1 pre-election: Election decided. Result: candidate won. Election summary: received 2 responses out of 3 voters: 2 yes votes; 0 no votes. yes voters: 5c6861b8ea614525a77a779366f84daa, 8d8f97c0b8044ec8b4e3300fa61e0167; no voters: 
I20260601 13:25:09.662637 27942 raft_consensus.cc:2804] T 7bdda904643744a7bdcc55d2c548d8ef P c2cef6bdfea5462cb81a8238fff9046b [term 1 FOLLOWER]: Leader election won for term 1
I20260601 13:25:09.662662 27885 tablet_service.cc:1917] Received RequestConsensusVote() RPC: tablet_id: "f0e0586b2d8e4d72984653b9e7cb6b7e" candidate_uuid: "8d8f97c0b8044ec8b4e3300fa61e0167" candidate_term: 1 candidate_status { last_received { term: 0 index: 0 } } ignore_live_leader: false dest_uuid: "c2cef6bdfea5462cb81a8238fff9046b" is_pre_election: true
I20260601 13:25:09.662720 27942 raft_consensus.cc:697] T 7bdda904643744a7bdcc55d2c548d8ef P c2cef6bdfea5462cb81a8238fff9046b [term 1 LEADER]: Becoming Leader. State: Replica: c2cef6bdfea5462cb81a8238fff9046b, State: Running, Role: LEADER
I20260601 13:25:09.662748 27885 raft_consensus.cc:2468] T f0e0586b2d8e4d72984653b9e7cb6b7e P c2cef6bdfea5462cb81a8238fff9046b [term 0 FOLLOWER]: Leader pre-election vote request: Granting yes vote for candidate 8d8f97c0b8044ec8b4e3300fa61e0167 in term 0.
I20260601 13:25:09.662753 27974 raft_consensus.cc:2804] T f0e0586b2d8e4d72984653b9e7cb6b7e P 8d8f97c0b8044ec8b4e3300fa61e0167 [term 0 FOLLOWER]: Leader pre-election won for term 1
I20260601 13:25:09.662851 27974 raft_consensus.cc:493] T f0e0586b2d8e4d72984653b9e7cb6b7e P 8d8f97c0b8044ec8b4e3300fa61e0167 [term 0 FOLLOWER]: Starting leader election (no leader contacted us within the election timeout)
