Did not check for missing blocks
Did not check for orphaned blocks
Total full LBM containers with extra space: 0 (0 repaired)
Total full LBM container extra space in bytes: 0 (0 repaired)
Total incomplete LBM containers: 0 (0 repaired)
Total LBM partial records: 0 (0 repaired)
Total corrupted LBM metadata records in RocksDB: 0 (0 repaired)
I20260601 13:23:18.403496 24261 sys_catalog.cc:422] member_type: VOTER last_known_addr { host: "127.22.138.60" port: 35323 } has no permanent_uuid. Determining permanent_uuid...
W20260601 13:23:18.404871 24261 consensus_peers.cc:760] Error getting permanent uuid from config peer 127.22.138.60:35323: Network error: Client connection negotiation failed: client connection to 127.22.138.60:35323: connect: Connection refused (error 111)
I20260601 13:23:18.405889 24195 consensus_peers.cc:770] Retrying to get permanent uuid for remote peer: member_type: VOTER last_known_addr { host: "127.22.138.61" port: 36367 } attempt: 1
I20260601 13:23:18.408143 23080 rpc_server.cc:225] running with OpenSSL 1.1.1  11 Sep 2018
I20260601 13:23:18.408526 23080 kserver.cc:163] Server-wide thread pool size limit: 3276
I20260601 13:23:18.409833 24195 sys_catalog.cc:422] member_type: VOTER last_known_addr { host: "127.22.138.60" port: 35323 } has no permanent_uuid. Determining permanent_uuid...
W20260601 13:23:18.411105 24195 consensus_peers.cc:760] Error getting permanent uuid from config peer 127.22.138.60:35323: Network error: Client connection negotiation failed: client connection to 127.22.138.60:35323: connect: Connection refused (error 111)
I20260601 13:23:18.412936 23080 rpc_server.cc:307] RPC server started. Bound to: 127.22.138.60:35323
I20260601 13:23:18.412981 24326 acceptor_pool.cc:272] collecting diagnostics on the listening RPC socket 127.22.138.60:35323 every 8 connection(s)
I20260601 13:23:18.413363 23080 internal_mini_cluster.cc:184] Waiting to initialize catalog manager on master 0
I20260601 13:23:18.413744 24327 data_dirs.cc:400] Could only allocate 1 dirs of requested 3 for tablet 00000000000000000000000000000000. 1 dirs total, 0 dirs full, 0 dirs failed
I20260601 13:23:18.414922 24327 sys_catalog.cc:422] member_type: VOTER last_known_addr { host: "127.22.138.62" port: 41005 } has no permanent_uuid. Determining permanent_uuid...
I20260601 13:23:18.418820 24327 sys_catalog.cc:422] member_type: VOTER last_known_addr { host: "127.22.138.61" port: 36367 } has no permanent_uuid. Determining permanent_uuid...
I20260601 13:23:18.422302 24327 sys_catalog.cc:422] member_type: VOTER last_known_addr { host: "127.22.138.60" port: 35323 } has no permanent_uuid. Determining permanent_uuid...
I20260601 13:23:18.426937 24327 tablet_bootstrap.cc:492] T 00000000000000000000000000000000 P 782c7740c3ba4fb3b7d420f79e62f15c: Bootstrap starting.
I20260601 13:23:18.427752 24327 tablet_bootstrap.cc:654] T 00000000000000000000000000000000 P 782c7740c3ba4fb3b7d420f79e62f15c: Neither blocks nor log segments found. Creating new log.
I20260601 13:23:18.428740 24327 tablet_bootstrap.cc:492] T 00000000000000000000000000000000 P 782c7740c3ba4fb3b7d420f79e62f15c: No bootstrap required, opened a new log
I20260601 13:23:18.429153 24327 raft_consensus.cc:359] T 00000000000000000000000000000000 P 782c7740c3ba4fb3b7d420f79e62f15c [term 0 FOLLOWER]: Replica starting. Triggering 0 pending ops. Active config: opid_index: -1 OBSOLETE_local: false peers { permanent_uuid: "6af518b7815a47c7bf10e7af9a081ddd" member_type: VOTER last_known_addr { host: "127.22.138.62" port: 41005 } } peers { permanent_uuid: "7d76c56204724f89a88ec189bb7209a1" member_type: VOTER last_known_addr { host: "127.22.138.61" port: 36367 } } peers { permanent_uuid: "782c7740c3ba4fb3b7d420f79e62f15c" member_type: VOTER last_known_addr { host: "127.22.138.60" port: 35323 } }
I20260601 13:23:18.429240 24327 raft_consensus.cc:385] T 00000000000000000000000000000000 P 782c7740c3ba4fb3b7d420f79e62f15c [term 0 FOLLOWER]: Consensus starting up: Expiring failure detector timer to make a prompt election more likely
I20260601 13:23:18.429263 24327 raft_consensus.cc:740] T 00000000000000000000000000000000 P 782c7740c3ba4fb3b7d420f79e62f15c [term 0 FOLLOWER]: Becoming Follower/Learner. State: Replica: 782c7740c3ba4fb3b7d420f79e62f15c, State: Initialized, Role: FOLLOWER
I20260601 13:23:18.429374 24327 consensus_queue.cc:260] T 00000000000000000000000000000000 P 782c7740c3ba4fb3b7d420f79e62f15c [NON_LEADER]: Queue going to NON_LEADER mode. State: All replicated index: 0, Majority replicated index: 0, Committed index: 0, Last appended: 0.0, Last appended by leader: 0, Current term: 0, Majority size: -1, State: 0, Mode: NON_LEADER, active raft config: opid_index: -1 OBSOLETE_local: false peers { permanent_uuid: "6af518b7815a47c7bf10e7af9a081ddd" member_type: VOTER last_known_addr { host: "127.22.138.62" port: 41005 } } peers { permanent_uuid: "7d76c56204724f89a88ec189bb7209a1" member_type: VOTER last_known_addr { host: "127.22.138.61" port: 36367 } } peers { permanent_uuid: "782c7740c3ba4fb3b7d420f79e62f15c" member_type: VOTER last_known_addr { host: "127.22.138.60" port: 35323 } }
I20260601 13:23:18.429652 24332 sys_catalog.cc:455] T 00000000000000000000000000000000 P 782c7740c3ba4fb3b7d420f79e62f15c [sys.catalog]: SysCatalogTable state changed. Reason: RaftConsensus started. Latest consensus state: current_term: 0 committed_config { opid_index: -1 OBSOLETE_local: false peers { permanent_uuid: "6af518b7815a47c7bf10e7af9a081ddd" member_type: VOTER last_known_addr { host: "127.22.138.62" port: 41005 } } peers { permanent_uuid: "7d76c56204724f89a88ec189bb7209a1" member_type: VOTER last_known_addr { host: "127.22.138.61" port: 36367 } } peers { permanent_uuid: "782c7740c3ba4fb3b7d420f79e62f15c" member_type: VOTER last_known_addr { host: "127.22.138.60" port: 35323 } } }
I20260601 13:23:18.429746 24332 sys_catalog.cc:458] T 00000000000000000000000000000000 P 782c7740c3ba4fb3b7d420f79e62f15c [sys.catalog]: This master's current role is: FOLLOWER
I20260601 13:23:18.429781 24327 sys_catalog.cc:565] T 00000000000000000000000000000000 P 782c7740c3ba4fb3b7d420f79e62f15c [sys.catalog]: configured and running, proceeding with master startup.
I20260601 13:23:18.431561 24332 raft_consensus.cc:493] T 00000000000000000000000000000000 P 782c7740c3ba4fb3b7d420f79e62f15c [term 0 FOLLOWER]: Starting pre-election (no leader contacted us within the election timeout)
I20260601 13:23:18.431653 24332 raft_consensus.cc:515] T 00000000000000000000000000000000 P 782c7740c3ba4fb3b7d420f79e62f15c [term 0 FOLLOWER]: Starting pre-election with config: opid_index: -1 OBSOLETE_local: false peers { permanent_uuid: "6af518b7815a47c7bf10e7af9a081ddd" member_type: VOTER last_known_addr { host: "127.22.138.62" port: 41005 } } peers { permanent_uuid: "7d76c56204724f89a88ec189bb7209a1" member_type: VOTER last_known_addr { host: "127.22.138.61" port: 36367 } } peers { permanent_uuid: "782c7740c3ba4fb3b7d420f79e62f15c" member_type: VOTER last_known_addr { host: "127.22.138.60" port: 35323 } }
W20260601 13:23:18.431825 24343 catalog_manager.cc:1593] T 00000000000000000000000000000000 P 782c7740c3ba4fb3b7d420f79e62f15c: loading cluster ID for follower catalog manager: Not found: cluster ID entry not found
W20260601 13:23:18.431882 24343 catalog_manager.cc:883] Not found: cluster ID entry not found: failed to prepare follower catalog manager, will retry
I20260601 13:23:18.432042 24332 leader_election.cc:290] T 00000000000000000000000000000000 P 782c7740c3ba4fb3b7d420f79e62f15c [CANDIDATE]: Term 1 pre-election: Requested pre-vote from peers 6af518b7815a47c7bf10e7af9a081ddd (127.22.138.62:41005), 7d76c56204724f89a88ec189bb7209a1 (127.22.138.61:36367)
I20260601 13:23:18.443017 24261 consensus_peers.cc:770] Retrying to get permanent uuid for remote peer: member_type: VOTER last_known_addr { host: "127.22.138.60" port: 35323 } attempt: 1
I20260601 13:23:18.446239 24195 consensus_peers.cc:770] Retrying to get permanent uuid for remote peer: member_type: VOTER last_known_addr { host: "127.22.138.60" port: 35323 } attempt: 1
I20260601 13:23:18.448925 24261 tablet_bootstrap.cc:492] T 00000000000000000000000000000000 P 7d76c56204724f89a88ec189bb7209a1: Bootstrap starting.
I20260601 13:23:18.450203 24261 tablet_bootstrap.cc:654] T 00000000000000000000000000000000 P 7d76c56204724f89a88ec189bb7209a1: Neither blocks nor log segments found. Creating new log.
I20260601 13:23:18.451299 24195 tablet_bootstrap.cc:492] T 00000000000000000000000000000000 P 6af518b7815a47c7bf10e7af9a081ddd: Bootstrap starting.
I20260601 13:23:18.451550 24261 tablet_bootstrap.cc:492] T 00000000000000000000000000000000 P 7d76c56204724f89a88ec189bb7209a1: No bootstrap required, opened a new log
I20260601 13:23:18.452018 24261 raft_consensus.cc:359] T 00000000000000000000000000000000 P 7d76c56204724f89a88ec189bb7209a1 [term 0 FOLLOWER]: Replica starting. Triggering 0 pending ops. Active config: opid_index: -1 OBSOLETE_local: false peers { permanent_uuid: "6af518b7815a47c7bf10e7af9a081ddd" member_type: VOTER last_known_addr { host: "127.22.138.62" port: 41005 } } peers { permanent_uuid: "7d76c56204724f89a88ec189bb7209a1" member_type: VOTER last_known_addr { host: "127.22.138.61" port: 36367 } } peers { permanent_uuid: "782c7740c3ba4fb3b7d420f79e62f15c" member_type: VOTER last_known_addr { host: "127.22.138.60" port: 35323 } }
I20260601 13:23:18.452139 24261 raft_consensus.cc:385] T 00000000000000000000000000000000 P 7d76c56204724f89a88ec189bb7209a1 [term 0 FOLLOWER]: Consensus starting up: Expiring failure detector timer to make a prompt election more likely
I20260601 13:23:18.452169 24261 raft_consensus.cc:740] T 00000000000000000000000000000000 P 7d76c56204724f89a88ec189bb7209a1 [term 0 FOLLOWER]: Becoming Follower/Learner. State: Replica: 7d76c56204724f89a88ec189bb7209a1, State: Initialized, Role: FOLLOWER
I20260601 13:23:18.452189 24195 tablet_bootstrap.cc:654] T 00000000000000000000000000000000 P 6af518b7815a47c7bf10e7af9a081ddd: Neither blocks nor log segments found. Creating new log.
I20260601 13:23:18.452337 24261 consensus_queue.cc:260] T 00000000000000000000000000000000 P 7d76c56204724f89a88ec189bb7209a1 [NON_LEADER]: Queue going to NON_LEADER mode. State: All replicated index: 0, Majority replicated index: 0, Committed index: 0, Last appended: 0.0, Last appended by leader: 0, Current term: 0, Majority size: -1, State: 0, Mode: NON_LEADER, active raft config: opid_index: -1 OBSOLETE_local: false peers { permanent_uuid: "6af518b7815a47c7bf10e7af9a081ddd" member_type: VOTER last_known_addr { host: "127.22.138.62" port: 41005 } } peers { permanent_uuid: "7d76c56204724f89a88ec189bb7209a1" member_type: VOTER last_known_addr { host: "127.22.138.61" port: 36367 } } peers { permanent_uuid: "782c7740c3ba4fb3b7d420f79e62f15c" member_type: VOTER last_known_addr { host: "127.22.138.60" port: 35323 } }
I20260601 13:23:18.452663 24346 sys_catalog.cc:455] T 00000000000000000000000000000000 P 7d76c56204724f89a88ec189bb7209a1 [sys.catalog]: SysCatalogTable state changed. Reason: RaftConsensus started. Latest consensus state: current_term: 0 committed_config { opid_index: -1 OBSOLETE_local: false peers { permanent_uuid: "6af518b7815a47c7bf10e7af9a081ddd" member_type: VOTER last_known_addr { host: "127.22.138.62" port: 41005 } } peers { permanent_uuid: "7d76c56204724f89a88ec189bb7209a1" member_type: VOTER last_known_addr { host: "127.22.138.61" port: 36367 } } peers { permanent_uuid: "782c7740c3ba4fb3b7d420f79e62f15c" member_type: VOTER last_known_addr { host: "127.22.138.60" port: 35323 } } }
I20260601 13:23:18.452803 24346 sys_catalog.cc:458] T 00000000000000000000000000000000 P 7d76c56204724f89a88ec189bb7209a1 [sys.catalog]: This master's current role is: FOLLOWER
I20260601 13:23:18.452864 24261 sys_catalog.cc:565] T 00000000000000000000000000000000 P 7d76c56204724f89a88ec189bb7209a1 [sys.catalog]: configured and running, proceeding with master startup.
I20260601 13:23:18.452898 24235 tablet_service.cc:1917] Received RequestConsensusVote() RPC: tablet_id: "00000000000000000000000000000000" candidate_uuid: "782c7740c3ba4fb3b7d420f79e62f15c" candidate_term: 1 candidate_status { last_received { term: 0 index: 0 } } ignore_live_leader: false dest_uuid: "7d76c56204724f89a88ec189bb7209a1" is_pre_election: true
I20260601 13:23:18.453029 24235 raft_consensus.cc:2468] T 00000000000000000000000000000000 P 7d76c56204724f89a88ec189bb7209a1 [term 0 FOLLOWER]: Leader pre-election vote request: Granting yes vote for candidate 782c7740c3ba4fb3b7d420f79e62f15c in term 0.
I20260601 13:23:18.453289 24195 tablet_bootstrap.cc:492] T 00000000000000000000000000000000 P 6af518b7815a47c7bf10e7af9a081ddd: No bootstrap required, opened a new log
I20260601 13:23:18.453431 24275 leader_election.cc:304] T 00000000000000000000000000000000 P 782c7740c3ba4fb3b7d420f79e62f15c [CANDIDATE]: Term 1 pre-election: Election decided. Result: candidate won. Election summary: received 2 responses out of 3 voters: 2 yes votes; 0 no votes. yes voters: 782c7740c3ba4fb3b7d420f79e62f15c, 7d76c56204724f89a88ec189bb7209a1; no voters: 
I20260601 13:23:18.453603 24332 raft_consensus.cc:2804] T 00000000000000000000000000000000 P 782c7740c3ba4fb3b7d420f79e62f15c [term 0 FOLLOWER]: Leader pre-election won for term 1
I20260601 13:23:18.453652 24332 raft_consensus.cc:493] T 00000000000000000000000000000000 P 782c7740c3ba4fb3b7d420f79e62f15c [term 0 FOLLOWER]: Starting leader election (no leader contacted us within the election timeout)
I20260601 13:23:18.453691 24332 raft_consensus.cc:3060] T 00000000000000000000000000000000 P 782c7740c3ba4fb3b7d420f79e62f15c [term 0 FOLLOWER]: Advancing to term 1
I20260601 13:23:18.453728 24195 raft_consensus.cc:359] T 00000000000000000000000000000000 P 6af518b7815a47c7bf10e7af9a081ddd [term 0 FOLLOWER]: Replica starting. Triggering 0 pending ops. Active config: opid_index: -1 OBSOLETE_local: false peers { permanent_uuid: "6af518b7815a47c7bf10e7af9a081ddd" member_type: VOTER last_known_addr { host: "127.22.138.62" port: 41005 } } peers { permanent_uuid: "7d76c56204724f89a88ec189bb7209a1" member_type: VOTER last_known_addr { host: "127.22.138.61" port: 36367 } } peers { permanent_uuid: "782c7740c3ba4fb3b7d420f79e62f15c" member_type: VOTER last_known_addr { host: "127.22.138.60" port: 35323 } }
I20260601 13:23:18.453830 24195 raft_consensus.cc:385] T 00000000000000000000000000000000 P 6af518b7815a47c7bf10e7af9a081ddd [term 0 FOLLOWER]: Consensus starting up: Expiring failure detector timer to make a prompt election more likely
I20260601 13:23:18.453862 24195 raft_consensus.cc:740] T 00000000000000000000000000000000 P 6af518b7815a47c7bf10e7af9a081ddd [term 0 FOLLOWER]: Becoming Follower/Learner. State: Replica: 6af518b7815a47c7bf10e7af9a081ddd, State: Initialized, Role: FOLLOWER
I20260601 13:23:18.454007 24195 consensus_queue.cc:260] T 00000000000000000000000000000000 P 6af518b7815a47c7bf10e7af9a081ddd [NON_LEADER]: Queue going to NON_LEADER mode. State: All replicated index: 0, Majority replicated index: 0, Committed index: 0, Last appended: 0.0, Last appended by leader: 0, Current term: 0, Majority size: -1, State: 0, Mode: NON_LEADER, active raft config: opid_index: -1 OBSOLETE_local: false peers { permanent_uuid: "6af518b7815a47c7bf10e7af9a081ddd" member_type: VOTER last_known_addr { host: "127.22.138.62" port: 41005 } } peers { permanent_uuid: "7d76c56204724f89a88ec189bb7209a1" member_type: VOTER last_known_addr { host: "127.22.138.61" port: 36367 } } peers { permanent_uuid: "782c7740c3ba4fb3b7d420f79e62f15c" member_type: VOTER last_known_addr { host: "127.22.138.60" port: 35323 } }
I20260601 13:23:18.454344 24353 sys_catalog.cc:455] T 00000000000000000000000000000000 P 6af518b7815a47c7bf10e7af9a081ddd [sys.catalog]: SysCatalogTable state changed. Reason: RaftConsensus started. Latest consensus state: current_term: 0 committed_config { opid_index: -1 OBSOLETE_local: false peers { permanent_uuid: "6af518b7815a47c7bf10e7af9a081ddd" member_type: VOTER last_known_addr { host: "127.22.138.62" port: 41005 } } peers { permanent_uuid: "7d76c56204724f89a88ec189bb7209a1" member_type: VOTER last_known_addr { host: "127.22.138.61" port: 36367 } } peers { permanent_uuid: "782c7740c3ba4fb3b7d420f79e62f15c" member_type: VOTER last_known_addr { host: "127.22.138.60" port: 35323 } } }
I20260601 13:23:18.454469 24195 sys_catalog.cc:565] T 00000000000000000000000000000000 P 6af518b7815a47c7bf10e7af9a081ddd [sys.catalog]: configured and running, proceeding with master startup.
I20260601 13:23:18.454589 24169 tablet_service.cc:1917] Received RequestConsensusVote() RPC: tablet_id: "00000000000000000000000000000000" candidate_uuid: "782c7740c3ba4fb3b7d420f79e62f15c" candidate_term: 1 candidate_status { last_received { term: 0 index: 0 } } ignore_live_leader: false dest_uuid: "6af518b7815a47c7bf10e7af9a081ddd" is_pre_election: true
I20260601 13:23:18.454690 24169 raft_consensus.cc:2468] T 00000000000000000000000000000000 P 6af518b7815a47c7bf10e7af9a081ddd [term 0 FOLLOWER]: Leader pre-election vote request: Granting yes vote for candidate 782c7740c3ba4fb3b7d420f79e62f15c in term 0.
I20260601 13:23:18.454741 24332 raft_consensus.cc:515] T 00000000000000000000000000000000 P 782c7740c3ba4fb3b7d420f79e62f15c [term 1 FOLLOWER]: Starting leader election with config: opid_index: -1 OBSOLETE_local: false peers { permanent_uuid: "6af518b7815a47c7bf10e7af9a081ddd" member_type: VOTER last_known_addr { host: "127.22.138.62" port: 41005 } } peers { permanent_uuid: "7d76c56204724f89a88ec189bb7209a1" member_type: VOTER last_known_addr { host: "127.22.138.61" port: 36367 } } peers { permanent_uuid: "782c7740c3ba4fb3b7d420f79e62f15c" member_type: VOTER last_known_addr { host: "127.22.138.60" port: 35323 } }
I20260601 13:23:18.455113 24332 leader_election.cc:290] T 00000000000000000000000000000000 P 782c7740c3ba4fb3b7d420f79e62f15c [CANDIDATE]: Term 1 election: Requested vote from peers 6af518b7815a47c7bf10e7af9a081ddd (127.22.138.62:41005), 7d76c56204724f89a88ec189bb7209a1 (127.22.138.61:36367)
I20260601 13:23:18.455416 24169 tablet_service.cc:1917] Received RequestConsensusVote() RPC: tablet_id: "00000000000000000000000000000000" candidate_uuid: "782c7740c3ba4fb3b7d420f79e62f15c" candidate_term: 1 candidate_status { last_received { term: 0 index: 0 } } ignore_live_leader: false dest_uuid: "6af518b7815a47c7bf10e7af9a081ddd"
I20260601 13:23:18.455516 24169 raft_consensus.cc:3060] T 00000000000000000000000000000000 P 6af518b7815a47c7bf10e7af9a081ddd [term 0 FOLLOWER]: Advancing to term 1
I20260601 13:23:18.455608 24235 tablet_service.cc:1917] Received RequestConsensusVote() RPC: tablet_id: "00000000000000000000000000000000" candidate_uuid: "782c7740c3ba4fb3b7d420f79e62f15c" candidate_term: 1 candidate_status { last_received { term: 0 index: 0 } } ignore_live_leader: false dest_uuid: "7d76c56204724f89a88ec189bb7209a1"
I20260601 13:23:18.455686 24235 raft_consensus.cc:3060] T 00000000000000000000000000000000 P 7d76c56204724f89a88ec189bb7209a1 [term 0 FOLLOWER]: Advancing to term 1
I20260601 13:23:18.454466 24353 sys_catalog.cc:458] T 00000000000000000000000000000000 P 6af518b7815a47c7bf10e7af9a081ddd [sys.catalog]: This master's current role is: FOLLOWER
W20260601 13:23:18.455507 24359 catalog_manager.cc:1593] T 00000000000000000000000000000000 P 7d76c56204724f89a88ec189bb7209a1: loading cluster ID for follower catalog manager: Not found: cluster ID entry not found
I20260601 13:23:18.456480 24235 raft_consensus.cc:2468] T 00000000000000000000000000000000 P 7d76c56204724f89a88ec189bb7209a1 [term 1 FOLLOWER]: Leader election vote request: Granting yes vote for candidate 782c7740c3ba4fb3b7d420f79e62f15c in term 1.
I20260601 13:23:18.456480 24169 raft_consensus.cc:2468] T 00000000000000000000000000000000 P 6af518b7815a47c7bf10e7af9a081ddd [term 1 FOLLOWER]: Leader election vote request: Granting yes vote for candidate 782c7740c3ba4fb3b7d420f79e62f15c in term 1.
W20260601 13:23:18.456529 24359 catalog_manager.cc:883] Not found: cluster ID entry not found: failed to prepare follower catalog manager, will retry
I20260601 13:23:18.456854 24277 leader_election.cc:304] T 00000000000000000000000000000000 P 782c7740c3ba4fb3b7d420f79e62f15c [CANDIDATE]: Term 1 election: Election decided. Result: candidate won. Election summary: received 2 responses out of 3 voters: 2 yes votes; 0 no votes. yes voters: 6af518b7815a47c7bf10e7af9a081ddd, 782c7740c3ba4fb3b7d420f79e62f15c; no voters: 
I20260601 13:23:18.456861 23080 internal_mini_cluster.cc:184] Waiting to initialize catalog manager on master 1
I20260601 13:23:18.457074 23080 internal_mini_cluster.cc:184] Waiting to initialize catalog manager on master 2
I20260601 13:23:18.457011 24332 raft_consensus.cc:2804] T 00000000000000000000000000000000 P 782c7740c3ba4fb3b7d420f79e62f15c [term 1 FOLLOWER]: Leader election won for term 1
I20260601 13:23:18.457273 24332 raft_consensus.cc:697] T 00000000000000000000000000000000 P 782c7740c3ba4fb3b7d420f79e62f15c [term 1 LEADER]: Becoming Leader. State: Replica: 782c7740c3ba4fb3b7d420f79e62f15c, State: Running, Role: LEADER
I20260601 13:23:18.457413 24332 consensus_queue.cc:237] T 00000000000000000000000000000000 P 782c7740c3ba4fb3b7d420f79e62f15c [LEADER]: Queue going to LEADER mode. State: All replicated index: 0, Majority replicated index: 0, Committed index: 0, Last appended: 0.0, Last appended by leader: 0, Current term: 1, Majority size: 2, State: 0, Mode: LEADER, active raft config: opid_index: -1 OBSOLETE_local: false peers { permanent_uuid: "6af518b7815a47c7bf10e7af9a081ddd" member_type: VOTER last_known_addr { host: "127.22.138.62" port: 41005 } } peers { permanent_uuid: "7d76c56204724f89a88ec189bb7209a1" member_type: VOTER last_known_addr { host: "127.22.138.61" port: 36367 } } peers { permanent_uuid: "782c7740c3ba4fb3b7d420f79e62f15c" member_type: VOTER last_known_addr { host: "127.22.138.60" port: 35323 } }
W20260601 13:23:18.457496 24370 catalog_manager.cc:1593] T 00000000000000000000000000000000 P 6af518b7815a47c7bf10e7af9a081ddd: loading cluster ID for follower catalog manager: Not found: cluster ID entry not found
W20260601 13:23:18.457540 24370 catalog_manager.cc:883] Not found: cluster ID entry not found: failed to prepare follower catalog manager, will retry
I20260601 13:23:18.457568 23080 file_cache.cc:492] Constructed file cache file cache with capacity 419430
I20260601 13:23:18.458165 24371 sys_catalog.cc:455] T 00000000000000000000000000000000 P 782c7740c3ba4fb3b7d420f79e62f15c [sys.catalog]: SysCatalogTable state changed. Reason: New leader 782c7740c3ba4fb3b7d420f79e62f15c. Latest consensus state: current_term: 1 leader_uuid: "782c7740c3ba4fb3b7d420f79e62f15c" committed_config { opid_index: -1 OBSOLETE_local: false peers { permanent_uuid: "6af518b7815a47c7bf10e7af9a081ddd" member_type: VOTER last_known_addr { host: "127.22.138.62" port: 41005 } } peers { permanent_uuid: "7d76c56204724f89a88ec189bb7209a1" member_type: VOTER last_known_addr { host: "127.22.138.61" port: 36367 } } peers { permanent_uuid: "782c7740c3ba4fb3b7d420f79e62f15c" member_type: VOTER last_known_addr { host: "127.22.138.60" port: 35323 } } }
I20260601 13:23:18.458253 24371 sys_catalog.cc:458] T 00000000000000000000000000000000 P 782c7740c3ba4fb3b7d420f79e62f15c [sys.catalog]: This master's current role is: LEADER
I20260601 13:23:18.458549 24373 catalog_manager.cc:1510] Loading table and tablet metadata into memory...
I20260601 13:23:18.459455 24373 catalog_manager.cc:1519] Initializing Kudu cluster ID...
W20260601 13:23:18.459697 24377 instance_detector.cc:116] could not retrieve OpenStack instance metadata: Network error: curl error: HTTP response code said error: The requested URL returned error: 404
W20260601 13:23:18.459717 24374 instance_detector.cc:116] could not retrieve AWS instance metadata: Network error: curl error: HTTP response code said error: The requested URL returned error: 404
I20260601 13:23:18.459935 23080 server_base.cc:1061] running on GCE node
W20260601 13:23:18.459941 24375 instance_detector.cc:116] could not retrieve Azure instance metadata: Network error: curl error: HTTP response code said error: The requested URL returned error: 404
I20260601 13:23:18.460192 23080 hybrid_clock.cc:584] initializing the hybrid clock with 'system_unsync' time source
W20260601 13:23:18.460243 23080 system_unsync_time.cc:38] NTP support is disabled. Clock error bounds will not be accurate. This configuration is not suitable for distributed clusters.
I20260601 13:23:18.460263 23080 hybrid_clock.cc:648] HybridClock initialized: now 1780320198460262 us; error 0 us; skew 500 ppm
I20260601 13:23:18.461236 24169 raft_consensus.cc:1275] T 00000000000000000000000000000000 P 6af518b7815a47c7bf10e7af9a081ddd [term 1 FOLLOWER]: Refusing update from remote peer 782c7740c3ba4fb3b7d420f79e62f15c: Log matching property violated. Preceding OpId in replica: term: 0 index: 0. Preceding OpId from leader: term: 1 index: 2. (index mismatch)
I20260601 13:23:18.461302 24235 raft_consensus.cc:1275] T 00000000000000000000000000000000 P 7d76c56204724f89a88ec189bb7209a1 [term 1 FOLLOWER]: Refusing update from remote peer 782c7740c3ba4fb3b7d420f79e62f15c: Log matching property violated. Preceding OpId in replica: term: 0 index: 0. Preceding OpId from leader: term: 1 index: 2. (index mismatch)
I20260601 13:23:18.461357 23080 webserver.cc:533] Webserver started at http://127.22.138.1:45573/ using document root <none> and password file <none>
I20260601 13:23:18.461503 23080 fs_manager.cc:362] Metadata directory not provided
I20260601 13:23:18.461555 23080 fs_manager.cc:368] Using write-ahead log directory (fs_wal_dir) as metadata directory
I20260601 13:23:18.461627 23080 server_base.cc:909] This appears to be a new deployment of Kudu; creating new FS layout
I20260601 13:23:18.461652 24332 consensus_queue.cc:1048] T 00000000000000000000000000000000 P 782c7740c3ba4fb3b7d420f79e62f15c [LEADER]: Connected to new peer: Peer: permanent_uuid: "7d76c56204724f89a88ec189bb7209a1" member_type: VOTER last_known_addr { host: "127.22.138.61" port: 36367 }, Status: LMP_MISMATCH, Last received: 0.0, Next index: 1, Last known committed idx: 0, Time since last communication: 0.000s
I20260601 13:23:18.461755 24371 consensus_queue.cc:1048] T 00000000000000000000000000000000 P 782c7740c3ba4fb3b7d420f79e62f15c [LEADER]: Connected to new peer: Peer: permanent_uuid: "6af518b7815a47c7bf10e7af9a081ddd" member_type: VOTER last_known_addr { host: "127.22.138.62" port: 41005 }, Status: LMP_MISMATCH, Last received: 0.0, Next index: 1, Last known committed idx: 0, Time since last communication: 0.000s
I20260601 13:23:18.462098 23080 fs_manager.cc:1068] Generated new instance metadata in path /tmp/dist-test-taskudPKjK/test-tmp/auto_rebalancer-test.0.AutoRebalancerTest.NextLeaderResumesAutoRebalancing.1780320188634634-23080-0/minicluster-data/ts-0-root/instance:
uuid: "c25e1f7fdd834a6193aeee81e0e85333"
format_stamp: "Formatted at 2026-06-01 13:23:18 on dist-test-slave-7dg9"
I20260601 13:23:18.463073 24346 sys_catalog.cc:455] T 00000000000000000000000000000000 P 7d76c56204724f89a88ec189bb7209a1 [sys.catalog]: SysCatalogTable state changed. Reason: New leader 782c7740c3ba4fb3b7d420f79e62f15c. Latest consensus state: current_term: 1 leader_uuid: "782c7740c3ba4fb3b7d420f79e62f15c" committed_config { opid_index: -1 OBSOLETE_local: false peers { permanent_uuid: "6af518b7815a47c7bf10e7af9a081ddd" member_type: VOTER last_known_addr { host: "127.22.138.62" port: 41005 } } peers { permanent_uuid: "7d76c56204724f89a88ec189bb7209a1" member_type: VOTER last_known_addr { host: "127.22.138.61" port: 36367 } } peers { permanent_uuid: "782c7740c3ba4fb3b7d420f79e62f15c" member_type: VOTER last_known_addr { host: "127.22.138.60" port: 35323 } } }
I20260601 13:23:18.463121 24353 sys_catalog.cc:455] T 00000000000000000000000000000000 P 6af518b7815a47c7bf10e7af9a081ddd [sys.catalog]: SysCatalogTable state changed. Reason: New leader 782c7740c3ba4fb3b7d420f79e62f15c. Latest consensus state: current_term: 1 leader_uuid: "782c7740c3ba4fb3b7d420f79e62f15c" committed_config { opid_index: -1 OBSOLETE_local: false peers { permanent_uuid: "6af518b7815a47c7bf10e7af9a081ddd" member_type: VOTER last_known_addr { host: "127.22.138.62" port: 41005 } } peers { permanent_uuid: "7d76c56204724f89a88ec189bb7209a1" member_type: VOTER last_known_addr { host: "127.22.138.61" port: 36367 } } peers { permanent_uuid: "782c7740c3ba4fb3b7d420f79e62f15c" member_type: VOTER last_known_addr { host: "127.22.138.60" port: 35323 } } }
I20260601 13:23:18.463176 24346 sys_catalog.cc:458] T 00000000000000000000000000000000 P 7d76c56204724f89a88ec189bb7209a1 [sys.catalog]: This master's current role is: FOLLOWER
I20260601 13:23:18.463215 24353 sys_catalog.cc:458] T 00000000000000000000000000000000 P 6af518b7815a47c7bf10e7af9a081ddd [sys.catalog]: This master's current role is: FOLLOWER
I20260601 13:23:18.464280 23080 fs_manager.cc:696] Time spent creating directory manager: real 0.002s	user 0.000s	sys 0.002s
I20260601 13:23:18.464490 24387 sys_catalog.cc:455] T 00000000000000000000000000000000 P 782c7740c3ba4fb3b7d420f79e62f15c [sys.catalog]: SysCatalogTable state changed. Reason: Peer health change. Latest consensus state: current_term: 1 leader_uuid: "782c7740c3ba4fb3b7d420f79e62f15c" committed_config { opid_index: -1 OBSOLETE_local: false peers { permanent_uuid: "6af518b7815a47c7bf10e7af9a081ddd" member_type: VOTER last_known_addr { host: "127.22.138.62" port: 41005 } } peers { permanent_uuid: "7d76c56204724f89a88ec189bb7209a1" member_type: VOTER last_known_addr { host: "127.22.138.61" port: 36367 } } peers { permanent_uuid: "782c7740c3ba4fb3b7d420f79e62f15c" member_type: VOTER last_known_addr { host: "127.22.138.60" port: 35323 } } }
I20260601 13:23:18.464573 24387 sys_catalog.cc:458] T 00000000000000000000000000000000 P 782c7740c3ba4fb3b7d420f79e62f15c [sys.catalog]: This master's current role is: LEADER
I20260601 13:23:18.464686 24371 sys_catalog.cc:455] T 00000000000000000000000000000000 P 782c7740c3ba4fb3b7d420f79e62f15c [sys.catalog]: SysCatalogTable state changed. Reason: Peer health change. Latest consensus state: current_term: 1 leader_uuid: "782c7740c3ba4fb3b7d420f79e62f15c" committed_config { opid_index: -1 OBSOLETE_local: false peers { permanent_uuid: "6af518b7815a47c7bf10e7af9a081ddd" member_type: VOTER last_known_addr { host: "127.22.138.62" port: 41005 } } peers { permanent_uuid: "7d76c56204724f89a88ec189bb7209a1" member_type: VOTER last_known_addr { host: "127.22.138.61" port: 36367 } } peers { permanent_uuid: "782c7740c3ba4fb3b7d420f79e62f15c" member_type: VOTER last_known_addr { host: "127.22.138.60" port: 35323 } } }
I20260601 13:23:18.464757 24371 sys_catalog.cc:458] T 00000000000000000000000000000000 P 782c7740c3ba4fb3b7d420f79e62f15c [sys.catalog]: This master's current role is: LEADER
I20260601 13:23:18.464993 24346 sys_catalog.cc:455] T 00000000000000000000000000000000 P 7d76c56204724f89a88ec189bb7209a1 [sys.catalog]: SysCatalogTable state changed. Reason: Replicated consensus-only round. Latest consensus state: current_term: 1 leader_uuid: "782c7740c3ba4fb3b7d420f79e62f15c" committed_config { opid_index: -1 OBSOLETE_local: false peers { permanent_uuid: "6af518b7815a47c7bf10e7af9a081ddd" member_type: VOTER last_known_addr { host: "127.22.138.62" port: 41005 } } peers { permanent_uuid: "7d76c56204724f89a88ec189bb7209a1" member_type: VOTER last_known_addr { host: "127.22.138.61" port: 36367 } } peers { permanent_uuid: "782c7740c3ba4fb3b7d420f79e62f15c" member_type: VOTER last_known_addr { host: "127.22.138.60" port: 35323 } } }
I20260601 13:23:18.465094 24346 sys_catalog.cc:458] T 00000000000000000000000000000000 P 7d76c56204724f89a88ec189bb7209a1 [sys.catalog]: This master's current role is: FOLLOWER
I20260601 13:23:18.465209 24353 sys_catalog.cc:455] T 00000000000000000000000000000000 P 6af518b7815a47c7bf10e7af9a081ddd [sys.catalog]: SysCatalogTable state changed. Reason: Replicated consensus-only round. Latest consensus state: current_term: 1 leader_uuid: "782c7740c3ba4fb3b7d420f79e62f15c" committed_config { opid_index: -1 OBSOLETE_local: false peers { permanent_uuid: "6af518b7815a47c7bf10e7af9a081ddd" member_type: VOTER last_known_addr { host: "127.22.138.62" port: 41005 } } peers { permanent_uuid: "7d76c56204724f89a88ec189bb7209a1" member_type: VOTER last_known_addr { host: "127.22.138.61" port: 36367 } } peers { permanent_uuid: "782c7740c3ba4fb3b7d420f79e62f15c" member_type: VOTER last_known_addr { host: "127.22.138.60" port: 35323 } } }
I20260601 13:23:18.465276 24353 sys_catalog.cc:458] T 00000000000000000000000000000000 P 6af518b7815a47c7bf10e7af9a081ddd [sys.catalog]: This master's current role is: FOLLOWER
I20260601 13:23:18.465377 24391 log_block_manager.cc:4031] Time spent loading block containers with low live blocks: real 0.000s	user 0.000s	sys 0.000s
I20260601 13:23:18.465636 23080 fs_manager.cc:730] Time spent opening block manager: real 0.001s	user 0.000s	sys 0.001s
I20260601 13:23:18.465718 23080 fs_manager.cc:647] Opened local filesystem: /tmp/dist-test-taskudPKjK/test-tmp/auto_rebalancer-test.0.AutoRebalancerTest.NextLeaderResumesAutoRebalancing.1780320188634634-23080-0/minicluster-data/ts-0-root
uuid: "c25e1f7fdd834a6193aeee81e0e85333"
format_stamp: "Formatted at 2026-06-01 13:23:18 on dist-test-slave-7dg9"
I20260601 13:23:18.465785 23080 fs_report.cc:389] FS layout report
--------------------
wal directory: /tmp/dist-test-taskudPKjK/test-tmp/auto_rebalancer-test.0.AutoRebalancerTest.NextLeaderResumesAutoRebalancing.1780320188634634-23080-0/minicluster-data/ts-0-root
metadata directory: /tmp/dist-test-taskudPKjK/test-tmp/auto_rebalancer-test.0.AutoRebalancerTest.NextLeaderResumesAutoRebalancing.1780320188634634-23080-0/minicluster-data/ts-0-root
1 data directories: /tmp/dist-test-taskudPKjK/test-tmp/auto_rebalancer-test.0.AutoRebalancerTest.NextLeaderResumesAutoRebalancing.1780320188634634-23080-0/minicluster-data/ts-0-root/data
Total live blocks: 0
Total live bytes: 0
Total live bytes (after alignment): 0
Total number of LBM containers: 0 (0 full)
Did not check for missing blocks
Did not check for orphaned blocks
Total full LBM containers with extra space: 0 (0 repaired)
Total full LBM container extra space in bytes: 0 (0 repaired)
Total incomplete LBM containers: 0 (0 repaired)
Total LBM partial records: 0 (0 repaired)
Total corrupted LBM metadata records in RocksDB: 0 (0 repaired)
I20260601 13:23:18.466485 24373 catalog_manager.cc:1382] Generated new cluster ID: a9018b41386244ddb0c46bbdd0501bbf
I20260601 13:23:18.466562 24373 catalog_manager.cc:1530] Initializing Kudu internal certificate authority...
I20260601 13:23:18.481707 23080 rpc_server.cc:225] running with OpenSSL 1.1.1  11 Sep 2018
I20260601 13:23:18.482118 24373 catalog_manager.cc:1405] Generated new certificate authority record
I20260601 13:23:18.482164 23080 kserver.cc:163] Server-wide thread pool size limit: 3276
I20260601 13:23:18.482483 23080 txn_system_client.cc:432] TxnSystemClient initialization is disabled...
I20260601 13:23:18.482815 24373 catalog_manager.cc:1539] Loading token signing keys...
I20260601 13:23:18.483086 23080 ts_tablet_manager.cc:585] Loaded tablet metadata (0 total tablets, 0 live tablets)
I20260601 13:23:18.483141 23080 ts_tablet_manager.cc:531] Time spent load tablet metadata: real 0.000s	user 0.000s	sys 0.000s
I20260601 13:23:18.483186 23080 ts_tablet_manager.cc:616] Registered 0 tablets
I20260601 13:23:18.483214 23080 ts_tablet_manager.cc:595] Time spent register tablets: real 0.000s	user 0.000s	sys 0.000s
I20260601 13:23:18.487794 23080 rpc_server.cc:307] RPC server started. Bound to: 127.22.138.1:34157
I20260601 13:23:18.487824 24455 acceptor_pool.cc:272] collecting diagnostics on the listening RPC socket 127.22.138.1:34157 every 8 connection(s)
I20260601 13:23:18.488756 23080 file_cache.cc:492] Constructed file cache file cache with capacity 419430
W20260601 13:23:18.490612 24463 instance_detector.cc:116] could not retrieve AWS instance metadata: Network error: curl error: HTTP response code said error: The requested URL returned error: 404
W20260601 13:23:18.490833 24464 instance_detector.cc:116] could not retrieve Azure instance metadata: Network error: curl error: HTTP response code said error: The requested URL returned error: 404
I20260601 13:23:18.492427 24373 catalog_manager.cc:6069] T 00000000000000000000000000000000 P 782c7740c3ba4fb3b7d420f79e62f15c: Generated new TSK 0
I20260601 13:23:18.492588 24373 catalog_manager.cc:1549] Initializing in-progress tserver states...
W20260601 13:23:18.493788 24466 instance_detector.cc:116] could not retrieve OpenStack instance metadata: Network error: curl error: HTTP response code said error: The requested URL returned error: 404
I20260601 13:23:18.495110 24456 heartbeater.cc:344] Connected to a master server at 127.22.138.60:35323
I20260601 13:23:18.495203 24456 heartbeater.cc:461] Registering TS with master...
I20260601 13:23:18.495293 24457 heartbeater.cc:344] Connected to a master server at 127.22.138.62:41005
I20260601 13:23:18.495426 24456 heartbeater.cc:507] Master 127.22.138.60:35323 requested a full tablet report, sending...
I20260601 13:23:18.495429 24457 heartbeater.cc:461] Registering TS with master...
I20260601 13:23:18.495622 23080 server_base.cc:1061] running on GCE node
I20260601 13:23:18.495908 24457 heartbeater.cc:507] Master 127.22.138.62:41005 requested a full tablet report, sending...
I20260601 13:23:18.495976 24458 heartbeater.cc:344] Connected to a master server at 127.22.138.61:36367
I20260601 13:23:18.495990 23080 hybrid_clock.cc:584] initializing the hybrid clock with 'system_unsync' time source
I20260601 13:23:18.496069 24290 ts_manager.cc:194] Registered new tserver with Master: c25e1f7fdd834a6193aeee81e0e85333 (127.22.138.1:34157)
I20260601 13:23:18.496076 24458 heartbeater.cc:461] Registering TS with master...
W20260601 13:23:18.496098 23080 system_unsync_time.cc:38] NTP support is disabled. Clock error bounds will not be accurate. This configuration is not suitable for distributed clusters.
I20260601 13:23:18.496289 23080 hybrid_clock.cc:648] HybridClock initialized: now 1780320198496285 us; error 0 us; skew 500 ppm
I20260601 13:23:18.496336 24458 heartbeater.cc:507] Master 127.22.138.61:36367 requested a full tablet report, sending...
I20260601 13:23:18.496567 24159 ts_manager.cc:194] Registered new tserver with Master: c25e1f7fdd834a6193aeee81e0e85333 (127.22.138.1:34157)
I20260601 13:23:18.496948 24225 ts_manager.cc:194] Registered new tserver with Master: c25e1f7fdd834a6193aeee81e0e85333 (127.22.138.1:34157)
I20260601 13:23:18.497001 24290 master_service.cc:502] Signed X509 certificate for tserver {username='slave'} at 127.0.0.1:56080
I20260601 13:23:18.497613 23080 webserver.cc:533] Webserver started at http://127.22.138.2:35383/ using document root <none> and password file <none>
I20260601 13:23:18.497757 23080 fs_manager.cc:362] Metadata directory not provided
I20260601 13:23:18.497800 23080 fs_manager.cc:368] Using write-ahead log directory (fs_wal_dir) as metadata directory
I20260601 13:23:18.497851 23080 server_base.cc:909] This appears to be a new deployment of Kudu; creating new FS layout
I20260601 13:23:18.498164 23080 fs_manager.cc:1068] Generated new instance metadata in path /tmp/dist-test-taskudPKjK/test-tmp/auto_rebalancer-test.0.AutoRebalancerTest.NextLeaderResumesAutoRebalancing.1780320188634634-23080-0/minicluster-data/ts-1-root/instance:
uuid: "021174fff3fe45418d2d62ef500908c5"
format_stamp: "Formatted at 2026-06-01 13:23:18 on dist-test-slave-7dg9"
I20260601 13:23:18.499523 23080 fs_manager.cc:696] Time spent creating directory manager: real 0.001s	user 0.000s	sys 0.002s
I20260601 13:23:18.500386 24471 log_block_manager.cc:4031] Time spent loading block containers with low live blocks: real 0.000s	user 0.000s	sys 0.000s
I20260601 13:23:18.500598 23080 fs_manager.cc:730] Time spent opening block manager: real 0.001s	user 0.000s	sys 0.001s
I20260601 13:23:18.500667 23080 fs_manager.cc:647] Opened local filesystem: /tmp/dist-test-taskudPKjK/test-tmp/auto_rebalancer-test.0.AutoRebalancerTest.NextLeaderResumesAutoRebalancing.1780320188634634-23080-0/minicluster-data/ts-1-root
uuid: "021174fff3fe45418d2d62ef500908c5"
format_stamp: "Formatted at 2026-06-01 13:23:18 on dist-test-slave-7dg9"
I20260601 13:23:18.500841 23080 fs_report.cc:389] FS layout report
--------------------
wal directory: /tmp/dist-test-taskudPKjK/test-tmp/auto_rebalancer-test.0.AutoRebalancerTest.NextLeaderResumesAutoRebalancing.1780320188634634-23080-0/minicluster-data/ts-1-root
metadata directory: /tmp/dist-test-taskudPKjK/test-tmp/auto_rebalancer-test.0.AutoRebalancerTest.NextLeaderResumesAutoRebalancing.1780320188634634-23080-0/minicluster-data/ts-1-root
1 data directories: /tmp/dist-test-taskudPKjK/test-tmp/auto_rebalancer-test.0.AutoRebalancerTest.NextLeaderResumesAutoRebalancing.1780320188634634-23080-0/minicluster-data/ts-1-root/data
Total live blocks: 0
Total live bytes: 0
Total live bytes (after alignment): 0
Total number of LBM containers: 0 (0 full)
Did not check for missing blocks
Did not check for orphaned blocks
Total full LBM containers with extra space: 0 (0 repaired)
Total full LBM container extra space in bytes: 0 (0 repaired)
Total incomplete LBM containers: 0 (0 repaired)
Total LBM partial records: 0 (0 repaired)
Total corrupted LBM metadata records in RocksDB: 0 (0 repaired)
I20260601 13:23:18.529233 23080 rpc_server.cc:225] running with OpenSSL 1.1.1  11 Sep 2018
I20260601 13:23:18.529800 23080 kserver.cc:163] Server-wide thread pool size limit: 3276
I20260601 13:23:18.530177 23080 txn_system_client.cc:432] TxnSystemClient initialization is disabled...
I20260601 13:23:18.530865 23080 ts_tablet_manager.cc:585] Loaded tablet metadata (0 total tablets, 0 live tablets)
I20260601 13:23:18.530921 23080 ts_tablet_manager.cc:531] Time spent load tablet metadata: real 0.000s	user 0.000s	sys 0.000s
I20260601 13:23:18.530982 23080 ts_tablet_manager.cc:616] Registered 0 tablets
I20260601 13:23:18.531010 23080 ts_tablet_manager.cc:595] Time spent register tablets: real 0.000s	user 0.000s	sys 0.000s
I20260601 13:23:18.537115 23080 rpc_server.cc:307] RPC server started. Bound to: 127.22.138.2:46565
I20260601 13:23:18.537176 24534 acceptor_pool.cc:272] collecting diagnostics on the listening RPC socket 127.22.138.2:46565 every 8 connection(s)
I20260601 13:23:18.538283 23080 file_cache.cc:492] Constructed file cache file cache with capacity 419430
W20260601 13:23:18.540596 24545 instance_detector.cc:116] could not retrieve OpenStack instance metadata: Network error: curl error: HTTP response code said error: The requested URL returned error: 404
W20260601 13:23:18.540871 24543 instance_detector.cc:116] could not retrieve Azure instance metadata: Network error: curl error: HTTP response code said error: The requested URL returned error: 404
W20260601 13:23:18.541160 24542 instance_detector.cc:116] could not retrieve AWS instance metadata: Network error: curl error: HTTP response code said error: The requested URL returned error: 404
I20260601 13:23:18.541447 23080 server_base.cc:1061] running on GCE node
I20260601 13:23:18.541733 23080 hybrid_clock.cc:584] initializing the hybrid clock with 'system_unsync' time source
W20260601 13:23:18.541790 23080 system_unsync_time.cc:38] NTP support is disabled. Clock error bounds will not be accurate. This configuration is not suitable for distributed clusters.
I20260601 13:23:18.541816 23080 hybrid_clock.cc:648] HybridClock initialized: now 1780320198541815 us; error 0 us; skew 500 ppm
I20260601 13:23:18.542735 23080 webserver.cc:533] Webserver started at http://127.22.138.3:44047/ using document root <none> and password file <none>
I20260601 13:23:18.542898 23080 fs_manager.cc:362] Metadata directory not provided
I20260601 13:23:18.542959 23080 fs_manager.cc:368] Using write-ahead log directory (fs_wal_dir) as metadata directory
I20260601 13:23:18.543037 23080 server_base.cc:909] This appears to be a new deployment of Kudu; creating new FS layout
I20260601 13:23:18.543358 24535 heartbeater.cc:344] Connected to a master server at 127.22.138.60:35323
I20260601 13:23:18.543457 24535 heartbeater.cc:461] Registering TS with master...
I20260601 13:23:18.543490 23080 fs_manager.cc:1068] Generated new instance metadata in path /tmp/dist-test-taskudPKjK/test-tmp/auto_rebalancer-test.0.AutoRebalancerTest.NextLeaderResumesAutoRebalancing.1780320188634634-23080-0/minicluster-data/ts-2-root/instance:
uuid: "a5e0cc1c089441c883354d7c089befe9"
format_stamp: "Formatted at 2026-06-01 13:23:18 on dist-test-slave-7dg9"
I20260601 13:23:18.543669 24535 heartbeater.cc:507] Master 127.22.138.60:35323 requested a full tablet report, sending...
I20260601 13:23:18.543772 24537 heartbeater.cc:344] Connected to a master server at 127.22.138.61:36367
I20260601 13:23:18.543845 24537 heartbeater.cc:461] Registering TS with master...
I20260601 13:23:18.544042 24537 heartbeater.cc:507] Master 127.22.138.61:36367 requested a full tablet report, sending...
I20260601 13:23:18.544281 24290 ts_manager.cc:194] Registered new tserver with Master: 021174fff3fe45418d2d62ef500908c5 (127.22.138.2:46565)
I20260601 13:23:18.544759 24225 ts_manager.cc:194] Registered new tserver with Master: 021174fff3fe45418d2d62ef500908c5 (127.22.138.2:46565)
I20260601 13:23:18.544833 24290 master_service.cc:502] Signed X509 certificate for tserver {username='slave'} at 127.0.0.1:56086
I20260601 13:23:18.545267 24536 heartbeater.cc:344] Connected to a master server at 127.22.138.62:41005
I20260601 13:23:18.545337 24536 heartbeater.cc:461] Registering TS with master...
I20260601 13:23:18.545398 23080 fs_manager.cc:696] Time spent creating directory manager: real 0.002s	user 0.002s	sys 0.000s
I20260601 13:23:18.545470 24536 heartbeater.cc:507] Master 127.22.138.62:41005 requested a full tablet report, sending...
I20260601 13:23:18.546036 24159 ts_manager.cc:194] Registered new tserver with Master: 021174fff3fe45418d2d62ef500908c5 (127.22.138.2:46565)
I20260601 13:23:18.546403 24550 log_block_manager.cc:4031] Time spent loading block containers with low live blocks: real 0.000s	user 0.000s	sys 0.000s
I20260601 13:23:18.546654 23080 fs_manager.cc:730] Time spent opening block manager: real 0.001s	user 0.001s	sys 0.000s
I20260601 13:23:18.546715 23080 fs_manager.cc:647] Opened local filesystem: /tmp/dist-test-taskudPKjK/test-tmp/auto_rebalancer-test.0.AutoRebalancerTest.NextLeaderResumesAutoRebalancing.1780320188634634-23080-0/minicluster-data/ts-2-root
uuid: "a5e0cc1c089441c883354d7c089befe9"
format_stamp: "Formatted at 2026-06-01 13:23:18 on dist-test-slave-7dg9"
I20260601 13:23:18.546784 23080 fs_report.cc:389] FS layout report
--------------------
wal directory: /tmp/dist-test-taskudPKjK/test-tmp/auto_rebalancer-test.0.AutoRebalancerTest.NextLeaderResumesAutoRebalancing.1780320188634634-23080-0/minicluster-data/ts-2-root
metadata directory: /tmp/dist-test-taskudPKjK/test-tmp/auto_rebalancer-test.0.AutoRebalancerTest.NextLeaderResumesAutoRebalancing.1780320188634634-23080-0/minicluster-data/ts-2-root
1 data directories: /tmp/dist-test-taskudPKjK/test-tmp/auto_rebalancer-test.0.AutoRebalancerTest.NextLeaderResumesAutoRebalancing.1780320188634634-23080-0/minicluster-data/ts-2-root/data
Total live blocks: 0
Total live bytes: 0
Total live bytes (after alignment): 0
Total number of LBM containers: 0 (0 full)
Did not check for missing blocks
Did not check for orphaned blocks
Total full LBM containers with extra space: 0 (0 repaired)
Total full LBM container extra space in bytes: 0 (0 repaired)
Total incomplete LBM containers: 0 (0 repaired)
Total LBM partial records: 0 (0 repaired)
Total corrupted LBM metadata records in RocksDB: 0 (0 repaired)
I20260601 13:23:18.569113 23080 rpc_server.cc:225] running with OpenSSL 1.1.1  11 Sep 2018
I20260601 13:23:18.569568 23080 kserver.cc:163] Server-wide thread pool size limit: 3276
I20260601 13:23:18.569900 23080 txn_system_client.cc:432] TxnSystemClient initialization is disabled...
I20260601 13:23:18.570371 23080 ts_tablet_manager.cc:585] Loaded tablet metadata (0 total tablets, 0 live tablets)
I20260601 13:23:18.570410 23080 ts_tablet_manager.cc:531] Time spent load tablet metadata: real 0.000s	user 0.000s	sys 0.000s
I20260601 13:23:18.570441 23080 ts_tablet_manager.cc:616] Registered 0 tablets
I20260601 13:23:18.570469 23080 ts_tablet_manager.cc:595] Time spent register tablets: real 0.000s	user 0.000s	sys 0.000s
I20260601 13:23:18.575171 23080 rpc_server.cc:307] RPC server started. Bound to: 127.22.138.3:34889
I20260601 13:23:18.575632 24613 acceptor_pool.cc:272] collecting diagnostics on the listening RPC socket 127.22.138.3:34889 every 8 connection(s)
I20260601 13:23:18.581013 24614 heartbeater.cc:344] Connected to a master server at 127.22.138.60:35323
I20260601 13:23:18.581120 24614 heartbeater.cc:461] Registering TS with master...
I20260601 13:23:18.581137 24616 heartbeater.cc:344] Connected to a master server at 127.22.138.61:36367
I20260601 13:23:18.581174 24615 heartbeater.cc:344] Connected to a master server at 127.22.138.62:41005
I20260601 13:23:18.581218 24616 heartbeater.cc:461] Registering TS with master...
I20260601 13:23:18.581231 24615 heartbeater.cc:461] Registering TS with master...
I20260601 13:23:18.581387 24616 heartbeater.cc:507] Master 127.22.138.61:36367 requested a full tablet report, sending...
I20260601 13:23:18.581374 24614 heartbeater.cc:507] Master 127.22.138.60:35323 requested a full tablet report, sending...
I20260601 13:23:18.581374 24615 heartbeater.cc:507] Master 127.22.138.62:41005 requested a full tablet report, sending...
I20260601 13:23:18.582037 24290 ts_manager.cc:194] Registered new tserver with Master: a5e0cc1c089441c883354d7c089befe9 (127.22.138.3:34889)
I20260601 13:23:18.582068 24225 ts_manager.cc:194] Registered new tserver with Master: a5e0cc1c089441c883354d7c089befe9 (127.22.138.3:34889)
