I20260601 13:24:19.354913 26033 tablet_service.cc:1511] Processing CreateTablet for tablet 43cf13affd96497b96d7156983a967a4 (DEFAULT_TABLE table=range_aware_rebalance_new_range [id=b2fe0d48842d48c49fbcff70e2f8c20f]), partition=HASH (key) PARTITION 0, RANGE (key) PARTITION 10 <= VALUES < 20
I20260601 13:24:19.355129 26104 tablet_service.cc:1511] Processing CreateTablet for tablet 43cf13affd96497b96d7156983a967a4 (DEFAULT_TABLE table=range_aware_rebalance_new_range [id=b2fe0d48842d48c49fbcff70e2f8c20f]), partition=HASH (key) PARTITION 0, RANGE (key) PARTITION 10 <= VALUES < 20
I20260601 13:24:19.355227 26033 data_dirs.cc:400] Could only allocate 1 dirs of requested 3 for tablet 43cf13affd96497b96d7156983a967a4. 1 dirs total, 0 dirs full, 0 dirs failed
I20260601 13:24:19.355417 26104 data_dirs.cc:400] Could only allocate 1 dirs of requested 3 for tablet 43cf13affd96497b96d7156983a967a4. 1 dirs total, 0 dirs full, 0 dirs failed
I20260601 13:24:19.356716 26103 tablet_service.cc:1511] Processing CreateTablet for tablet a34247cf8c014dba89f5bca9344002ac (DEFAULT_TABLE table=range_aware_rebalance_new_range [id=b2fe0d48842d48c49fbcff70e2f8c20f]), partition=HASH (key) PARTITION 3, RANGE (key) PARTITION 10 <= VALUES < 20
I20260601 13:24:19.356958 26103 data_dirs.cc:400] Could only allocate 1 dirs of requested 3 for tablet a34247cf8c014dba89f5bca9344002ac. 1 dirs total, 0 dirs full, 0 dirs failed
I20260601 13:24:19.357511 26241 tablet_bootstrap.cc:492] T 43cf13affd96497b96d7156983a967a4 P 3f6eae0139cd4f0db9ce8f5dba92698f: Bootstrap starting.
I20260601 13:24:19.357748 26105 tablet_service.cc:1511] Processing CreateTablet for tablet bfabf4df16374d71b9478cd5abb5526c (DEFAULT_TABLE table=range_aware_rebalance_new_range [id=b2fe0d48842d48c49fbcff70e2f8c20f]), partition=HASH (key) PARTITION 2, RANGE (key) PARTITION 10 <= VALUES < 20
I20260601 13:24:19.357990 26105 data_dirs.cc:400] Could only allocate 1 dirs of requested 3 for tablet bfabf4df16374d71b9478cd5abb5526c. 1 dirs total, 0 dirs full, 0 dirs failed
I20260601 13:24:19.358503 26241 tablet_bootstrap.cc:654] T 43cf13affd96497b96d7156983a967a4 P 3f6eae0139cd4f0db9ce8f5dba92698f: Neither blocks nor log segments found. Creating new log.
I20260601 13:24:19.359751 26241 tablet_bootstrap.cc:492] T 43cf13affd96497b96d7156983a967a4 P 3f6eae0139cd4f0db9ce8f5dba92698f: No bootstrap required, opened a new log
I20260601 13:24:19.359844 26241 ts_tablet_manager.cc:1403] T 43cf13affd96497b96d7156983a967a4 P 3f6eae0139cd4f0db9ce8f5dba92698f: Time spent bootstrapping tablet: real 0.002s	user 0.002s	sys 0.000s
I20260601 13:24:19.359813 26103 tablet_service.cc:1511] Processing CreateTablet for tablet 697383c522cc478499d51f4164107be1 (DEFAULT_TABLE table=range_aware_rebalance_new_range [id=b2fe0d48842d48c49fbcff70e2f8c20f]), partition=HASH (key) PARTITION 6, RANGE (key) PARTITION 10 <= VALUES < 20
I20260601 13:24:19.360033 26103 data_dirs.cc:400] Could only allocate 1 dirs of requested 3 for tablet 697383c522cc478499d51f4164107be1. 1 dirs total, 0 dirs full, 0 dirs failed
I20260601 13:24:19.360306 26241 raft_consensus.cc:359] T 43cf13affd96497b96d7156983a967a4 P 3f6eae0139cd4f0db9ce8f5dba92698f [term 0 FOLLOWER]: Replica starting. Triggering 0 pending ops. Active config: opid_index: -1 OBSOLETE_local: false peers { permanent_uuid: "1c1f70543c8d42dc9ece9cbca232d730" member_type: VOTER last_known_addr { host: "127.22.138.1" port: 34677 } } peers { permanent_uuid: "3f6eae0139cd4f0db9ce8f5dba92698f" member_type: VOTER last_known_addr { host: "127.22.138.2" port: 37179 } } peers { permanent_uuid: "6c258e2434d94ecab62ae5fb7f3faf5a" member_type: VOTER last_known_addr { host: "127.22.138.4" port: 46651 } }
I20260601 13:24:19.360426 26241 raft_consensus.cc:385] T 43cf13affd96497b96d7156983a967a4 P 3f6eae0139cd4f0db9ce8f5dba92698f [term 0 FOLLOWER]: Consensus starting up: Expiring failure detector timer to make a prompt election more likely
I20260601 13:24:19.360463 26241 raft_consensus.cc:740] T 43cf13affd96497b96d7156983a967a4 P 3f6eae0139cd4f0db9ce8f5dba92698f [term 0 FOLLOWER]: Becoming Follower/Learner. State: Replica: 3f6eae0139cd4f0db9ce8f5dba92698f, State: Initialized, Role: FOLLOWER
I20260601 13:24:19.360575 26241 consensus_queue.cc:260] T 43cf13affd96497b96d7156983a967a4 P 3f6eae0139cd4f0db9ce8f5dba92698f [NON_LEADER]: Queue going to NON_LEADER mode. State: All replicated index: 0, Majority replicated index: 0, Committed index: 0, Last appended: 0.0, Last appended by leader: 0, Current term: 0, Majority size: -1, State: 0, Mode: NON_LEADER, active raft config: opid_index: -1 OBSOLETE_local: false peers { permanent_uuid: "1c1f70543c8d42dc9ece9cbca232d730" member_type: VOTER last_known_addr { host: "127.22.138.1" port: 34677 } } peers { permanent_uuid: "3f6eae0139cd4f0db9ce8f5dba92698f" member_type: VOTER last_known_addr { host: "127.22.138.2" port: 37179 } } peers { permanent_uuid: "6c258e2434d94ecab62ae5fb7f3faf5a" member_type: VOTER last_known_addr { host: "127.22.138.4" port: 46651 } }
I20260601 13:24:19.360628 26030 tablet_service.cc:1511] Processing CreateTablet for tablet 37e7b35afe9f41dfafb64a2714bdde74 (DEFAULT_TABLE table=range_aware_rebalance_new_range [id=b2fe0d48842d48c49fbcff70e2f8c20f]), partition=HASH (key) PARTITION 1, RANGE (key) PARTITION 10 <= VALUES < 20
I20260601 13:24:19.360839 26030 data_dirs.cc:400] Could only allocate 1 dirs of requested 3 for tablet 37e7b35afe9f41dfafb64a2714bdde74. 1 dirs total, 0 dirs full, 0 dirs failed
I20260601 13:24:19.360857 26241 ts_tablet_manager.cc:1434] T 43cf13affd96497b96d7156983a967a4 P 3f6eae0139cd4f0db9ce8f5dba92698f: Time spent starting tablet: real 0.001s	user 0.000s	sys 0.000s
I20260601 13:24:19.361018 26241 tablet_bootstrap.cc:492] T a34247cf8c014dba89f5bca9344002ac P 3f6eae0139cd4f0db9ce8f5dba92698f: Bootstrap starting.
I20260601 13:24:19.360033 26105 tablet_service.cc:1511] Processing CreateTablet for tablet 0c61f74bf62a4c9d9afc0450f93aca66 (DEFAULT_TABLE table=range_aware_rebalance_new_range [id=b2fe0d48842d48c49fbcff70e2f8c20f]), partition=HASH (key) PARTITION 5, RANGE (key) PARTITION 10 <= VALUES < 20
I20260601 13:24:19.361899 26105 data_dirs.cc:400] Could only allocate 1 dirs of requested 3 for tablet 0c61f74bf62a4c9d9afc0450f93aca66. 1 dirs total, 0 dirs full, 0 dirs failed
I20260601 13:24:19.361963 26241 tablet_bootstrap.cc:654] T a34247cf8c014dba89f5bca9344002ac P 3f6eae0139cd4f0db9ce8f5dba92698f: Neither blocks nor log segments found. Creating new log.
I20260601 13:24:19.362931 26029 tablet_service.cc:1511] Processing CreateTablet for tablet a34247cf8c014dba89f5bca9344002ac (DEFAULT_TABLE table=range_aware_rebalance_new_range [id=b2fe0d48842d48c49fbcff70e2f8c20f]), partition=HASH (key) PARTITION 3, RANGE (key) PARTITION 10 <= VALUES < 20
I20260601 13:24:19.363155 26029 data_dirs.cc:400] Could only allocate 1 dirs of requested 3 for tablet a34247cf8c014dba89f5bca9344002ac. 1 dirs total, 0 dirs full, 0 dirs failed
I20260601 13:24:19.364585 26028 tablet_service.cc:1511] Processing CreateTablet for tablet a8393212d65c4a50857d2cdb6e88a80b (DEFAULT_TABLE table=range_aware_rebalance_new_range [id=b2fe0d48842d48c49fbcff70e2f8c20f]), partition=HASH (key) PARTITION 4, RANGE (key) PARTITION 10 <= VALUES < 20
I20260601 13:24:19.364826 26028 data_dirs.cc:400] Could only allocate 1 dirs of requested 3 for tablet a8393212d65c4a50857d2cdb6e88a80b. 1 dirs total, 0 dirs full, 0 dirs failed
I20260601 13:24:19.364995 26316 tablet_service.cc:1511] Processing CreateTablet for tablet 0c61f74bf62a4c9d9afc0450f93aca66 (DEFAULT_TABLE table=range_aware_rebalance_new_range [id=b2fe0d48842d48c49fbcff70e2f8c20f]), partition=HASH (key) PARTITION 5, RANGE (key) PARTITION 10 <= VALUES < 20
I20260601 13:24:19.365239 26316 data_dirs.cc:400] Could only allocate 1 dirs of requested 3 for tablet 0c61f74bf62a4c9d9afc0450f93aca66. 1 dirs total, 0 dirs full, 0 dirs failed
I20260601 13:24:19.365427 26321 tablet_service.cc:1511] Processing CreateTablet for tablet 43cf13affd96497b96d7156983a967a4 (DEFAULT_TABLE table=range_aware_rebalance_new_range [id=b2fe0d48842d48c49fbcff70e2f8c20f]), partition=HASH (key) PARTITION 0, RANGE (key) PARTITION 10 <= VALUES < 20
I20260601 13:24:19.365646 26321 data_dirs.cc:400] Could only allocate 1 dirs of requested 3 for tablet 43cf13affd96497b96d7156983a967a4. 1 dirs total, 0 dirs full, 0 dirs failed
I20260601 13:24:19.366459 26027 tablet_service.cc:1511] Processing CreateTablet for tablet 697383c522cc478499d51f4164107be1 (DEFAULT_TABLE table=range_aware_rebalance_new_range [id=b2fe0d48842d48c49fbcff70e2f8c20f]), partition=HASH (key) PARTITION 6, RANGE (key) PARTITION 10 <= VALUES < 20
I20260601 13:24:19.366671 26027 data_dirs.cc:400] Could only allocate 1 dirs of requested 3 for tablet 697383c522cc478499d51f4164107be1. 1 dirs total, 0 dirs full, 0 dirs failed
I20260601 13:24:19.367339 26363 tablet_bootstrap.cc:492] T 0c61f74bf62a4c9d9afc0450f93aca66 P 6c258e2434d94ecab62ae5fb7f3faf5a: Bootstrap starting.
I20260601 13:24:19.368368 26363 tablet_bootstrap.cc:654] T 0c61f74bf62a4c9d9afc0450f93aca66 P 6c258e2434d94ecab62ae5fb7f3faf5a: Neither blocks nor log segments found. Creating new log.
I20260601 13:24:19.368332 26026 tablet_service.cc:1511] Processing CreateTablet for tablet ea46d6c3e31d4a2c9f7091a7dd91d5df (DEFAULT_TABLE table=range_aware_rebalance_new_range [id=b2fe0d48842d48c49fbcff70e2f8c20f]), partition=HASH (key) PARTITION 7, RANGE (key) PARTITION 10 <= VALUES < 20
I20260601 13:24:19.368553 26026 data_dirs.cc:400] Could only allocate 1 dirs of requested 3 for tablet ea46d6c3e31d4a2c9f7091a7dd91d5df. 1 dirs total, 0 dirs full, 0 dirs failed
I20260601 13:24:19.369508 26363 tablet_bootstrap.cc:492] T 0c61f74bf62a4c9d9afc0450f93aca66 P 6c258e2434d94ecab62ae5fb7f3faf5a: No bootstrap required, opened a new log
I20260601 13:24:19.369582 26363 ts_tablet_manager.cc:1403] T 0c61f74bf62a4c9d9afc0450f93aca66 P 6c258e2434d94ecab62ae5fb7f3faf5a: Time spent bootstrapping tablet: real 0.002s	user 0.002s	sys 0.000s
I20260601 13:24:19.370009 26363 raft_consensus.cc:359] T 0c61f74bf62a4c9d9afc0450f93aca66 P 6c258e2434d94ecab62ae5fb7f3faf5a [term 0 FOLLOWER]: Replica starting. Triggering 0 pending ops. Active config: opid_index: -1 OBSOLETE_local: false peers { permanent_uuid: "6c258e2434d94ecab62ae5fb7f3faf5a" member_type: VOTER last_known_addr { host: "127.22.138.4" port: 46651 } } peers { permanent_uuid: "fa6564d155414a15b12f2c5ec51d8d7e" member_type: VOTER last_known_addr { host: "127.22.138.3" port: 38159 } } peers { permanent_uuid: "3f6eae0139cd4f0db9ce8f5dba92698f" member_type: VOTER last_known_addr { host: "127.22.138.2" port: 37179 } }
I20260601 13:24:19.370087 26363 raft_consensus.cc:385] T 0c61f74bf62a4c9d9afc0450f93aca66 P 6c258e2434d94ecab62ae5fb7f3faf5a [term 0 FOLLOWER]: Consensus starting up: Expiring failure detector timer to make a prompt election more likely
I20260601 13:24:19.370107 26363 raft_consensus.cc:740] T 0c61f74bf62a4c9d9afc0450f93aca66 P 6c258e2434d94ecab62ae5fb7f3faf5a [term 0 FOLLOWER]: Becoming Follower/Learner. State: Replica: 6c258e2434d94ecab62ae5fb7f3faf5a, State: Initialized, Role: FOLLOWER
I20260601 13:24:19.370200 26363 consensus_queue.cc:260] T 0c61f74bf62a4c9d9afc0450f93aca66 P 6c258e2434d94ecab62ae5fb7f3faf5a [NON_LEADER]: Queue going to NON_LEADER mode. State: All replicated index: 0, Majority replicated index: 0, Committed index: 0, Last appended: 0.0, Last appended by leader: 0, Current term: 0, Majority size: -1, State: 0, Mode: NON_LEADER, active raft config: opid_index: -1 OBSOLETE_local: false peers { permanent_uuid: "6c258e2434d94ecab62ae5fb7f3faf5a" member_type: VOTER last_known_addr { host: "127.22.138.4" port: 46651 } } peers { permanent_uuid: "fa6564d155414a15b12f2c5ec51d8d7e" member_type: VOTER last_known_addr { host: "127.22.138.3" port: 38159 } } peers { permanent_uuid: "3f6eae0139cd4f0db9ce8f5dba92698f" member_type: VOTER last_known_addr { host: "127.22.138.2" port: 37179 } }
I20260601 13:24:19.370289 26320 tablet_service.cc:1511] Processing CreateTablet for tablet 37e7b35afe9f41dfafb64a2714bdde74 (DEFAULT_TABLE table=range_aware_rebalance_new_range [id=b2fe0d48842d48c49fbcff70e2f8c20f]), partition=HASH (key) PARTITION 1, RANGE (key) PARTITION 10 <= VALUES < 20
I20260601 13:24:19.370494 26320 data_dirs.cc:400] Could only allocate 1 dirs of requested 3 for tablet 37e7b35afe9f41dfafb64a2714bdde74. 1 dirs total, 0 dirs full, 0 dirs failed
I20260601 13:24:19.370590 26363 ts_tablet_manager.cc:1434] T 0c61f74bf62a4c9d9afc0450f93aca66 P 6c258e2434d94ecab62ae5fb7f3faf5a: Time spent starting tablet: real 0.001s	user 0.001s	sys 0.000s
I20260601 13:24:19.370615 26357 heartbeater.cc:499] Master 127.22.138.62:41621 was elected leader, sending a full tablet report...
I20260601 13:24:19.370736 26363 tablet_bootstrap.cc:492] T 43cf13affd96497b96d7156983a967a4 P 6c258e2434d94ecab62ae5fb7f3faf5a: Bootstrap starting.
I20260601 13:24:19.371968 26363 tablet_bootstrap.cc:654] T 43cf13affd96497b96d7156983a967a4 P 6c258e2434d94ecab62ae5fb7f3faf5a: Neither blocks nor log segments found. Creating new log.
I20260601 13:24:19.372531 26319 tablet_service.cc:1511] Processing CreateTablet for tablet bfabf4df16374d71b9478cd5abb5526c (DEFAULT_TABLE table=range_aware_rebalance_new_range [id=b2fe0d48842d48c49fbcff70e2f8c20f]), partition=HASH (key) PARTITION 2, RANGE (key) PARTITION 10 <= VALUES < 20
I20260601 13:24:19.372782 26319 data_dirs.cc:400] Could only allocate 1 dirs of requested 3 for tablet bfabf4df16374d71b9478cd5abb5526c. 1 dirs total, 0 dirs full, 0 dirs failed
I20260601 13:24:19.372977 26363 tablet_bootstrap.cc:492] T 43cf13affd96497b96d7156983a967a4 P 6c258e2434d94ecab62ae5fb7f3faf5a: No bootstrap required, opened a new log
I20260601 13:24:19.373052 26363 ts_tablet_manager.cc:1403] T 43cf13affd96497b96d7156983a967a4 P 6c258e2434d94ecab62ae5fb7f3faf5a: Time spent bootstrapping tablet: real 0.002s	user 0.002s	sys 0.000s
I20260601 13:24:19.373436 26363 raft_consensus.cc:359] T 43cf13affd96497b96d7156983a967a4 P 6c258e2434d94ecab62ae5fb7f3faf5a [term 0 FOLLOWER]: Replica starting. Triggering 0 pending ops. Active config: opid_index: -1 OBSOLETE_local: false peers { permanent_uuid: "1c1f70543c8d42dc9ece9cbca232d730" member_type: VOTER last_known_addr { host: "127.22.138.1" port: 34677 } } peers { permanent_uuid: "3f6eae0139cd4f0db9ce8f5dba92698f" member_type: VOTER last_known_addr { host: "127.22.138.2" port: 37179 } } peers { permanent_uuid: "6c258e2434d94ecab62ae5fb7f3faf5a" member_type: VOTER last_known_addr { host: "127.22.138.4" port: 46651 } }
I20260601 13:24:19.373514 26363 raft_consensus.cc:385] T 43cf13affd96497b96d7156983a967a4 P 6c258e2434d94ecab62ae5fb7f3faf5a [term 0 FOLLOWER]: Consensus starting up: Expiring failure detector timer to make a prompt election more likely
I20260601 13:24:19.373533 26363 raft_consensus.cc:740] T 43cf13affd96497b96d7156983a967a4 P 6c258e2434d94ecab62ae5fb7f3faf5a [term 0 FOLLOWER]: Becoming Follower/Learner. State: Replica: 6c258e2434d94ecab62ae5fb7f3faf5a, State: Initialized, Role: FOLLOWER
I20260601 13:24:19.373636 26363 consensus_queue.cc:260] T 43cf13affd96497b96d7156983a967a4 P 6c258e2434d94ecab62ae5fb7f3faf5a [NON_LEADER]: Queue going to NON_LEADER mode. State: All replicated index: 0, Majority replicated index: 0, Committed index: 0, Last appended: 0.0, Last appended by leader: 0, Current term: 0, Majority size: -1, State: 0, Mode: NON_LEADER, active raft config: opid_index: -1 OBSOLETE_local: false peers { permanent_uuid: "1c1f70543c8d42dc9ece9cbca232d730" member_type: VOTER last_known_addr { host: "127.22.138.1" port: 34677 } } peers { permanent_uuid: "3f6eae0139cd4f0db9ce8f5dba92698f" member_type: VOTER last_known_addr { host: "127.22.138.2" port: 37179 } } peers { permanent_uuid: "6c258e2434d94ecab62ae5fb7f3faf5a" member_type: VOTER last_known_addr { host: "127.22.138.4" port: 46651 } }
I20260601 13:24:19.373879 26363 ts_tablet_manager.cc:1434] T 43cf13affd96497b96d7156983a967a4 P 6c258e2434d94ecab62ae5fb7f3faf5a: Time spent starting tablet: real 0.001s	user 0.000s	sys 0.000s
I20260601 13:24:19.374008 26363 tablet_bootstrap.cc:492] T 37e7b35afe9f41dfafb64a2714bdde74 P 6c258e2434d94ecab62ae5fb7f3faf5a: Bootstrap starting.
I20260601 13:24:19.374456 26318 tablet_service.cc:1511] Processing CreateTablet for tablet a34247cf8c014dba89f5bca9344002ac (DEFAULT_TABLE table=range_aware_rebalance_new_range [id=b2fe0d48842d48c49fbcff70e2f8c20f]), partition=HASH (key) PARTITION 3, RANGE (key) PARTITION 10 <= VALUES < 20
I20260601 13:24:19.374717 26318 data_dirs.cc:400] Could only allocate 1 dirs of requested 3 for tablet a34247cf8c014dba89f5bca9344002ac. 1 dirs total, 0 dirs full, 0 dirs failed
I20260601 13:24:19.374882 26363 tablet_bootstrap.cc:654] T 37e7b35afe9f41dfafb64a2714bdde74 P 6c258e2434d94ecab62ae5fb7f3faf5a: Neither blocks nor log segments found. Creating new log.
I20260601 13:24:19.374938 26314 tablet_service.cc:1511] Processing CreateTablet for tablet ea46d6c3e31d4a2c9f7091a7dd91d5df (DEFAULT_TABLE table=range_aware_rebalance_new_range [id=b2fe0d48842d48c49fbcff70e2f8c20f]), partition=HASH (key) PARTITION 7, RANGE (key) PARTITION 10 <= VALUES < 20
I20260601 13:24:19.375178 26314 data_dirs.cc:400] Could only allocate 1 dirs of requested 3 for tablet ea46d6c3e31d4a2c9f7091a7dd91d5df. 1 dirs total, 0 dirs full, 0 dirs failed
I20260601 13:24:19.376374 26363 tablet_bootstrap.cc:492] T 37e7b35afe9f41dfafb64a2714bdde74 P 6c258e2434d94ecab62ae5fb7f3faf5a: No bootstrap required, opened a new log
I20260601 13:24:19.376448 26363 ts_tablet_manager.cc:1403] T 37e7b35afe9f41dfafb64a2714bdde74 P 6c258e2434d94ecab62ae5fb7f3faf5a: Time spent bootstrapping tablet: real 0.002s	user 0.001s	sys 0.000s
I20260601 13:24:19.376849 26363 raft_consensus.cc:359] T 37e7b35afe9f41dfafb64a2714bdde74 P 6c258e2434d94ecab62ae5fb7f3faf5a [term 0 FOLLOWER]: Replica starting. Triggering 0 pending ops. Active config: opid_index: -1 OBSOLETE_local: false peers { permanent_uuid: "fa6564d155414a15b12f2c5ec51d8d7e" member_type: VOTER last_known_addr { host: "127.22.138.3" port: 38159 } } peers { permanent_uuid: "1c1f70543c8d42dc9ece9cbca232d730" member_type: VOTER last_known_addr { host: "127.22.138.1" port: 34677 } } peers { permanent_uuid: "6c258e2434d94ecab62ae5fb7f3faf5a" member_type: VOTER last_known_addr { host: "127.22.138.4" port: 46651 } }
I20260601 13:24:19.376945 26363 raft_consensus.cc:385] T 37e7b35afe9f41dfafb64a2714bdde74 P 6c258e2434d94ecab62ae5fb7f3faf5a [term 0 FOLLOWER]: Consensus starting up: Expiring failure detector timer to make a prompt election more likely
I20260601 13:24:19.376978 26363 raft_consensus.cc:740] T 37e7b35afe9f41dfafb64a2714bdde74 P 6c258e2434d94ecab62ae5fb7f3faf5a [term 0 FOLLOWER]: Becoming Follower/Learner. State: Replica: 6c258e2434d94ecab62ae5fb7f3faf5a, State: Initialized, Role: FOLLOWER
I20260601 13:24:19.377092 26363 consensus_queue.cc:260] T 37e7b35afe9f41dfafb64a2714bdde74 P 6c258e2434d94ecab62ae5fb7f3faf5a [NON_LEADER]: Queue going to NON_LEADER mode. State: All replicated index: 0, Majority replicated index: 0, Committed index: 0, Last appended: 0.0, Last appended by leader: 0, Current term: 0, Majority size: -1, State: 0, Mode: NON_LEADER, active raft config: opid_index: -1 OBSOLETE_local: false peers { permanent_uuid: "fa6564d155414a15b12f2c5ec51d8d7e" member_type: VOTER last_known_addr { host: "127.22.138.3" port: 38159 } } peers { permanent_uuid: "1c1f70543c8d42dc9ece9cbca232d730" member_type: VOTER last_known_addr { host: "127.22.138.1" port: 34677 } } peers { permanent_uuid: "6c258e2434d94ecab62ae5fb7f3faf5a" member_type: VOTER last_known_addr { host: "127.22.138.4" port: 46651 } }
I20260601 13:24:19.377151 26315 tablet_service.cc:1511] Processing CreateTablet for tablet 697383c522cc478499d51f4164107be1 (DEFAULT_TABLE table=range_aware_rebalance_new_range [id=b2fe0d48842d48c49fbcff70e2f8c20f]), partition=HASH (key) PARTITION 6, RANGE (key) PARTITION 10 <= VALUES < 20
I20260601 13:24:19.377362 26363 ts_tablet_manager.cc:1434] T 37e7b35afe9f41dfafb64a2714bdde74 P 6c258e2434d94ecab62ae5fb7f3faf5a: Time spent starting tablet: real 0.001s	user 0.000s	sys 0.000s
I20260601 13:24:19.377363 26315 data_dirs.cc:400] Could only allocate 1 dirs of requested 3 for tablet 697383c522cc478499d51f4164107be1. 1 dirs total, 0 dirs full, 0 dirs failed
I20260601 13:24:19.377557 26363 tablet_bootstrap.cc:492] T bfabf4df16374d71b9478cd5abb5526c P 6c258e2434d94ecab62ae5fb7f3faf5a: Bootstrap starting.
I20260601 13:24:19.377553 26317 tablet_service.cc:1511] Processing CreateTablet for tablet a8393212d65c4a50857d2cdb6e88a80b (DEFAULT_TABLE table=range_aware_rebalance_new_range [id=b2fe0d48842d48c49fbcff70e2f8c20f]), partition=HASH (key) PARTITION 4, RANGE (key) PARTITION 10 <= VALUES < 20
I20260601 13:24:19.377861 26317 data_dirs.cc:400] Could only allocate 1 dirs of requested 3 for tablet a8393212d65c4a50857d2cdb6e88a80b. 1 dirs total, 0 dirs full, 0 dirs failed
W20260601 13:24:19.378648 25925 catalog_manager.cc:4809] Async tablet task AlterTable RPC for tablet bfabf4df16374d71b9478cd5abb5526c (table range_aware_rebalance_new_range [id=b2fe0d48842d48c49fbcff70e2f8c20f], current schema version=0) failed: Not found: failed to reset TS proxy: No leader found: Tablet bfabf4df16374d71b9478cd5abb5526c consensus state has no leader
I20260601 13:24:19.378748 26363 tablet_bootstrap.cc:654] T bfabf4df16374d71b9478cd5abb5526c P 6c258e2434d94ecab62ae5fb7f3faf5a: Neither blocks nor log segments found. Creating new log.
I20260601 13:24:19.380172 26363 tablet_bootstrap.cc:492] T bfabf4df16374d71b9478cd5abb5526c P 6c258e2434d94ecab62ae5fb7f3faf5a: No bootstrap required, opened a new log
I20260601 13:24:19.380246 26363 ts_tablet_manager.cc:1403] T bfabf4df16374d71b9478cd5abb5526c P 6c258e2434d94ecab62ae5fb7f3faf5a: Time spent bootstrapping tablet: real 0.003s	user 0.001s	sys 0.000s
I20260601 13:24:19.380520 26184 tablet_service.cc:1511] Processing CreateTablet for tablet 37e7b35afe9f41dfafb64a2714bdde74 (DEFAULT_TABLE table=range_aware_rebalance_new_range [id=b2fe0d48842d48c49fbcff70e2f8c20f]), partition=HASH (key) PARTITION 1, RANGE (key) PARTITION 10 <= VALUES < 20
I20260601 13:24:19.380674 26183 tablet_service.cc:1511] Processing CreateTablet for tablet a8393212d65c4a50857d2cdb6e88a80b (DEFAULT_TABLE table=range_aware_rebalance_new_range [id=b2fe0d48842d48c49fbcff70e2f8c20f]), partition=HASH (key) PARTITION 4, RANGE (key) PARTITION 10 <= VALUES < 20
I20260601 13:24:19.380726 26180 tablet_service.cc:1511] Processing CreateTablet for tablet ea46d6c3e31d4a2c9f7091a7dd91d5df (DEFAULT_TABLE table=range_aware_rebalance_new_range [id=b2fe0d48842d48c49fbcff70e2f8c20f]), partition=HASH (key) PARTITION 7, RANGE (key) PARTITION 10 <= VALUES < 20
I20260601 13:24:19.380754 26184 data_dirs.cc:400] Could only allocate 1 dirs of requested 3 for tablet 37e7b35afe9f41dfafb64a2714bdde74. 1 dirs total, 0 dirs full, 0 dirs failed
I20260601 13:24:19.380970 26183 data_dirs.cc:400] Could only allocate 1 dirs of requested 3 for tablet a8393212d65c4a50857d2cdb6e88a80b. 1 dirs total, 0 dirs full, 0 dirs failed
I20260601 13:24:19.380946 26178 tablet_service.cc:1511] Processing CreateTablet for tablet 0c61f74bf62a4c9d9afc0450f93aca66 (DEFAULT_TABLE table=range_aware_rebalance_new_range [id=b2fe0d48842d48c49fbcff70e2f8c20f]), partition=HASH (key) PARTITION 5, RANGE (key) PARTITION 10 <= VALUES < 20
I20260601 13:24:19.380765 26181 tablet_service.cc:1511] Processing CreateTablet for tablet bfabf4df16374d71b9478cd5abb5526c (DEFAULT_TABLE table=range_aware_rebalance_new_range [id=b2fe0d48842d48c49fbcff70e2f8c20f]), partition=HASH (key) PARTITION 2, RANGE (key) PARTITION 10 <= VALUES < 20
I20260601 13:24:19.381165 26178 data_dirs.cc:400] Could only allocate 1 dirs of requested 3 for tablet 0c61f74bf62a4c9d9afc0450f93aca66. 1 dirs total, 0 dirs full, 0 dirs failed
I20260601 13:24:19.381263 26180 data_dirs.cc:400] Could only allocate 1 dirs of requested 3 for tablet ea46d6c3e31d4a2c9f7091a7dd91d5df. 1 dirs total, 0 dirs full, 0 dirs failed
I20260601 13:24:19.381407 26181 data_dirs.cc:400] Could only allocate 1 dirs of requested 3 for tablet bfabf4df16374d71b9478cd5abb5526c. 1 dirs total, 0 dirs full, 0 dirs failed
I20260601 13:24:19.383260 26240 tablet_bootstrap.cc:492] T 0c61f74bf62a4c9d9afc0450f93aca66 P fa6564d155414a15b12f2c5ec51d8d7e: Bootstrap starting.
I20260601 13:24:19.383427 26242 tablet_bootstrap.cc:492] T 43cf13affd96497b96d7156983a967a4 P 1c1f70543c8d42dc9ece9cbca232d730: Bootstrap starting.
I20260601 13:24:19.383736 26241 tablet_bootstrap.cc:492] T a34247cf8c014dba89f5bca9344002ac P 3f6eae0139cd4f0db9ce8f5dba92698f: No bootstrap required, opened a new log
I20260601 13:24:19.383812 26241 ts_tablet_manager.cc:1403] T a34247cf8c014dba89f5bca9344002ac P 3f6eae0139cd4f0db9ce8f5dba92698f: Time spent bootstrapping tablet: real 0.023s	user 0.000s	sys 0.002s
I20260601 13:24:19.384099 26240 tablet_bootstrap.cc:654] T 0c61f74bf62a4c9d9afc0450f93aca66 P fa6564d155414a15b12f2c5ec51d8d7e: Neither blocks nor log segments found. Creating new log.
I20260601 13:24:19.384286 26241 raft_consensus.cc:359] T a34247cf8c014dba89f5bca9344002ac P 3f6eae0139cd4f0db9ce8f5dba92698f [term 0 FOLLOWER]: Replica starting. Triggering 0 pending ops. Active config: opid_index: -1 OBSOLETE_local: false peers { permanent_uuid: "6c258e2434d94ecab62ae5fb7f3faf5a" member_type: VOTER last_known_addr { host: "127.22.138.4" port: 46651 } } peers { permanent_uuid: "3f6eae0139cd4f0db9ce8f5dba92698f" member_type: VOTER last_known_addr { host: "127.22.138.2" port: 37179 } } peers { permanent_uuid: "1c1f70543c8d42dc9ece9cbca232d730" member_type: VOTER last_known_addr { host: "127.22.138.1" port: 34677 } }
I20260601 13:24:19.384392 26241 raft_consensus.cc:385] T a34247cf8c014dba89f5bca9344002ac P 3f6eae0139cd4f0db9ce8f5dba92698f [term 0 FOLLOWER]: Consensus starting up: Expiring failure detector timer to make a prompt election more likely
I20260601 13:24:19.384423 26241 raft_consensus.cc:740] T a34247cf8c014dba89f5bca9344002ac P 3f6eae0139cd4f0db9ce8f5dba92698f [term 0 FOLLOWER]: Becoming Follower/Learner. State: Replica: 3f6eae0139cd4f0db9ce8f5dba92698f, State: Initialized, Role: FOLLOWER
I20260601 13:24:19.384490 26242 tablet_bootstrap.cc:654] T 43cf13affd96497b96d7156983a967a4 P 1c1f70543c8d42dc9ece9cbca232d730: Neither blocks nor log segments found. Creating new log.
I20260601 13:24:19.384541 26241 consensus_queue.cc:260] T a34247cf8c014dba89f5bca9344002ac P 3f6eae0139cd4f0db9ce8f5dba92698f [NON_LEADER]: Queue going to NON_LEADER mode. State: All replicated index: 0, Majority replicated index: 0, Committed index: 0, Last appended: 0.0, Last appended by leader: 0, Current term: 0, Majority size: -1, State: 0, Mode: NON_LEADER, active raft config: opid_index: -1 OBSOLETE_local: false peers { permanent_uuid: "6c258e2434d94ecab62ae5fb7f3faf5a" member_type: VOTER last_known_addr { host: "127.22.138.4" port: 46651 } } peers { permanent_uuid: "3f6eae0139cd4f0db9ce8f5dba92698f" member_type: VOTER last_known_addr { host: "127.22.138.2" port: 37179 } } peers { permanent_uuid: "1c1f70543c8d42dc9ece9cbca232d730" member_type: VOTER last_known_addr { host: "127.22.138.1" port: 34677 } }
I20260601 13:24:19.384804 26241 ts_tablet_manager.cc:1434] T a34247cf8c014dba89f5bca9344002ac P 3f6eae0139cd4f0db9ce8f5dba92698f: Time spent starting tablet: real 0.001s	user 0.000s	sys 0.001s
I20260601 13:24:19.384979 26241 tablet_bootstrap.cc:492] T bfabf4df16374d71b9478cd5abb5526c P 3f6eae0139cd4f0db9ce8f5dba92698f: Bootstrap starting.
I20260601 13:24:19.385123 26363 raft_consensus.cc:359] T bfabf4df16374d71b9478cd5abb5526c P 6c258e2434d94ecab62ae5fb7f3faf5a [term 0 FOLLOWER]: Replica starting. Triggering 0 pending ops. Active config: opid_index: -1 OBSOLETE_local: false peers { permanent_uuid: "6c258e2434d94ecab62ae5fb7f3faf5a" member_type: VOTER last_known_addr { host: "127.22.138.4" port: 46651 } } peers { permanent_uuid: "3f6eae0139cd4f0db9ce8f5dba92698f" member_type: VOTER last_known_addr { host: "127.22.138.2" port: 37179 } } peers { permanent_uuid: "fa6564d155414a15b12f2c5ec51d8d7e" member_type: VOTER last_known_addr { host: "127.22.138.3" port: 38159 } }
I20260601 13:24:19.385213 26363 raft_consensus.cc:385] T bfabf4df16374d71b9478cd5abb5526c P 6c258e2434d94ecab62ae5fb7f3faf5a [term 0 FOLLOWER]: Consensus starting up: Expiring failure detector timer to make a prompt election more likely
I20260601 13:24:19.385246 26363 raft_consensus.cc:740] T bfabf4df16374d71b9478cd5abb5526c P 6c258e2434d94ecab62ae5fb7f3faf5a [term 0 FOLLOWER]: Becoming Follower/Learner. State: Replica: 6c258e2434d94ecab62ae5fb7f3faf5a, State: Initialized, Role: FOLLOWER
I20260601 13:24:19.385383 26363 consensus_queue.cc:260] T bfabf4df16374d71b9478cd5abb5526c P 6c258e2434d94ecab62ae5fb7f3faf5a [NON_LEADER]: Queue going to NON_LEADER mode. State: All replicated index: 0, Majority replicated index: 0, Committed index: 0, Last appended: 0.0, Last appended by leader: 0, Current term: 0, Majority size: -1, State: 0, Mode: NON_LEADER, active raft config: opid_index: -1 OBSOLETE_local: false peers { permanent_uuid: "6c258e2434d94ecab62ae5fb7f3faf5a" member_type: VOTER last_known_addr { host: "127.22.138.4" port: 46651 } } peers { permanent_uuid: "3f6eae0139cd4f0db9ce8f5dba92698f" member_type: VOTER last_known_addr { host: "127.22.138.2" port: 37179 } } peers { permanent_uuid: "fa6564d155414a15b12f2c5ec51d8d7e" member_type: VOTER last_known_addr { host: "127.22.138.3" port: 38159 } }
I20260601 13:24:19.385629 26363 ts_tablet_manager.cc:1434] T bfabf4df16374d71b9478cd5abb5526c P 6c258e2434d94ecab62ae5fb7f3faf5a: Time spent starting tablet: real 0.005s	user 0.001s	sys 0.000s
I20260601 13:24:19.385756 26363 tablet_bootstrap.cc:492] T a34247cf8c014dba89f5bca9344002ac P 6c258e2434d94ecab62ae5fb7f3faf5a: Bootstrap starting.
I20260601 13:24:19.385923 26241 tablet_bootstrap.cc:654] T bfabf4df16374d71b9478cd5abb5526c P 3f6eae0139cd4f0db9ce8f5dba92698f: Neither blocks nor log segments found. Creating new log.
I20260601 13:24:19.386453 26363 tablet_bootstrap.cc:654] T a34247cf8c014dba89f5bca9344002ac P 6c258e2434d94ecab62ae5fb7f3faf5a: Neither blocks nor log segments found. Creating new log.
I20260601 13:24:19.387360 26241 tablet_bootstrap.cc:492] T bfabf4df16374d71b9478cd5abb5526c P 3f6eae0139cd4f0db9ce8f5dba92698f: No bootstrap required, opened a new log
I20260601 13:24:19.387451 26241 ts_tablet_manager.cc:1403] T bfabf4df16374d71b9478cd5abb5526c P 3f6eae0139cd4f0db9ce8f5dba92698f: Time spent bootstrapping tablet: real 0.003s	user 0.001s	sys 0.001s
I20260601 13:24:19.387866 26241 raft_consensus.cc:359] T bfabf4df16374d71b9478cd5abb5526c P 3f6eae0139cd4f0db9ce8f5dba92698f [term 0 FOLLOWER]: Replica starting. Triggering 0 pending ops. Active config: opid_index: -1 OBSOLETE_local: false peers { permanent_uuid: "6c258e2434d94ecab62ae5fb7f3faf5a" member_type: VOTER last_known_addr { host: "127.22.138.4" port: 46651 } } peers { permanent_uuid: "3f6eae0139cd4f0db9ce8f5dba92698f" member_type: VOTER last_known_addr { host: "127.22.138.2" port: 37179 } } peers { permanent_uuid: "fa6564d155414a15b12f2c5ec51d8d7e" member_type: VOTER last_known_addr { host: "127.22.138.3" port: 38159 } }
I20260601 13:24:19.387979 26241 raft_consensus.cc:385] T bfabf4df16374d71b9478cd5abb5526c P 3f6eae0139cd4f0db9ce8f5dba92698f [term 0 FOLLOWER]: Consensus starting up: Expiring failure detector timer to make a prompt election more likely
I20260601 13:24:19.388018 26241 raft_consensus.cc:740] T bfabf4df16374d71b9478cd5abb5526c P 3f6eae0139cd4f0db9ce8f5dba92698f [term 0 FOLLOWER]: Becoming Follower/Learner. State: Replica: 3f6eae0139cd4f0db9ce8f5dba92698f, State: Initialized, Role: FOLLOWER
I20260601 13:24:19.388132 26241 consensus_queue.cc:260] T bfabf4df16374d71b9478cd5abb5526c P 3f6eae0139cd4f0db9ce8f5dba92698f [NON_LEADER]: Queue going to NON_LEADER mode. State: All replicated index: 0, Majority replicated index: 0, Committed index: 0, Last appended: 0.0, Last appended by leader: 0, Current term: 0, Majority size: -1, State: 0, Mode: NON_LEADER, active raft config: opid_index: -1 OBSOLETE_local: false peers { permanent_uuid: "6c258e2434d94ecab62ae5fb7f3faf5a" member_type: VOTER last_known_addr { host: "127.22.138.4" port: 46651 } } peers { permanent_uuid: "3f6eae0139cd4f0db9ce8f5dba92698f" member_type: VOTER last_known_addr { host: "127.22.138.2" port: 37179 } } peers { permanent_uuid: "fa6564d155414a15b12f2c5ec51d8d7e" member_type: VOTER last_known_addr { host: "127.22.138.3" port: 38159 } }
I20260601 13:24:19.388404 26241 ts_tablet_manager.cc:1434] T bfabf4df16374d71b9478cd5abb5526c P 3f6eae0139cd4f0db9ce8f5dba92698f: Time spent starting tablet: real 0.001s	user 0.001s	sys 0.000s
I20260601 13:24:19.388567 26241 tablet_bootstrap.cc:492] T 697383c522cc478499d51f4164107be1 P 3f6eae0139cd4f0db9ce8f5dba92698f: Bootstrap starting.
I20260601 13:24:19.388657 26242 tablet_bootstrap.cc:492] T 43cf13affd96497b96d7156983a967a4 P 1c1f70543c8d42dc9ece9cbca232d730: No bootstrap required, opened a new log
I20260601 13:24:19.388747 26242 ts_tablet_manager.cc:1403] T 43cf13affd96497b96d7156983a967a4 P 1c1f70543c8d42dc9ece9cbca232d730: Time spent bootstrapping tablet: real 0.005s	user 0.001s	sys 0.000s
I20260601 13:24:19.389147 26242 raft_consensus.cc:359] T 43cf13affd96497b96d7156983a967a4 P 1c1f70543c8d42dc9ece9cbca232d730 [term 0 FOLLOWER]: Replica starting. Triggering 0 pending ops. Active config: opid_index: -1 OBSOLETE_local: false peers { permanent_uuid: "1c1f70543c8d42dc9ece9cbca232d730" member_type: VOTER last_known_addr { host: "127.22.138.1" port: 34677 } } peers { permanent_uuid: "3f6eae0139cd4f0db9ce8f5dba92698f" member_type: VOTER last_known_addr { host: "127.22.138.2" port: 37179 } } peers { permanent_uuid: "6c258e2434d94ecab62ae5fb7f3faf5a" member_type: VOTER last_known_addr { host: "127.22.138.4" port: 46651 } }
I20260601 13:24:19.389243 26242 raft_consensus.cc:385] T 43cf13affd96497b96d7156983a967a4 P 1c1f70543c8d42dc9ece9cbca232d730 [term 0 FOLLOWER]: Consensus starting up: Expiring failure detector timer to make a prompt election more likely
I20260601 13:24:19.389281 26242 raft_consensus.cc:740] T 43cf13affd96497b96d7156983a967a4 P 1c1f70543c8d42dc9ece9cbca232d730 [term 0 FOLLOWER]: Becoming Follower/Learner. State: Replica: 1c1f70543c8d42dc9ece9cbca232d730, State: Initialized, Role: FOLLOWER
I20260601 13:24:19.389390 26242 consensus_queue.cc:260] T 43cf13affd96497b96d7156983a967a4 P 1c1f70543c8d42dc9ece9cbca232d730 [NON_LEADER]: Queue going to NON_LEADER mode. State: All replicated index: 0, Majority replicated index: 0, Committed index: 0, Last appended: 0.0, Last appended by leader: 0, Current term: 0, Majority size: -1, State: 0, Mode: NON_LEADER, active raft config: opid_index: -1 OBSOLETE_local: false peers { permanent_uuid: "1c1f70543c8d42dc9ece9cbca232d730" member_type: VOTER last_known_addr { host: "127.22.138.1" port: 34677 } } peers { permanent_uuid: "3f6eae0139cd4f0db9ce8f5dba92698f" member_type: VOTER last_known_addr { host: "127.22.138.2" port: 37179 } } peers { permanent_uuid: "6c258e2434d94ecab62ae5fb7f3faf5a" member_type: VOTER last_known_addr { host: "127.22.138.4" port: 46651 } }
I20260601 13:24:19.389655 26242 ts_tablet_manager.cc:1434] T 43cf13affd96497b96d7156983a967a4 P 1c1f70543c8d42dc9ece9cbca232d730: Time spent starting tablet: real 0.001s	user 0.001s	sys 0.000s
I20260601 13:24:19.389832 26242 tablet_bootstrap.cc:492] T 37e7b35afe9f41dfafb64a2714bdde74 P 1c1f70543c8d42dc9ece9cbca232d730: Bootstrap starting.
I20260601 13:24:19.390823 26242 tablet_bootstrap.cc:654] T 37e7b35afe9f41dfafb64a2714bdde74 P 1c1f70543c8d42dc9ece9cbca232d730: Neither blocks nor log segments found. Creating new log.
I20260601 13:24:19.389449 26241 tablet_bootstrap.cc:654] T 697383c522cc478499d51f4164107be1 P 3f6eae0139cd4f0db9ce8f5dba92698f: Neither blocks nor log segments found. Creating new log.
I20260601 13:24:19.391933 26242 tablet_bootstrap.cc:492] T 37e7b35afe9f41dfafb64a2714bdde74 P 1c1f70543c8d42dc9ece9cbca232d730: No bootstrap required, opened a new log
I20260601 13:24:19.392019 26242 ts_tablet_manager.cc:1403] T 37e7b35afe9f41dfafb64a2714bdde74 P 1c1f70543c8d42dc9ece9cbca232d730: Time spent bootstrapping tablet: real 0.002s	user 0.000s	sys 0.002s
I20260601 13:24:19.392442 26242 raft_consensus.cc:359] T 37e7b35afe9f41dfafb64a2714bdde74 P 1c1f70543c8d42dc9ece9cbca232d730 [term 0 FOLLOWER]: Replica starting. Triggering 0 pending ops. Active config: opid_index: -1 OBSOLETE_local: false peers { permanent_uuid: "fa6564d155414a15b12f2c5ec51d8d7e" member_type: VOTER last_known_addr { host: "127.22.138.3" port: 38159 } } peers { permanent_uuid: "1c1f70543c8d42dc9ece9cbca232d730" member_type: VOTER last_known_addr { host: "127.22.138.1" port: 34677 } } peers { permanent_uuid: "6c258e2434d94ecab62ae5fb7f3faf5a" member_type: VOTER last_known_addr { host: "127.22.138.4" port: 46651 } }
I20260601 13:24:19.392535 26242 raft_consensus.cc:385] T 37e7b35afe9f41dfafb64a2714bdde74 P 1c1f70543c8d42dc9ece9cbca232d730 [term 0 FOLLOWER]: Consensus starting up: Expiring failure detector timer to make a prompt election more likely
I20260601 13:24:19.392568 26242 raft_consensus.cc:740] T 37e7b35afe9f41dfafb64a2714bdde74 P 1c1f70543c8d42dc9ece9cbca232d730 [term 0 FOLLOWER]: Becoming Follower/Learner. State: Replica: 1c1f70543c8d42dc9ece9cbca232d730, State: Initialized, Role: FOLLOWER
I20260601 13:24:19.392663 26241 tablet_bootstrap.cc:492] T 697383c522cc478499d51f4164107be1 P 3f6eae0139cd4f0db9ce8f5dba92698f: No bootstrap required, opened a new log
I20260601 13:24:19.392693 26240 tablet_bootstrap.cc:492] T 0c61f74bf62a4c9d9afc0450f93aca66 P fa6564d155414a15b12f2c5ec51d8d7e: No bootstrap required, opened a new log
I20260601 13:24:19.392675 26242 consensus_queue.cc:260] T 37e7b35afe9f41dfafb64a2714bdde74 P 1c1f70543c8d42dc9ece9cbca232d730 [NON_LEADER]: Queue going to NON_LEADER mode. State: All replicated index: 0, Majority replicated index: 0, Committed index: 0, Last appended: 0.0, Last appended by leader: 0, Current term: 0, Majority size: -1, State: 0, Mode: NON_LEADER, active raft config: opid_index: -1 OBSOLETE_local: false peers { permanent_uuid: "fa6564d155414a15b12f2c5ec51d8d7e" member_type: VOTER last_known_addr { host: "127.22.138.3" port: 38159 } } peers { permanent_uuid: "1c1f70543c8d42dc9ece9cbca232d730" member_type: VOTER last_known_addr { host: "127.22.138.1" port: 34677 } } peers { permanent_uuid: "6c258e2434d94ecab62ae5fb7f3faf5a" member_type: VOTER last_known_addr { host: "127.22.138.4" port: 46651 } }
I20260601 13:24:19.392728 26241 ts_tablet_manager.cc:1403] T 697383c522cc478499d51f4164107be1 P 3f6eae0139cd4f0db9ce8f5dba92698f: Time spent bootstrapping tablet: real 0.004s	user 0.001s	sys 0.000s
I20260601 13:24:19.392773 26240 ts_tablet_manager.cc:1403] T 0c61f74bf62a4c9d9afc0450f93aca66 P fa6564d155414a15b12f2c5ec51d8d7e: Time spent bootstrapping tablet: real 0.010s	user 0.001s	sys 0.000s
I20260601 13:24:19.392922 26242 ts_tablet_manager.cc:1434] T 37e7b35afe9f41dfafb64a2714bdde74 P 1c1f70543c8d42dc9ece9cbca232d730: Time spent starting tablet: real 0.001s	user 0.000s	sys 0.000s
I20260601 13:24:19.393071 26242 tablet_bootstrap.cc:492] T a34247cf8c014dba89f5bca9344002ac P 1c1f70543c8d42dc9ece9cbca232d730: Bootstrap starting.
I20260601 13:24:19.393127 26241 raft_consensus.cc:359] T 697383c522cc478499d51f4164107be1 P 3f6eae0139cd4f0db9ce8f5dba92698f [term 0 FOLLOWER]: Replica starting. Triggering 0 pending ops. Active config: opid_index: -1 OBSOLETE_local: false peers { permanent_uuid: "6c258e2434d94ecab62ae5fb7f3faf5a" member_type: VOTER last_known_addr { host: "127.22.138.4" port: 46651 } } peers { permanent_uuid: "1c1f70543c8d42dc9ece9cbca232d730" member_type: VOTER last_known_addr { host: "127.22.138.1" port: 34677 } } peers { permanent_uuid: "3f6eae0139cd4f0db9ce8f5dba92698f" member_type: VOTER last_known_addr { host: "127.22.138.2" port: 37179 } }
I20260601 13:24:19.393201 26241 raft_consensus.cc:385] T 697383c522cc478499d51f4164107be1 P 3f6eae0139cd4f0db9ce8f5dba92698f [term 0 FOLLOWER]: Consensus starting up: Expiring failure detector timer to make a prompt election more likely
I20260601 13:24:19.393230 26241 raft_consensus.cc:740] T 697383c522cc478499d51f4164107be1 P 3f6eae0139cd4f0db9ce8f5dba92698f [term 0 FOLLOWER]: Becoming Follower/Learner. State: Replica: 3f6eae0139cd4f0db9ce8f5dba92698f, State: Initialized, Role: FOLLOWER
I20260601 13:24:19.393342 26241 consensus_queue.cc:260] T 697383c522cc478499d51f4164107be1 P 3f6eae0139cd4f0db9ce8f5dba92698f [NON_LEADER]: Queue going to NON_LEADER mode. State: All replicated index: 0, Majority replicated index: 0, Committed index: 0, Last appended: 0.0, Last appended by leader: 0, Current term: 0, Majority size: -1, State: 0, Mode: NON_LEADER, active raft config: opid_index: -1 OBSOLETE_local: false peers { permanent_uuid: "6c258e2434d94ecab62ae5fb7f3faf5a" member_type: VOTER last_known_addr { host: "127.22.138.4" port: 46651 } } peers { permanent_uuid: "1c1f70543c8d42dc9ece9cbca232d730" member_type: VOTER last_known_addr { host: "127.22.138.1" port: 34677 } } peers { permanent_uuid: "3f6eae0139cd4f0db9ce8f5dba92698f" member_type: VOTER last_known_addr { host: "127.22.138.2" port: 37179 } }
I20260601 13:24:19.393589 26241 ts_tablet_manager.cc:1434] T 697383c522cc478499d51f4164107be1 P 3f6eae0139cd4f0db9ce8f5dba92698f: Time spent starting tablet: real 0.001s	user 0.001s	sys 0.000s
I20260601 13:24:19.393744 26241 tablet_bootstrap.cc:492] T 0c61f74bf62a4c9d9afc0450f93aca66 P 3f6eae0139cd4f0db9ce8f5dba92698f: Bootstrap starting.
I20260601 13:24:19.393872 26363 tablet_bootstrap.cc:492] T a34247cf8c014dba89f5bca9344002ac P 6c258e2434d94ecab62ae5fb7f3faf5a: No bootstrap required, opened a new log
I20260601 13:24:19.393949 26363 ts_tablet_manager.cc:1403] T a34247cf8c014dba89f5bca9344002ac P 6c258e2434d94ecab62ae5fb7f3faf5a: Time spent bootstrapping tablet: real 0.008s	user 0.001s	sys 0.000s
I20260601 13:24:19.394168 26242 tablet_bootstrap.cc:654] T a34247cf8c014dba89f5bca9344002ac P 1c1f70543c8d42dc9ece9cbca232d730: Neither blocks nor log segments found. Creating new log.
I20260601 13:24:19.394398 26363 raft_consensus.cc:359] T a34247cf8c014dba89f5bca9344002ac P 6c258e2434d94ecab62ae5fb7f3faf5a [term 0 FOLLOWER]: Replica starting. Triggering 0 pending ops. Active config: opid_index: -1 OBSOLETE_local: false peers { permanent_uuid: "6c258e2434d94ecab62ae5fb7f3faf5a" member_type: VOTER last_known_addr { host: "127.22.138.4" port: 46651 } } peers { permanent_uuid: "3f6eae0139cd4f0db9ce8f5dba92698f" member_type: VOTER last_known_addr { host: "127.22.138.2" port: 37179 } } peers { permanent_uuid: "1c1f70543c8d42dc9ece9cbca232d730" member_type: VOTER last_known_addr { host: "127.22.138.1" port: 34677 } }
I20260601 13:24:19.394508 26363 raft_consensus.cc:385] T a34247cf8c014dba89f5bca9344002ac P 6c258e2434d94ecab62ae5fb7f3faf5a [term 0 FOLLOWER]: Consensus starting up: Expiring failure detector timer to make a prompt election more likely
I20260601 13:24:19.394604 26363 raft_consensus.cc:740] T a34247cf8c014dba89f5bca9344002ac P 6c258e2434d94ecab62ae5fb7f3faf5a [term 0 FOLLOWER]: Becoming Follower/Learner. State: Replica: 6c258e2434d94ecab62ae5fb7f3faf5a, State: Initialized, Role: FOLLOWER
I20260601 13:24:19.394647 26241 tablet_bootstrap.cc:654] T 0c61f74bf62a4c9d9afc0450f93aca66 P 3f6eae0139cd4f0db9ce8f5dba92698f: Neither blocks nor log segments found. Creating new log.
I20260601 13:24:19.394802 26363 consensus_queue.cc:260] T a34247cf8c014dba89f5bca9344002ac P 6c258e2434d94ecab62ae5fb7f3faf5a [NON_LEADER]: Queue going to NON_LEADER mode. State: All replicated index: 0, Majority replicated index: 0, Committed index: 0, Last appended: 0.0, Last appended by leader: 0, Current term: 0, Majority size: -1, State: 0, Mode: NON_LEADER, active raft config: opid_index: -1 OBSOLETE_local: false peers { permanent_uuid: "6c258e2434d94ecab62ae5fb7f3faf5a" member_type: VOTER last_known_addr { host: "127.22.138.4" port: 46651 } } peers { permanent_uuid: "3f6eae0139cd4f0db9ce8f5dba92698f" member_type: VOTER last_known_addr { host: "127.22.138.2" port: 37179 } } peers { permanent_uuid: "1c1f70543c8d42dc9ece9cbca232d730" member_type: VOTER last_known_addr { host: "127.22.138.1" port: 34677 } }
I20260601 13:24:19.395130 26363 ts_tablet_manager.cc:1434] T a34247cf8c014dba89f5bca9344002ac P 6c258e2434d94ecab62ae5fb7f3faf5a: Time spent starting tablet: real 0.001s	user 0.001s	sys 0.000s
I20260601 13:24:19.393175 26240 raft_consensus.cc:359] T 0c61f74bf62a4c9d9afc0450f93aca66 P fa6564d155414a15b12f2c5ec51d8d7e [term 0 FOLLOWER]: Replica starting. Triggering 0 pending ops. Active config: opid_index: -1 OBSOLETE_local: false peers { permanent_uuid: "6c258e2434d94ecab62ae5fb7f3faf5a" member_type: VOTER last_known_addr { host: "127.22.138.4" port: 46651 } } peers { permanent_uuid: "fa6564d155414a15b12f2c5ec51d8d7e" member_type: VOTER last_known_addr { host: "127.22.138.3" port: 38159 } } peers { permanent_uuid: "3f6eae0139cd4f0db9ce8f5dba92698f" member_type: VOTER last_known_addr { host: "127.22.138.2" port: 37179 } }
I20260601 13:24:19.395273 26240 raft_consensus.cc:385] T 0c61f74bf62a4c9d9afc0450f93aca66 P fa6564d155414a15b12f2c5ec51d8d7e [term 0 FOLLOWER]: Consensus starting up: Expiring failure detector timer to make a prompt election more likely
I20260601 13:24:19.395284 26363 tablet_bootstrap.cc:492] T ea46d6c3e31d4a2c9f7091a7dd91d5df P 6c258e2434d94ecab62ae5fb7f3faf5a: Bootstrap starting.
I20260601 13:24:19.395334 26240 raft_consensus.cc:740] T 0c61f74bf62a4c9d9afc0450f93aca66 P fa6564d155414a15b12f2c5ec51d8d7e [term 0 FOLLOWER]: Becoming Follower/Learner. State: Replica: fa6564d155414a15b12f2c5ec51d8d7e, State: Initialized, Role: FOLLOWER
I20260601 13:24:19.395452 26240 consensus_queue.cc:260] T 0c61f74bf62a4c9d9afc0450f93aca66 P fa6564d155414a15b12f2c5ec51d8d7e [NON_LEADER]: Queue going to NON_LEADER mode. State: All replicated index: 0, Majority replicated index: 0, Committed index: 0, Last appended: 0.0, Last appended by leader: 0, Current term: 0, Majority size: -1, State: 0, Mode: NON_LEADER, active raft config: opid_index: -1 OBSOLETE_local: false peers { permanent_uuid: "6c258e2434d94ecab62ae5fb7f3faf5a" member_type: VOTER last_known_addr { host: "127.22.138.4" port: 46651 } } peers { permanent_uuid: "fa6564d155414a15b12f2c5ec51d8d7e" member_type: VOTER last_known_addr { host: "127.22.138.3" port: 38159 } } peers { permanent_uuid: "3f6eae0139cd4f0db9ce8f5dba92698f" member_type: VOTER last_known_addr { host: "127.22.138.2" port: 37179 } }
I20260601 13:24:19.395731 26240 ts_tablet_manager.cc:1434] T 0c61f74bf62a4c9d9afc0450f93aca66 P fa6564d155414a15b12f2c5ec51d8d7e: Time spent starting tablet: real 0.003s	user 0.001s	sys 0.000s
I20260601 13:24:19.395907 26240 tablet_bootstrap.cc:492] T 37e7b35afe9f41dfafb64a2714bdde74 P fa6564d155414a15b12f2c5ec51d8d7e: Bootstrap starting.
I20260601 13:24:19.396250 26363 tablet_bootstrap.cc:654] T ea46d6c3e31d4a2c9f7091a7dd91d5df P 6c258e2434d94ecab62ae5fb7f3faf5a: Neither blocks nor log segments found. Creating new log.
I20260601 13:24:19.396705 26240 tablet_bootstrap.cc:654] T 37e7b35afe9f41dfafb64a2714bdde74 P fa6564d155414a15b12f2c5ec51d8d7e: Neither blocks nor log segments found. Creating new log.
I20260601 13:24:19.397449 26363 tablet_bootstrap.cc:492] T ea46d6c3e31d4a2c9f7091a7dd91d5df P 6c258e2434d94ecab62ae5fb7f3faf5a: No bootstrap required, opened a new log
I20260601 13:24:19.397532 26363 ts_tablet_manager.cc:1403] T ea46d6c3e31d4a2c9f7091a7dd91d5df P 6c258e2434d94ecab62ae5fb7f3faf5a: Time spent bootstrapping tablet: real 0.002s	user 0.002s	sys 0.000s
I20260601 13:24:19.397940 26363 raft_consensus.cc:359] T ea46d6c3e31d4a2c9f7091a7dd91d5df P 6c258e2434d94ecab62ae5fb7f3faf5a [term 0 FOLLOWER]: Replica starting. Triggering 0 pending ops. Active config: opid_index: -1 OBSOLETE_local: false peers { permanent_uuid: "1c1f70543c8d42dc9ece9cbca232d730" member_type: VOTER last_known_addr { host: "127.22.138.1" port: 34677 } } peers { permanent_uuid: "6c258e2434d94ecab62ae5fb7f3faf5a" member_type: VOTER last_known_addr { host: "127.22.138.4" port: 46651 } } peers { permanent_uuid: "fa6564d155414a15b12f2c5ec51d8d7e" member_type: VOTER last_known_addr { host: "127.22.138.3" port: 38159 } }
I20260601 13:24:19.398036 26363 raft_consensus.cc:385] T ea46d6c3e31d4a2c9f7091a7dd91d5df P 6c258e2434d94ecab62ae5fb7f3faf5a [term 0 FOLLOWER]: Consensus starting up: Expiring failure detector timer to make a prompt election more likely
I20260601 13:24:19.398066 26363 raft_consensus.cc:740] T ea46d6c3e31d4a2c9f7091a7dd91d5df P 6c258e2434d94ecab62ae5fb7f3faf5a [term 0 FOLLOWER]: Becoming Follower/Learner. State: Replica: 6c258e2434d94ecab62ae5fb7f3faf5a, State: Initialized, Role: FOLLOWER
I20260601 13:24:19.398168 26363 consensus_queue.cc:260] T ea46d6c3e31d4a2c9f7091a7dd91d5df P 6c258e2434d94ecab62ae5fb7f3faf5a [NON_LEADER]: Queue going to NON_LEADER mode. State: All replicated index: 0, Majority replicated index: 0, Committed index: 0, Last appended: 0.0, Last appended by leader: 0, Current term: 0, Majority size: -1, State: 0, Mode: NON_LEADER, active raft config: opid_index: -1 OBSOLETE_local: false peers { permanent_uuid: "1c1f70543c8d42dc9ece9cbca232d730" member_type: VOTER last_known_addr { host: "127.22.138.1" port: 34677 } } peers { permanent_uuid: "6c258e2434d94ecab62ae5fb7f3faf5a" member_type: VOTER last_known_addr { host: "127.22.138.4" port: 46651 } } peers { permanent_uuid: "fa6564d155414a15b12f2c5ec51d8d7e" member_type: VOTER last_known_addr { host: "127.22.138.3" port: 38159 } }
I20260601 13:24:19.398289 26241 tablet_bootstrap.cc:492] T 0c61f74bf62a4c9d9afc0450f93aca66 P 3f6eae0139cd4f0db9ce8f5dba92698f: No bootstrap required, opened a new log
I20260601 13:24:19.398365 26241 ts_tablet_manager.cc:1403] T 0c61f74bf62a4c9d9afc0450f93aca66 P 3f6eae0139cd4f0db9ce8f5dba92698f: Time spent bootstrapping tablet: real 0.005s	user 0.000s	sys 0.001s
