I20260601 13:24:16.236974 13489 data_dirs.cc:400] Could only allocate 1 dirs of requested 3 for tablet e7abdd8359c34b9682ab7db3b8817cba. 1 dirs total, 0 dirs full, 0 dirs failed
I20260601 13:24:16.237027 13620 tablet_bootstrap.cc:492] T 2135378c9ff94b7aae92f82e3017067c P 44da24b29ed94ba4b455dd4597422e23: No bootstrap required, opened a new log
I20260601 13:24:16.237118 13620 ts_tablet_manager.cc:1403] T 2135378c9ff94b7aae92f82e3017067c P 44da24b29ed94ba4b455dd4597422e23: Time spent bootstrapping tablet: real 0.014s	user 0.002s	sys 0.000s
I20260601 13:24:16.237485 13620 raft_consensus.cc:359] T 2135378c9ff94b7aae92f82e3017067c P 44da24b29ed94ba4b455dd4597422e23 [term 0 FOLLOWER]: Replica starting. Triggering 0 pending ops. Active config: opid_index: -1 OBSOLETE_local: false peers { permanent_uuid: "4bace5739b794c178f700ed42812989a" member_type: VOTER last_known_addr { host: "127.10.46.193" port: 33483 } } peers { permanent_uuid: "953b78527a314aa1b804448e6b543a6f" member_type: VOTER last_known_addr { host: "127.10.46.194" port: 46669 } } peers { permanent_uuid: "44da24b29ed94ba4b455dd4597422e23" member_type: VOTER last_known_addr { host: "127.10.46.195" port: 34233 } }
I20260601 13:24:16.237567 13620 raft_consensus.cc:385] T 2135378c9ff94b7aae92f82e3017067c P 44da24b29ed94ba4b455dd4597422e23 [term 0 FOLLOWER]: Consensus starting up: Expiring failure detector timer to make a prompt election more likely
I20260601 13:24:16.237600 13620 raft_consensus.cc:740] T 2135378c9ff94b7aae92f82e3017067c P 44da24b29ed94ba4b455dd4597422e23 [term 0 FOLLOWER]: Becoming Follower/Learner. State: Replica: 44da24b29ed94ba4b455dd4597422e23, State: Initialized, Role: FOLLOWER
I20260601 13:24:16.237762 13620 consensus_queue.cc:260] T 2135378c9ff94b7aae92f82e3017067c P 44da24b29ed94ba4b455dd4597422e23 [NON_LEADER]: Queue going to NON_LEADER mode. State: All replicated index: 0, Majority replicated index: 0, Committed index: 0, Last appended: 0.0, Last appended by leader: 0, Current term: 0, Majority size: -1, State: 0, Mode: NON_LEADER, active raft config: opid_index: -1 OBSOLETE_local: false peers { permanent_uuid: "4bace5739b794c178f700ed42812989a" member_type: VOTER last_known_addr { host: "127.10.46.193" port: 33483 } } peers { permanent_uuid: "953b78527a314aa1b804448e6b543a6f" member_type: VOTER last_known_addr { host: "127.10.46.194" port: 46669 } } peers { permanent_uuid: "44da24b29ed94ba4b455dd4597422e23" member_type: VOTER last_known_addr { host: "127.10.46.195" port: 34233 } }
I20260601 13:24:16.238152 13620 ts_tablet_manager.cc:1434] T 2135378c9ff94b7aae92f82e3017067c P 44da24b29ed94ba4b455dd4597422e23: Time spent starting tablet: real 0.001s	user 0.001s	sys 0.000s
I20260601 13:24:16.238310 13620 tablet_bootstrap.cc:492] T 96832d40b5404913a1fcef58df27a892 P 44da24b29ed94ba4b455dd4597422e23: Bootstrap starting.
I20260601 13:24:16.238700 13486 tablet_service.cc:1511] Processing CreateTablet for tablet 96832d40b5404913a1fcef58df27a892 (DEFAULT_TABLE table=range_aware_rebalance_new_range [id=479b4744549347bd920037e70b369233]), partition=HASH (key) PARTITION 3, RANGE (key) PARTITION 0 <= VALUES < 10
I20260601 13:24:16.238991 13486 data_dirs.cc:400] Could only allocate 1 dirs of requested 3 for tablet 96832d40b5404913a1fcef58df27a892. 1 dirs total, 0 dirs full, 0 dirs failed
I20260601 13:24:16.239094 13487 tablet_service.cc:1511] Processing CreateTablet for tablet f392f6551b814381a199ac6c9dba2424 (DEFAULT_TABLE table=range_aware_rebalance_new_range [id=479b4744549347bd920037e70b369233]), partition=HASH (key) PARTITION 2, RANGE (key) PARTITION 0 <= VALUES < 10
I20260601 13:24:16.239334 13487 data_dirs.cc:400] Could only allocate 1 dirs of requested 3 for tablet f392f6551b814381a199ac6c9dba2424. 1 dirs total, 0 dirs full, 0 dirs failed
I20260601 13:24:16.239454 13620 tablet_bootstrap.cc:654] T 96832d40b5404913a1fcef58df27a892 P 44da24b29ed94ba4b455dd4597422e23: Neither blocks nor log segments found. Creating new log.
I20260601 13:24:16.240900 13620 tablet_bootstrap.cc:492] T 96832d40b5404913a1fcef58df27a892 P 44da24b29ed94ba4b455dd4597422e23: No bootstrap required, opened a new log
I20260601 13:24:16.240988 13620 ts_tablet_manager.cc:1403] T 96832d40b5404913a1fcef58df27a892 P 44da24b29ed94ba4b455dd4597422e23: Time spent bootstrapping tablet: real 0.003s	user 0.002s	sys 0.000s
I20260601 13:24:16.241506 13620 raft_consensus.cc:359] T 96832d40b5404913a1fcef58df27a892 P 44da24b29ed94ba4b455dd4597422e23 [term 0 FOLLOWER]: Replica starting. Triggering 0 pending ops. Active config: opid_index: -1 OBSOLETE_local: false peers { permanent_uuid: "4bace5739b794c178f700ed42812989a" member_type: VOTER last_known_addr { host: "127.10.46.193" port: 33483 } } peers { permanent_uuid: "953b78527a314aa1b804448e6b543a6f" member_type: VOTER last_known_addr { host: "127.10.46.194" port: 46669 } } peers { permanent_uuid: "44da24b29ed94ba4b455dd4597422e23" member_type: VOTER last_known_addr { host: "127.10.46.195" port: 34233 } }
I20260601 13:24:16.241662 13620 raft_consensus.cc:385] T 96832d40b5404913a1fcef58df27a892 P 44da24b29ed94ba4b455dd4597422e23 [term 0 FOLLOWER]: Consensus starting up: Expiring failure detector timer to make a prompt election more likely
I20260601 13:24:16.241711 13620 raft_consensus.cc:740] T 96832d40b5404913a1fcef58df27a892 P 44da24b29ed94ba4b455dd4597422e23 [term 0 FOLLOWER]: Becoming Follower/Learner. State: Replica: 44da24b29ed94ba4b455dd4597422e23, State: Initialized, Role: FOLLOWER
I20260601 13:24:16.241850 13620 consensus_queue.cc:260] T 96832d40b5404913a1fcef58df27a892 P 44da24b29ed94ba4b455dd4597422e23 [NON_LEADER]: Queue going to NON_LEADER mode. State: All replicated index: 0, Majority replicated index: 0, Committed index: 0, Last appended: 0.0, Last appended by leader: 0, Current term: 0, Majority size: -1, State: 0, Mode: NON_LEADER, active raft config: opid_index: -1 OBSOLETE_local: false peers { permanent_uuid: "4bace5739b794c178f700ed42812989a" member_type: VOTER last_known_addr { host: "127.10.46.193" port: 33483 } } peers { permanent_uuid: "953b78527a314aa1b804448e6b543a6f" member_type: VOTER last_known_addr { host: "127.10.46.194" port: 46669 } } peers { permanent_uuid: "44da24b29ed94ba4b455dd4597422e23" member_type: VOTER last_known_addr { host: "127.10.46.195" port: 34233 } }
I20260601 13:24:16.242261 13620 ts_tablet_manager.cc:1434] T 96832d40b5404913a1fcef58df27a892 P 44da24b29ed94ba4b455dd4597422e23: Time spent starting tablet: real 0.001s	user 0.002s	sys 0.000s
I20260601 13:24:16.242450 13620 tablet_bootstrap.cc:492] T f392f6551b814381a199ac6c9dba2424 P 44da24b29ed94ba4b455dd4597422e23: Bootstrap starting.
I20260601 13:24:16.242563 13624 tablet_bootstrap.cc:492] T fb535b547d3a49c7b971cb866ce96ce1 P 953b78527a314aa1b804448e6b543a6f: Bootstrap starting.
I20260601 13:24:16.242659 13621 tablet_bootstrap.cc:492] T fb535b547d3a49c7b971cb866ce96ce1 P 4bace5739b794c178f700ed42812989a: No bootstrap required, opened a new log
I20260601 13:24:16.242733 13621 ts_tablet_manager.cc:1403] T fb535b547d3a49c7b971cb866ce96ce1 P 4bace5739b794c178f700ed42812989a: Time spent bootstrapping tablet: real 0.008s	user 0.002s	sys 0.000s
I20260601 13:24:16.243273 13621 raft_consensus.cc:359] T fb535b547d3a49c7b971cb866ce96ce1 P 4bace5739b794c178f700ed42812989a [term 0 FOLLOWER]: Replica starting. Triggering 0 pending ops. Active config: opid_index: -1 OBSOLETE_local: false peers { permanent_uuid: "4bace5739b794c178f700ed42812989a" member_type: VOTER last_known_addr { host: "127.10.46.193" port: 33483 } } peers { permanent_uuid: "953b78527a314aa1b804448e6b543a6f" member_type: VOTER last_known_addr { host: "127.10.46.194" port: 46669 } } peers { permanent_uuid: "44da24b29ed94ba4b455dd4597422e23" member_type: VOTER last_known_addr { host: "127.10.46.195" port: 34233 } }
I20260601 13:24:16.243377 13621 raft_consensus.cc:385] T fb535b547d3a49c7b971cb866ce96ce1 P 4bace5739b794c178f700ed42812989a [term 0 FOLLOWER]: Consensus starting up: Expiring failure detector timer to make a prompt election more likely
I20260601 13:24:16.243428 13621 raft_consensus.cc:740] T fb535b547d3a49c7b971cb866ce96ce1 P 4bace5739b794c178f700ed42812989a [term 0 FOLLOWER]: Becoming Follower/Learner. State: Replica: 4bace5739b794c178f700ed42812989a, State: Initialized, Role: FOLLOWER
I20260601 13:24:16.243578 13621 consensus_queue.cc:260] T fb535b547d3a49c7b971cb866ce96ce1 P 4bace5739b794c178f700ed42812989a [NON_LEADER]: Queue going to NON_LEADER mode. State: All replicated index: 0, Majority replicated index: 0, Committed index: 0, Last appended: 0.0, Last appended by leader: 0, Current term: 0, Majority size: -1, State: 0, Mode: NON_LEADER, active raft config: opid_index: -1 OBSOLETE_local: false peers { permanent_uuid: "4bace5739b794c178f700ed42812989a" member_type: VOTER last_known_addr { host: "127.10.46.193" port: 33483 } } peers { permanent_uuid: "953b78527a314aa1b804448e6b543a6f" member_type: VOTER last_known_addr { host: "127.10.46.194" port: 46669 } } peers { permanent_uuid: "44da24b29ed94ba4b455dd4597422e23" member_type: VOTER last_known_addr { host: "127.10.46.195" port: 34233 } }
I20260601 13:24:16.243775 13624 tablet_bootstrap.cc:654] T fb535b547d3a49c7b971cb866ce96ce1 P 953b78527a314aa1b804448e6b543a6f: Neither blocks nor log segments found. Creating new log.
I20260601 13:24:16.243907 13621 ts_tablet_manager.cc:1434] T fb535b547d3a49c7b971cb866ce96ce1 P 4bace5739b794c178f700ed42812989a: Time spent starting tablet: real 0.001s	user 0.001s	sys 0.000s
I20260601 13:24:16.244098 13621 tablet_bootstrap.cc:492] T f392f6551b814381a199ac6c9dba2424 P 4bace5739b794c178f700ed42812989a: Bootstrap starting.
I20260601 13:24:16.244311 13620 tablet_bootstrap.cc:654] T f392f6551b814381a199ac6c9dba2424 P 44da24b29ed94ba4b455dd4597422e23: Neither blocks nor log segments found. Creating new log.
I20260601 13:24:16.245185 13621 tablet_bootstrap.cc:654] T f392f6551b814381a199ac6c9dba2424 P 4bace5739b794c178f700ed42812989a: Neither blocks nor log segments found. Creating new log.
I20260601 13:24:16.245608 13620 tablet_bootstrap.cc:492] T f392f6551b814381a199ac6c9dba2424 P 44da24b29ed94ba4b455dd4597422e23: No bootstrap required, opened a new log
I20260601 13:24:16.245707 13620 ts_tablet_manager.cc:1403] T f392f6551b814381a199ac6c9dba2424 P 44da24b29ed94ba4b455dd4597422e23: Time spent bootstrapping tablet: real 0.003s	user 0.002s	sys 0.000s
I20260601 13:24:16.246205 13620 raft_consensus.cc:359] T f392f6551b814381a199ac6c9dba2424 P 44da24b29ed94ba4b455dd4597422e23 [term 0 FOLLOWER]: Replica starting. Triggering 0 pending ops. Active config: opid_index: -1 OBSOLETE_local: false peers { permanent_uuid: "4bace5739b794c178f700ed42812989a" member_type: VOTER last_known_addr { host: "127.10.46.193" port: 33483 } } peers { permanent_uuid: "953b78527a314aa1b804448e6b543a6f" member_type: VOTER last_known_addr { host: "127.10.46.194" port: 46669 } } peers { permanent_uuid: "44da24b29ed94ba4b455dd4597422e23" member_type: VOTER last_known_addr { host: "127.10.46.195" port: 34233 } }
I20260601 13:24:16.246330 13620 raft_consensus.cc:385] T f392f6551b814381a199ac6c9dba2424 P 44da24b29ed94ba4b455dd4597422e23 [term 0 FOLLOWER]: Consensus starting up: Expiring failure detector timer to make a prompt election more likely
I20260601 13:24:16.246385 13620 raft_consensus.cc:740] T f392f6551b814381a199ac6c9dba2424 P 44da24b29ed94ba4b455dd4597422e23 [term 0 FOLLOWER]: Becoming Follower/Learner. State: Replica: 44da24b29ed94ba4b455dd4597422e23, State: Initialized, Role: FOLLOWER
I20260601 13:24:16.246548 13620 consensus_queue.cc:260] T f392f6551b814381a199ac6c9dba2424 P 44da24b29ed94ba4b455dd4597422e23 [NON_LEADER]: Queue going to NON_LEADER mode. State: All replicated index: 0, Majority replicated index: 0, Committed index: 0, Last appended: 0.0, Last appended by leader: 0, Current term: 0, Majority size: -1, State: 0, Mode: NON_LEADER, active raft config: opid_index: -1 OBSOLETE_local: false peers { permanent_uuid: "4bace5739b794c178f700ed42812989a" member_type: VOTER last_known_addr { host: "127.10.46.193" port: 33483 } } peers { permanent_uuid: "953b78527a314aa1b804448e6b543a6f" member_type: VOTER last_known_addr { host: "127.10.46.194" port: 46669 } } peers { permanent_uuid: "44da24b29ed94ba4b455dd4597422e23" member_type: VOTER last_known_addr { host: "127.10.46.195" port: 34233 } }
I20260601 13:24:16.246863 13620 ts_tablet_manager.cc:1434] T f392f6551b814381a199ac6c9dba2424 P 44da24b29ed94ba4b455dd4597422e23: Time spent starting tablet: real 0.001s	user 0.001s	sys 0.000s
I20260601 13:24:16.246992 13624 tablet_bootstrap.cc:492] T fb535b547d3a49c7b971cb866ce96ce1 P 953b78527a314aa1b804448e6b543a6f: No bootstrap required, opened a new log
I20260601 13:24:16.247098 13624 ts_tablet_manager.cc:1403] T fb535b547d3a49c7b971cb866ce96ce1 P 953b78527a314aa1b804448e6b543a6f: Time spent bootstrapping tablet: real 0.005s	user 0.002s	sys 0.000s
I20260601 13:24:16.247205 13621 tablet_bootstrap.cc:492] T f392f6551b814381a199ac6c9dba2424 P 4bace5739b794c178f700ed42812989a: No bootstrap required, opened a new log
I20260601 13:24:16.247103 13620 tablet_bootstrap.cc:492] T 58326f9e1a63425ba2b630709db69af6 P 44da24b29ed94ba4b455dd4597422e23: Bootstrap starting.
I20260601 13:24:16.247309 13621 ts_tablet_manager.cc:1403] T f392f6551b814381a199ac6c9dba2424 P 4bace5739b794c178f700ed42812989a: Time spent bootstrapping tablet: real 0.003s	user 0.002s	sys 0.000s
I20260601 13:24:16.247687 13624 raft_consensus.cc:359] T fb535b547d3a49c7b971cb866ce96ce1 P 953b78527a314aa1b804448e6b543a6f [term 0 FOLLOWER]: Replica starting. Triggering 0 pending ops. Active config: opid_index: -1 OBSOLETE_local: false peers { permanent_uuid: "4bace5739b794c178f700ed42812989a" member_type: VOTER last_known_addr { host: "127.10.46.193" port: 33483 } } peers { permanent_uuid: "953b78527a314aa1b804448e6b543a6f" member_type: VOTER last_known_addr { host: "127.10.46.194" port: 46669 } } peers { permanent_uuid: "44da24b29ed94ba4b455dd4597422e23" member_type: VOTER last_known_addr { host: "127.10.46.195" port: 34233 } }
I20260601 13:24:16.247808 13624 raft_consensus.cc:385] T fb535b547d3a49c7b971cb866ce96ce1 P 953b78527a314aa1b804448e6b543a6f [term 0 FOLLOWER]: Consensus starting up: Expiring failure detector timer to make a prompt election more likely
I20260601 13:24:16.247809 13621 raft_consensus.cc:359] T f392f6551b814381a199ac6c9dba2424 P 4bace5739b794c178f700ed42812989a [term 0 FOLLOWER]: Replica starting. Triggering 0 pending ops. Active config: opid_index: -1 OBSOLETE_local: false peers { permanent_uuid: "4bace5739b794c178f700ed42812989a" member_type: VOTER last_known_addr { host: "127.10.46.193" port: 33483 } } peers { permanent_uuid: "953b78527a314aa1b804448e6b543a6f" member_type: VOTER last_known_addr { host: "127.10.46.194" port: 46669 } } peers { permanent_uuid: "44da24b29ed94ba4b455dd4597422e23" member_type: VOTER last_known_addr { host: "127.10.46.195" port: 34233 } }
I20260601 13:24:16.247927 13624 raft_consensus.cc:740] T fb535b547d3a49c7b971cb866ce96ce1 P 953b78527a314aa1b804448e6b543a6f [term 0 FOLLOWER]: Becoming Follower/Learner. State: Replica: 953b78527a314aa1b804448e6b543a6f, State: Initialized, Role: FOLLOWER
I20260601 13:24:16.247982 13621 raft_consensus.cc:385] T f392f6551b814381a199ac6c9dba2424 P 4bace5739b794c178f700ed42812989a [term 0 FOLLOWER]: Consensus starting up: Expiring failure detector timer to make a prompt election more likely
I20260601 13:24:16.248018 13621 raft_consensus.cc:740] T f392f6551b814381a199ac6c9dba2424 P 4bace5739b794c178f700ed42812989a [term 0 FOLLOWER]: Becoming Follower/Learner. State: Replica: 4bace5739b794c178f700ed42812989a, State: Initialized, Role: FOLLOWER
I20260601 13:24:16.248142 13624 consensus_queue.cc:260] T fb535b547d3a49c7b971cb866ce96ce1 P 953b78527a314aa1b804448e6b543a6f [NON_LEADER]: Queue going to NON_LEADER mode. State: All replicated index: 0, Majority replicated index: 0, Committed index: 0, Last appended: 0.0, Last appended by leader: 0, Current term: 0, Majority size: -1, State: 0, Mode: NON_LEADER, active raft config: opid_index: -1 OBSOLETE_local: false peers { permanent_uuid: "4bace5739b794c178f700ed42812989a" member_type: VOTER last_known_addr { host: "127.10.46.193" port: 33483 } } peers { permanent_uuid: "953b78527a314aa1b804448e6b543a6f" member_type: VOTER last_known_addr { host: "127.10.46.194" port: 46669 } } peers { permanent_uuid: "44da24b29ed94ba4b455dd4597422e23" member_type: VOTER last_known_addr { host: "127.10.46.195" port: 34233 } }
I20260601 13:24:16.248175 13621 consensus_queue.cc:260] T f392f6551b814381a199ac6c9dba2424 P 4bace5739b794c178f700ed42812989a [NON_LEADER]: Queue going to NON_LEADER mode. State: All replicated index: 0, Majority replicated index: 0, Committed index: 0, Last appended: 0.0, Last appended by leader: 0, Current term: 0, Majority size: -1, State: 0, Mode: NON_LEADER, active raft config: opid_index: -1 OBSOLETE_local: false peers { permanent_uuid: "4bace5739b794c178f700ed42812989a" member_type: VOTER last_known_addr { host: "127.10.46.193" port: 33483 } } peers { permanent_uuid: "953b78527a314aa1b804448e6b543a6f" member_type: VOTER last_known_addr { host: "127.10.46.194" port: 46669 } } peers { permanent_uuid: "44da24b29ed94ba4b455dd4597422e23" member_type: VOTER last_known_addr { host: "127.10.46.195" port: 34233 } }
I20260601 13:24:16.248406 13625 raft_consensus.cc:493] T fb535b547d3a49c7b971cb866ce96ce1 P 4bace5739b794c178f700ed42812989a [term 0 FOLLOWER]: Starting pre-election (no leader contacted us within the election timeout)
I20260601 13:24:16.248437 13620 tablet_bootstrap.cc:654] T 58326f9e1a63425ba2b630709db69af6 P 44da24b29ed94ba4b455dd4597422e23: Neither blocks nor log segments found. Creating new log.
I20260601 13:24:16.248517 13625 raft_consensus.cc:515] T fb535b547d3a49c7b971cb866ce96ce1 P 4bace5739b794c178f700ed42812989a [term 0 FOLLOWER]: Starting pre-election with config: opid_index: -1 OBSOLETE_local: false peers { permanent_uuid: "4bace5739b794c178f700ed42812989a" member_type: VOTER last_known_addr { host: "127.10.46.193" port: 33483 } } peers { permanent_uuid: "953b78527a314aa1b804448e6b543a6f" member_type: VOTER last_known_addr { host: "127.10.46.194" port: 46669 } } peers { permanent_uuid: "44da24b29ed94ba4b455dd4597422e23" member_type: VOTER last_known_addr { host: "127.10.46.195" port: 34233 } }
I20260601 13:24:16.249131 13625 leader_election.cc:290] T fb535b547d3a49c7b971cb866ce96ce1 P 4bace5739b794c178f700ed42812989a [CANDIDATE]: Term 1 pre-election: Requested pre-vote from peers 953b78527a314aa1b804448e6b543a6f (127.10.46.194:46669), 44da24b29ed94ba4b455dd4597422e23 (127.10.46.195:34233)
I20260601 13:24:16.249750 13624 ts_tablet_manager.cc:1434] T fb535b547d3a49c7b971cb866ce96ce1 P 953b78527a314aa1b804448e6b543a6f: Time spent starting tablet: real 0.003s	user 0.000s	sys 0.002s
I20260601 13:24:16.249838 13621 ts_tablet_manager.cc:1434] T f392f6551b814381a199ac6c9dba2424 P 4bace5739b794c178f700ed42812989a: Time spent starting tablet: real 0.002s	user 0.000s	sys 0.001s
I20260601 13:24:16.250046 13621 tablet_bootstrap.cc:492] T 58326f9e1a63425ba2b630709db69af6 P 4bace5739b794c178f700ed42812989a: Bootstrap starting.
I20260601 13:24:16.251060 13621 tablet_bootstrap.cc:654] T 58326f9e1a63425ba2b630709db69af6 P 4bace5739b794c178f700ed42812989a: Neither blocks nor log segments found. Creating new log.
I20260601 13:24:16.251353 13620 tablet_bootstrap.cc:492] T 58326f9e1a63425ba2b630709db69af6 P 44da24b29ed94ba4b455dd4597422e23: No bootstrap required, opened a new log
I20260601 13:24:16.251556 13620 ts_tablet_manager.cc:1403] T 58326f9e1a63425ba2b630709db69af6 P 44da24b29ed94ba4b455dd4597422e23: Time spent bootstrapping tablet: real 0.005s	user 0.002s	sys 0.000s
I20260601 13:24:16.251891 13624 tablet_bootstrap.cc:492] T 58326f9e1a63425ba2b630709db69af6 P 953b78527a314aa1b804448e6b543a6f: Bootstrap starting.
I20260601 13:24:16.252084 13620 raft_consensus.cc:359] T 58326f9e1a63425ba2b630709db69af6 P 44da24b29ed94ba4b455dd4597422e23 [term 0 FOLLOWER]: Replica starting. Triggering 0 pending ops. Active config: opid_index: -1 OBSOLETE_local: false peers { permanent_uuid: "4bace5739b794c178f700ed42812989a" member_type: VOTER last_known_addr { host: "127.10.46.193" port: 33483 } } peers { permanent_uuid: "953b78527a314aa1b804448e6b543a6f" member_type: VOTER last_known_addr { host: "127.10.46.194" port: 46669 } } peers { permanent_uuid: "44da24b29ed94ba4b455dd4597422e23" member_type: VOTER last_known_addr { host: "127.10.46.195" port: 34233 } }
I20260601 13:24:16.252271 13620 raft_consensus.cc:385] T 58326f9e1a63425ba2b630709db69af6 P 44da24b29ed94ba4b455dd4597422e23 [term 0 FOLLOWER]: Consensus starting up: Expiring failure detector timer to make a prompt election more likely
I20260601 13:24:16.252367 13620 raft_consensus.cc:740] T 58326f9e1a63425ba2b630709db69af6 P 44da24b29ed94ba4b455dd4597422e23 [term 0 FOLLOWER]: Becoming Follower/Learner. State: Replica: 44da24b29ed94ba4b455dd4597422e23, State: Initialized, Role: FOLLOWER
I20260601 13:24:16.252421 13621 tablet_bootstrap.cc:492] T 58326f9e1a63425ba2b630709db69af6 P 4bace5739b794c178f700ed42812989a: No bootstrap required, opened a new log
I20260601 13:24:16.252611 13621 ts_tablet_manager.cc:1403] T 58326f9e1a63425ba2b630709db69af6 P 4bace5739b794c178f700ed42812989a: Time spent bootstrapping tablet: real 0.003s	user 0.001s	sys 0.002s
I20260601 13:24:16.252658 13620 consensus_queue.cc:260] T 58326f9e1a63425ba2b630709db69af6 P 44da24b29ed94ba4b455dd4597422e23 [NON_LEADER]: Queue going to NON_LEADER mode. State: All replicated index: 0, Majority replicated index: 0, Committed index: 0, Last appended: 0.0, Last appended by leader: 0, Current term: 0, Majority size: -1, State: 0, Mode: NON_LEADER, active raft config: opid_index: -1 OBSOLETE_local: false peers { permanent_uuid: "4bace5739b794c178f700ed42812989a" member_type: VOTER last_known_addr { host: "127.10.46.193" port: 33483 } } peers { permanent_uuid: "953b78527a314aa1b804448e6b543a6f" member_type: VOTER last_known_addr { host: "127.10.46.194" port: 46669 } } peers { permanent_uuid: "44da24b29ed94ba4b455dd4597422e23" member_type: VOTER last_known_addr { host: "127.10.46.195" port: 34233 } }
I20260601 13:24:16.253118 13624 tablet_bootstrap.cc:654] T 58326f9e1a63425ba2b630709db69af6 P 953b78527a314aa1b804448e6b543a6f: Neither blocks nor log segments found. Creating new log.
I20260601 13:24:16.253189 13621 raft_consensus.cc:359] T 58326f9e1a63425ba2b630709db69af6 P 4bace5739b794c178f700ed42812989a [term 0 FOLLOWER]: Replica starting. Triggering 0 pending ops. Active config: opid_index: -1 OBSOLETE_local: false peers { permanent_uuid: "4bace5739b794c178f700ed42812989a" member_type: VOTER last_known_addr { host: "127.10.46.193" port: 33483 } } peers { permanent_uuid: "953b78527a314aa1b804448e6b543a6f" member_type: VOTER last_known_addr { host: "127.10.46.194" port: 46669 } } peers { permanent_uuid: "44da24b29ed94ba4b455dd4597422e23" member_type: VOTER last_known_addr { host: "127.10.46.195" port: 34233 } }
I20260601 13:24:16.253309 13621 raft_consensus.cc:385] T 58326f9e1a63425ba2b630709db69af6 P 4bace5739b794c178f700ed42812989a [term 0 FOLLOWER]: Consensus starting up: Expiring failure detector timer to make a prompt election more likely
I20260601 13:24:16.253350 13621 raft_consensus.cc:740] T 58326f9e1a63425ba2b630709db69af6 P 4bace5739b794c178f700ed42812989a [term 0 FOLLOWER]: Becoming Follower/Learner. State: Replica: 4bace5739b794c178f700ed42812989a, State: Initialized, Role: FOLLOWER
I20260601 13:24:16.253470 13621 consensus_queue.cc:260] T 58326f9e1a63425ba2b630709db69af6 P 4bace5739b794c178f700ed42812989a [NON_LEADER]: Queue going to NON_LEADER mode. State: All replicated index: 0, Majority replicated index: 0, Committed index: 0, Last appended: 0.0, Last appended by leader: 0, Current term: 0, Majority size: -1, State: 0, Mode: NON_LEADER, active raft config: opid_index: -1 OBSOLETE_local: false peers { permanent_uuid: "4bace5739b794c178f700ed42812989a" member_type: VOTER last_known_addr { host: "127.10.46.193" port: 33483 } } peers { permanent_uuid: "953b78527a314aa1b804448e6b543a6f" member_type: VOTER last_known_addr { host: "127.10.46.194" port: 46669 } } peers { permanent_uuid: "44da24b29ed94ba4b455dd4597422e23" member_type: VOTER last_known_addr { host: "127.10.46.195" port: 34233 } }
I20260601 13:24:16.253870 13621 ts_tablet_manager.cc:1434] T 58326f9e1a63425ba2b630709db69af6 P 4bace5739b794c178f700ed42812989a: Time spent starting tablet: real 0.001s	user 0.001s	sys 0.000s
I20260601 13:24:16.254052 13621 tablet_bootstrap.cc:492] T 96832d40b5404913a1fcef58df27a892 P 4bace5739b794c178f700ed42812989a: Bootstrap starting.
I20260601 13:24:16.253113 13620 ts_tablet_manager.cc:1434] T 58326f9e1a63425ba2b630709db69af6 P 44da24b29ed94ba4b455dd4597422e23: Time spent starting tablet: real 0.001s	user 0.001s	sys 0.000s
I20260601 13:24:16.254365 13620 tablet_bootstrap.cc:492] T e7abdd8359c34b9682ab7db3b8817cba P 44da24b29ed94ba4b455dd4597422e23: Bootstrap starting.
I20260601 13:24:16.255252 13621 tablet_bootstrap.cc:654] T 96832d40b5404913a1fcef58df27a892 P 4bace5739b794c178f700ed42812989a: Neither blocks nor log segments found. Creating new log.
I20260601 13:24:16.255539 13620 tablet_bootstrap.cc:654] T e7abdd8359c34b9682ab7db3b8817cba P 44da24b29ed94ba4b455dd4597422e23: Neither blocks nor log segments found. Creating new log.
I20260601 13:24:16.257120 13620 tablet_bootstrap.cc:492] T e7abdd8359c34b9682ab7db3b8817cba P 44da24b29ed94ba4b455dd4597422e23: No bootstrap required, opened a new log
I20260601 13:24:16.257292 13620 ts_tablet_manager.cc:1403] T e7abdd8359c34b9682ab7db3b8817cba P 44da24b29ed94ba4b455dd4597422e23: Time spent bootstrapping tablet: real 0.003s	user 0.001s	sys 0.001s
I20260601 13:24:16.258147 13574 tablet_service.cc:1917] Received RequestConsensusVote() RPC: tablet_id: "fb535b547d3a49c7b971cb866ce96ce1" candidate_uuid: "4bace5739b794c178f700ed42812989a" candidate_term: 1 candidate_status { last_received { term: 0 index: 0 } } ignore_live_leader: false dest_uuid: "44da24b29ed94ba4b455dd4597422e23" is_pre_election: true
W20260601 13:24:16.258570 13386 leader_election.cc:343] T fb535b547d3a49c7b971cb866ce96ce1 P 4bace5739b794c178f700ed42812989a [CANDIDATE]: Term 1 pre-election: Tablet error from VoteRequest() call to peer 44da24b29ed94ba4b455dd4597422e23 (127.10.46.195:34233): Illegal state: must be running to vote when last-logged opid is not known
I20260601 13:24:16.258652 13624 tablet_bootstrap.cc:492] T 58326f9e1a63425ba2b630709db69af6 P 953b78527a314aa1b804448e6b543a6f: No bootstrap required, opened a new log
I20260601 13:24:16.258738 13624 ts_tablet_manager.cc:1403] T 58326f9e1a63425ba2b630709db69af6 P 953b78527a314aa1b804448e6b543a6f: Time spent bootstrapping tablet: real 0.007s	user 0.001s	sys 0.001s
I20260601 13:24:16.258857 13621 tablet_bootstrap.cc:492] T 96832d40b5404913a1fcef58df27a892 P 4bace5739b794c178f700ed42812989a: No bootstrap required, opened a new log
I20260601 13:24:16.258934 13621 ts_tablet_manager.cc:1403] T 96832d40b5404913a1fcef58df27a892 P 4bace5739b794c178f700ed42812989a: Time spent bootstrapping tablet: real 0.005s	user 0.002s	sys 0.000s
I20260601 13:24:16.259245 13624 raft_consensus.cc:359] T 58326f9e1a63425ba2b630709db69af6 P 953b78527a314aa1b804448e6b543a6f [term 0 FOLLOWER]: Replica starting. Triggering 0 pending ops. Active config: opid_index: -1 OBSOLETE_local: false peers { permanent_uuid: "4bace5739b794c178f700ed42812989a" member_type: VOTER last_known_addr { host: "127.10.46.193" port: 33483 } } peers { permanent_uuid: "953b78527a314aa1b804448e6b543a6f" member_type: VOTER last_known_addr { host: "127.10.46.194" port: 46669 } } peers { permanent_uuid: "44da24b29ed94ba4b455dd4597422e23" member_type: VOTER last_known_addr { host: "127.10.46.195" port: 34233 } }
I20260601 13:24:16.259358 13624 raft_consensus.cc:385] T 58326f9e1a63425ba2b630709db69af6 P 953b78527a314aa1b804448e6b543a6f [term 0 FOLLOWER]: Consensus starting up: Expiring failure detector timer to make a prompt election more likely
I20260601 13:24:16.259394 13624 raft_consensus.cc:740] T 58326f9e1a63425ba2b630709db69af6 P 953b78527a314aa1b804448e6b543a6f [term 0 FOLLOWER]: Becoming Follower/Learner. State: Replica: 953b78527a314aa1b804448e6b543a6f, State: Initialized, Role: FOLLOWER
I20260601 13:24:16.259333 13621 raft_consensus.cc:359] T 96832d40b5404913a1fcef58df27a892 P 4bace5739b794c178f700ed42812989a [term 0 FOLLOWER]: Replica starting. Triggering 0 pending ops. Active config: opid_index: -1 OBSOLETE_local: false peers { permanent_uuid: "4bace5739b794c178f700ed42812989a" member_type: VOTER last_known_addr { host: "127.10.46.193" port: 33483 } } peers { permanent_uuid: "953b78527a314aa1b804448e6b543a6f" member_type: VOTER last_known_addr { host: "127.10.46.194" port: 46669 } } peers { permanent_uuid: "44da24b29ed94ba4b455dd4597422e23" member_type: VOTER last_known_addr { host: "127.10.46.195" port: 34233 } }
I20260601 13:24:16.259598 13624 consensus_queue.cc:260] T 58326f9e1a63425ba2b630709db69af6 P 953b78527a314aa1b804448e6b543a6f [NON_LEADER]: Queue going to NON_LEADER mode. State: All replicated index: 0, Majority replicated index: 0, Committed index: 0, Last appended: 0.0, Last appended by leader: 0, Current term: 0, Majority size: -1, State: 0, Mode: NON_LEADER, active raft config: opid_index: -1 OBSOLETE_local: false peers { permanent_uuid: "4bace5739b794c178f700ed42812989a" member_type: VOTER last_known_addr { host: "127.10.46.193" port: 33483 } } peers { permanent_uuid: "953b78527a314aa1b804448e6b543a6f" member_type: VOTER last_known_addr { host: "127.10.46.194" port: 46669 } } peers { permanent_uuid: "44da24b29ed94ba4b455dd4597422e23" member_type: VOTER last_known_addr { host: "127.10.46.195" port: 34233 } }
I20260601 13:24:16.259662 13621 raft_consensus.cc:385] T 96832d40b5404913a1fcef58df27a892 P 4bace5739b794c178f700ed42812989a [term 0 FOLLOWER]: Consensus starting up: Expiring failure detector timer to make a prompt election more likely
I20260601 13:24:16.259716 13621 raft_consensus.cc:740] T 96832d40b5404913a1fcef58df27a892 P 4bace5739b794c178f700ed42812989a [term 0 FOLLOWER]: Becoming Follower/Learner. State: Replica: 4bace5739b794c178f700ed42812989a, State: Initialized, Role: FOLLOWER
I20260601 13:24:16.259871 13621 consensus_queue.cc:260] T 96832d40b5404913a1fcef58df27a892 P 4bace5739b794c178f700ed42812989a [NON_LEADER]: Queue going to NON_LEADER mode. State: All replicated index: 0, Majority replicated index: 0, Committed index: 0, Last appended: 0.0, Last appended by leader: 0, Current term: 0, Majority size: -1, State: 0, Mode: NON_LEADER, active raft config: opid_index: -1 OBSOLETE_local: false peers { permanent_uuid: "4bace5739b794c178f700ed42812989a" member_type: VOTER last_known_addr { host: "127.10.46.193" port: 33483 } } peers { permanent_uuid: "953b78527a314aa1b804448e6b543a6f" member_type: VOTER last_known_addr { host: "127.10.46.194" port: 46669 } } peers { permanent_uuid: "44da24b29ed94ba4b455dd4597422e23" member_type: VOTER last_known_addr { host: "127.10.46.195" port: 34233 } }
I20260601 13:24:16.259931 13624 ts_tablet_manager.cc:1434] T 58326f9e1a63425ba2b630709db69af6 P 953b78527a314aa1b804448e6b543a6f: Time spent starting tablet: real 0.001s	user 0.001s	sys 0.000s
I20260601 13:24:16.260136 13621 ts_tablet_manager.cc:1434] T 96832d40b5404913a1fcef58df27a892 P 4bace5739b794c178f700ed42812989a: Time spent starting tablet: real 0.001s	user 0.001s	sys 0.000s
I20260601 13:24:16.260320 13621 tablet_bootstrap.cc:492] T 2135378c9ff94b7aae92f82e3017067c P 4bace5739b794c178f700ed42812989a: Bootstrap starting.
I20260601 13:24:16.260504 13499 tablet_service.cc:1917] Received RequestConsensusVote() RPC: tablet_id: "fb535b547d3a49c7b971cb866ce96ce1" candidate_uuid: "4bace5739b794c178f700ed42812989a" candidate_term: 1 candidate_status { last_received { term: 0 index: 0 } } ignore_live_leader: false dest_uuid: "953b78527a314aa1b804448e6b543a6f" is_pre_election: true
I20260601 13:24:16.260623 13499 raft_consensus.cc:2468] T fb535b547d3a49c7b971cb866ce96ce1 P 953b78527a314aa1b804448e6b543a6f [term 0 FOLLOWER]: Leader pre-election vote request: Granting yes vote for candidate 4bace5739b794c178f700ed42812989a in term 0.
I20260601 13:24:16.261063 13388 leader_election.cc:304] T fb535b547d3a49c7b971cb866ce96ce1 P 4bace5739b794c178f700ed42812989a [CANDIDATE]: Term 1 pre-election: Election decided. Result: candidate won. Election summary: received 3 responses out of 3 voters: 2 yes votes; 1 no votes. yes voters: 4bace5739b794c178f700ed42812989a, 953b78527a314aa1b804448e6b543a6f; no voters: 44da24b29ed94ba4b455dd4597422e23
I20260601 13:24:16.261320 13633 raft_consensus.cc:2804] T fb535b547d3a49c7b971cb866ce96ce1 P 4bace5739b794c178f700ed42812989a [term 0 FOLLOWER]: Leader pre-election won for term 1
I20260601 13:24:16.261372 13633 raft_consensus.cc:493] T fb535b547d3a49c7b971cb866ce96ce1 P 4bace5739b794c178f700ed42812989a [term 0 FOLLOWER]: Starting leader election (no leader contacted us within the election timeout)
I20260601 13:24:16.261418 13633 raft_consensus.cc:3060] T fb535b547d3a49c7b971cb866ce96ce1 P 4bace5739b794c178f700ed42812989a [term 0 FOLLOWER]: Advancing to term 1
I20260601 13:24:16.261611 13621 tablet_bootstrap.cc:654] T 2135378c9ff94b7aae92f82e3017067c P 4bace5739b794c178f700ed42812989a: Neither blocks nor log segments found. Creating new log.
I20260601 13:24:16.258162 13620 raft_consensus.cc:359] T e7abdd8359c34b9682ab7db3b8817cba P 44da24b29ed94ba4b455dd4597422e23 [term 0 FOLLOWER]: Replica starting. Triggering 0 pending ops. Active config: opid_index: -1 OBSOLETE_local: false peers { permanent_uuid: "44da24b29ed94ba4b455dd4597422e23" member_type: VOTER last_known_addr { host: "127.10.46.195" port: 34233 } } peers { permanent_uuid: "953b78527a314aa1b804448e6b543a6f" member_type: VOTER last_known_addr { host: "127.10.46.194" port: 46669 } } peers { permanent_uuid: "4bace5739b794c178f700ed42812989a" member_type: VOTER last_known_addr { host: "127.10.46.193" port: 33483 } }
I20260601 13:24:16.262326 13620 raft_consensus.cc:385] T e7abdd8359c34b9682ab7db3b8817cba P 44da24b29ed94ba4b455dd4597422e23 [term 0 FOLLOWER]: Consensus starting up: Expiring failure detector timer to make a prompt election more likely
I20260601 13:24:16.262370 13620 raft_consensus.cc:740] T e7abdd8359c34b9682ab7db3b8817cba P 44da24b29ed94ba4b455dd4597422e23 [term 0 FOLLOWER]: Becoming Follower/Learner. State: Replica: 44da24b29ed94ba4b455dd4597422e23, State: Initialized, Role: FOLLOWER
I20260601 13:24:16.262530 13620 consensus_queue.cc:260] T e7abdd8359c34b9682ab7db3b8817cba P 44da24b29ed94ba4b455dd4597422e23 [NON_LEADER]: Queue going to NON_LEADER mode. State: All replicated index: 0, Majority replicated index: 0, Committed index: 0, Last appended: 0.0, Last appended by leader: 0, Current term: 0, Majority size: -1, State: 0, Mode: NON_LEADER, active raft config: opid_index: -1 OBSOLETE_local: false peers { permanent_uuid: "44da24b29ed94ba4b455dd4597422e23" member_type: VOTER last_known_addr { host: "127.10.46.195" port: 34233 } } peers { permanent_uuid: "953b78527a314aa1b804448e6b543a6f" member_type: VOTER last_known_addr { host: "127.10.46.194" port: 46669 } } peers { permanent_uuid: "4bace5739b794c178f700ed42812989a" member_type: VOTER last_known_addr { host: "127.10.46.193" port: 33483 } }
I20260601 13:24:16.262639 13633 raft_consensus.cc:515] T fb535b547d3a49c7b971cb866ce96ce1 P 4bace5739b794c178f700ed42812989a [term 1 FOLLOWER]: Starting leader election with config: opid_index: -1 OBSOLETE_local: false peers { permanent_uuid: "4bace5739b794c178f700ed42812989a" member_type: VOTER last_known_addr { host: "127.10.46.193" port: 33483 } } peers { permanent_uuid: "953b78527a314aa1b804448e6b543a6f" member_type: VOTER last_known_addr { host: "127.10.46.194" port: 46669 } } peers { permanent_uuid: "44da24b29ed94ba4b455dd4597422e23" member_type: VOTER last_known_addr { host: "127.10.46.195" port: 34233 } }
I20260601 13:24:16.262845 13620 ts_tablet_manager.cc:1434] T e7abdd8359c34b9682ab7db3b8817cba P 44da24b29ed94ba4b455dd4597422e23: Time spent starting tablet: real 0.005s	user 0.000s	sys 0.001s
I20260601 13:24:16.263041 13620 tablet_bootstrap.cc:492] T 02d66a6c39af41d1890530cd3085ec4b P 44da24b29ed94ba4b455dd4597422e23: Bootstrap starting.
I20260601 13:24:16.263020 13633 leader_election.cc:290] T fb535b547d3a49c7b971cb866ce96ce1 P 4bace5739b794c178f700ed42812989a [CANDIDATE]: Term 1 election: Requested vote from peers 953b78527a314aa1b804448e6b543a6f (127.10.46.194:46669), 44da24b29ed94ba4b455dd4597422e23 (127.10.46.195:34233)
I20260601 13:24:16.263526 13499 tablet_service.cc:1917] Received RequestConsensusVote() RPC: tablet_id: "fb535b547d3a49c7b971cb866ce96ce1" candidate_uuid: "4bace5739b794c178f700ed42812989a" candidate_term: 1 candidate_status { last_received { term: 0 index: 0 } } ignore_live_leader: false dest_uuid: "953b78527a314aa1b804448e6b543a6f"
I20260601 13:24:16.263605 13574 tablet_service.cc:1917] Received RequestConsensusVote() RPC: tablet_id: "fb535b547d3a49c7b971cb866ce96ce1" candidate_uuid: "4bace5739b794c178f700ed42812989a" candidate_term: 1 candidate_status { last_received { term: 0 index: 0 } } ignore_live_leader: false dest_uuid: "44da24b29ed94ba4b455dd4597422e23"
I20260601 13:24:16.263640 13499 raft_consensus.cc:3060] T fb535b547d3a49c7b971cb866ce96ce1 P 953b78527a314aa1b804448e6b543a6f [term 0 FOLLOWER]: Advancing to term 1
W20260601 13:24:16.263912 13386 leader_election.cc:343] T fb535b547d3a49c7b971cb866ce96ce1 P 4bace5739b794c178f700ed42812989a [CANDIDATE]: Term 1 election: Tablet error from VoteRequest() call to peer 44da24b29ed94ba4b455dd4597422e23 (127.10.46.195:34233): Illegal state: must be running to vote when last-logged opid is not known
I20260601 13:24:16.264287 13620 tablet_bootstrap.cc:654] T 02d66a6c39af41d1890530cd3085ec4b P 44da24b29ed94ba4b455dd4597422e23: Neither blocks nor log segments found. Creating new log.
I20260601 13:24:16.264951 13621 tablet_bootstrap.cc:492] T 2135378c9ff94b7aae92f82e3017067c P 4bace5739b794c178f700ed42812989a: No bootstrap required, opened a new log
I20260601 13:24:16.260133 13624 tablet_bootstrap.cc:492] T 02d66a6c39af41d1890530cd3085ec4b P 953b78527a314aa1b804448e6b543a6f: Bootstrap starting.
I20260601 13:24:16.265041 13621 ts_tablet_manager.cc:1403] T 2135378c9ff94b7aae92f82e3017067c P 4bace5739b794c178f700ed42812989a: Time spent bootstrapping tablet: real 0.005s	user 0.002s	sys 0.000s
I20260601 13:24:16.265890 13621 raft_consensus.cc:359] T 2135378c9ff94b7aae92f82e3017067c P 4bace5739b794c178f700ed42812989a [term 0 FOLLOWER]: Replica starting. Triggering 0 pending ops. Active config: opid_index: -1 OBSOLETE_local: false peers { permanent_uuid: "4bace5739b794c178f700ed42812989a" member_type: VOTER last_known_addr { host: "127.10.46.193" port: 33483 } } peers { permanent_uuid: "953b78527a314aa1b804448e6b543a6f" member_type: VOTER last_known_addr { host: "127.10.46.194" port: 46669 } } peers { permanent_uuid: "44da24b29ed94ba4b455dd4597422e23" member_type: VOTER last_known_addr { host: "127.10.46.195" port: 34233 } }
I20260601 13:24:16.266021 13499 raft_consensus.cc:2468] T fb535b547d3a49c7b971cb866ce96ce1 P 953b78527a314aa1b804448e6b543a6f [term 1 FOLLOWER]: Leader election vote request: Granting yes vote for candidate 4bace5739b794c178f700ed42812989a in term 1.
I20260601 13:24:16.266067 13621 raft_consensus.cc:385] T 2135378c9ff94b7aae92f82e3017067c P 4bace5739b794c178f700ed42812989a [term 0 FOLLOWER]: Consensus starting up: Expiring failure detector timer to make a prompt election more likely
I20260601 13:24:16.266170 13621 raft_consensus.cc:740] T 2135378c9ff94b7aae92f82e3017067c P 4bace5739b794c178f700ed42812989a [term 0 FOLLOWER]: Becoming Follower/Learner. State: Replica: 4bace5739b794c178f700ed42812989a, State: Initialized, Role: FOLLOWER
I20260601 13:24:16.266393 13624 tablet_bootstrap.cc:654] T 02d66a6c39af41d1890530cd3085ec4b P 953b78527a314aa1b804448e6b543a6f: Neither blocks nor log segments found. Creating new log.
I20260601 13:24:16.266459 13388 leader_election.cc:304] T fb535b547d3a49c7b971cb866ce96ce1 P 4bace5739b794c178f700ed42812989a [CANDIDATE]: Term 1 election: Election decided. Result: candidate won. Election summary: received 3 responses out of 3 voters: 2 yes votes; 1 no votes. yes voters: 4bace5739b794c178f700ed42812989a, 953b78527a314aa1b804448e6b543a6f; no voters: 44da24b29ed94ba4b455dd4597422e23
I20260601 13:24:16.266407 13621 consensus_queue.cc:260] T 2135378c9ff94b7aae92f82e3017067c P 4bace5739b794c178f700ed42812989a [NON_LEADER]: Queue going to NON_LEADER mode. State: All replicated index: 0, Majority replicated index: 0, Committed index: 0, Last appended: 0.0, Last appended by leader: 0, Current term: 0, Majority size: -1, State: 0, Mode: NON_LEADER, active raft config: opid_index: -1 OBSOLETE_local: false peers { permanent_uuid: "4bace5739b794c178f700ed42812989a" member_type: VOTER last_known_addr { host: "127.10.46.193" port: 33483 } } peers { permanent_uuid: "953b78527a314aa1b804448e6b543a6f" member_type: VOTER last_known_addr { host: "127.10.46.194" port: 46669 } } peers { permanent_uuid: "44da24b29ed94ba4b455dd4597422e23" member_type: VOTER last_known_addr { host: "127.10.46.195" port: 34233 } }
I20260601 13:24:16.266769 13625 raft_consensus.cc:2804] T fb535b547d3a49c7b971cb866ce96ce1 P 4bace5739b794c178f700ed42812989a [term 1 FOLLOWER]: Leader election won for term 1
I20260601 13:24:16.266861 13625 raft_consensus.cc:697] T fb535b547d3a49c7b971cb866ce96ce1 P 4bace5739b794c178f700ed42812989a [term 1 LEADER]: Becoming Leader. State: Replica: 4bace5739b794c178f700ed42812989a, State: Running, Role: LEADER
I20260601 13:24:16.266989 13625 consensus_queue.cc:237] T fb535b547d3a49c7b971cb866ce96ce1 P 4bace5739b794c178f700ed42812989a [LEADER]: Queue going to LEADER mode. State: All replicated index: 0, Majority replicated index: 0, Committed index: 0, Last appended: 0.0, Last appended by leader: 0, Current term: 1, Majority size: 2, State: 0, Mode: LEADER, active raft config: opid_index: -1 OBSOLETE_local: false peers { permanent_uuid: "4bace5739b794c178f700ed42812989a" member_type: VOTER last_known_addr { host: "127.10.46.193" port: 33483 } } peers { permanent_uuid: "953b78527a314aa1b804448e6b543a6f" member_type: VOTER last_known_addr { host: "127.10.46.194" port: 46669 } } peers { permanent_uuid: "44da24b29ed94ba4b455dd4597422e23" member_type: VOTER last_known_addr { host: "127.10.46.195" port: 34233 } }
I20260601 13:24:16.267076 13620 tablet_bootstrap.cc:492] T 02d66a6c39af41d1890530cd3085ec4b P 44da24b29ed94ba4b455dd4597422e23: No bootstrap required, opened a new log
I20260601 13:24:16.267158 13620 ts_tablet_manager.cc:1403] T 02d66a6c39af41d1890530cd3085ec4b P 44da24b29ed94ba4b455dd4597422e23: Time spent bootstrapping tablet: real 0.004s	user 0.001s	sys 0.001s
I20260601 13:24:16.267650 13620 raft_consensus.cc:359] T 02d66a6c39af41d1890530cd3085ec4b P 44da24b29ed94ba4b455dd4597422e23 [term 0 FOLLOWER]: Replica starting. Triggering 0 pending ops. Active config: opid_index: -1 OBSOLETE_local: false peers { permanent_uuid: "4bace5739b794c178f700ed42812989a" member_type: VOTER last_known_addr { host: "127.10.46.193" port: 33483 } } peers { permanent_uuid: "953b78527a314aa1b804448e6b543a6f" member_type: VOTER last_known_addr { host: "127.10.46.194" port: 46669 } } peers { permanent_uuid: "44da24b29ed94ba4b455dd4597422e23" member_type: VOTER last_known_addr { host: "127.10.46.195" port: 34233 } }
I20260601 13:24:16.267758 13620 raft_consensus.cc:385] T 02d66a6c39af41d1890530cd3085ec4b P 44da24b29ed94ba4b455dd4597422e23 [term 0 FOLLOWER]: Consensus starting up: Expiring failure detector timer to make a prompt election more likely
I20260601 13:24:16.267798 13620 raft_consensus.cc:740] T 02d66a6c39af41d1890530cd3085ec4b P 44da24b29ed94ba4b455dd4597422e23 [term 0 FOLLOWER]: Becoming Follower/Learner. State: Replica: 44da24b29ed94ba4b455dd4597422e23, State: Initialized, Role: FOLLOWER
I20260601 13:24:16.267889 13624 tablet_bootstrap.cc:492] T 02d66a6c39af41d1890530cd3085ec4b P 953b78527a314aa1b804448e6b543a6f: No bootstrap required, opened a new log
I20260601 13:24:16.267925 13620 consensus_queue.cc:260] T 02d66a6c39af41d1890530cd3085ec4b P 44da24b29ed94ba4b455dd4597422e23 [NON_LEADER]: Queue going to NON_LEADER mode. State: All replicated index: 0, Majority replicated index: 0, Committed index: 0, Last appended: 0.0, Last appended by leader: 0, Current term: 0, Majority size: -1, State: 0, Mode: NON_LEADER, active raft config: opid_index: -1 OBSOLETE_local: false peers { permanent_uuid: "4bace5739b794c178f700ed42812989a" member_type: VOTER last_known_addr { host: "127.10.46.193" port: 33483 } } peers { permanent_uuid: "953b78527a314aa1b804448e6b543a6f" member_type: VOTER last_known_addr { host: "127.10.46.194" port: 46669 } } peers { permanent_uuid: "44da24b29ed94ba4b455dd4597422e23" member_type: VOTER last_known_addr { host: "127.10.46.195" port: 34233 } }
I20260601 13:24:16.267997 13624 ts_tablet_manager.cc:1403] T 02d66a6c39af41d1890530cd3085ec4b P 953b78527a314aa1b804448e6b543a6f: Time spent bootstrapping tablet: real 0.008s	user 0.002s	sys 0.000s
I20260601 13:24:16.268225 13621 ts_tablet_manager.cc:1434] T 2135378c9ff94b7aae92f82e3017067c P 4bace5739b794c178f700ed42812989a: Time spent starting tablet: real 0.003s	user 0.001s	sys 0.000s
I20260601 13:24:16.268445 13621 tablet_bootstrap.cc:492] T 7d3c95e1ddbb4872a83c967ffbd50f7c P 4bace5739b794c178f700ed42812989a: Bootstrap starting.
I20260601 13:24:16.268476 13624 raft_consensus.cc:359] T 02d66a6c39af41d1890530cd3085ec4b P 953b78527a314aa1b804448e6b543a6f [term 0 FOLLOWER]: Replica starting. Triggering 0 pending ops. Active config: opid_index: -1 OBSOLETE_local: false peers { permanent_uuid: "4bace5739b794c178f700ed42812989a" member_type: VOTER last_known_addr { host: "127.10.46.193" port: 33483 } } peers { permanent_uuid: "953b78527a314aa1b804448e6b543a6f" member_type: VOTER last_known_addr { host: "127.10.46.194" port: 46669 } } peers { permanent_uuid: "44da24b29ed94ba4b455dd4597422e23" member_type: VOTER last_known_addr { host: "127.10.46.195" port: 34233 } }
I20260601 13:24:16.268601 13624 raft_consensus.cc:385] T 02d66a6c39af41d1890530cd3085ec4b P 953b78527a314aa1b804448e6b543a6f [term 0 FOLLOWER]: Consensus starting up: Expiring failure detector timer to make a prompt election more likely
I20260601 13:24:16.268651 13624 raft_consensus.cc:740] T 02d66a6c39af41d1890530cd3085ec4b P 953b78527a314aa1b804448e6b543a6f [term 0 FOLLOWER]: Becoming Follower/Learner. State: Replica: 953b78527a314aa1b804448e6b543a6f, State: Initialized, Role: FOLLOWER
I20260601 13:24:16.268745 13620 ts_tablet_manager.cc:1434] T 02d66a6c39af41d1890530cd3085ec4b P 44da24b29ed94ba4b455dd4597422e23: Time spent starting tablet: real 0.002s	user 0.001s	sys 0.000s
I20260601 13:24:16.268785 13624 consensus_queue.cc:260] T 02d66a6c39af41d1890530cd3085ec4b P 953b78527a314aa1b804448e6b543a6f [NON_LEADER]: Queue going to NON_LEADER mode. State: All replicated index: 0, Majority replicated index: 0, Committed index: 0, Last appended: 0.0, Last appended by leader: 0, Current term: 0, Majority size: -1, State: 0, Mode: NON_LEADER, active raft config: opid_index: -1 OBSOLETE_local: false peers { permanent_uuid: "4bace5739b794c178f700ed42812989a" member_type: VOTER last_known_addr { host: "127.10.46.193" port: 33483 } } peers { permanent_uuid: "953b78527a314aa1b804448e6b543a6f" member_type: VOTER last_known_addr { host: "127.10.46.194" port: 46669 } } peers { permanent_uuid: "44da24b29ed94ba4b455dd4597422e23" member_type: VOTER last_known_addr { host: "127.10.46.195" port: 34233 } }
I20260601 13:24:16.268930 13620 tablet_bootstrap.cc:492] T fb535b547d3a49c7b971cb866ce96ce1 P 44da24b29ed94ba4b455dd4597422e23: Bootstrap starting.
I20260601 13:24:16.269071 13624 ts_tablet_manager.cc:1434] T 02d66a6c39af41d1890530cd3085ec4b P 953b78527a314aa1b804448e6b543a6f: Time spent starting tablet: real 0.001s	user 0.001s	sys 0.000s
I20260601 13:24:16.269272 13624 tablet_bootstrap.cc:492] T 7d3c95e1ddbb4872a83c967ffbd50f7c P 953b78527a314aa1b804448e6b543a6f: Bootstrap starting.
I20260601 13:24:16.269834 13621 tablet_bootstrap.cc:654] T 7d3c95e1ddbb4872a83c967ffbd50f7c P 4bace5739b794c178f700ed42812989a: Neither blocks nor log segments found. Creating new log.
I20260601 13:24:16.270105 13620 tablet_bootstrap.cc:654] T fb535b547d3a49c7b971cb866ce96ce1 P 44da24b29ed94ba4b455dd4597422e23: Neither blocks nor log segments found. Creating new log.
I20260601 13:24:16.270442 13624 tablet_bootstrap.cc:654] T 7d3c95e1ddbb4872a83c967ffbd50f7c P 953b78527a314aa1b804448e6b543a6f: Neither blocks nor log segments found. Creating new log.
I20260601 13:24:16.271503 13620 tablet_bootstrap.cc:492] T fb535b547d3a49c7b971cb866ce96ce1 P 44da24b29ed94ba4b455dd4597422e23: No bootstrap required, opened a new log
I20260601 13:24:16.271729 13620 ts_tablet_manager.cc:1403] T fb535b547d3a49c7b971cb866ce96ce1 P 44da24b29ed94ba4b455dd4597422e23: Time spent bootstrapping tablet: real 0.003s	user 0.002s	sys 0.000s
