I20260601 13:24:11.574702 22027 raft_consensus.cc:385] T 20a00df8d83f4240a3ca6ade890ed5fe P 07deffc4191e4f208d298d963c17f9bb [term 0 FOLLOWER]: Consensus starting up: Expiring failure detector timer to make a prompt election more likely
I20260601 13:24:11.574738 22027 raft_consensus.cc:740] T 20a00df8d83f4240a3ca6ade890ed5fe P 07deffc4191e4f208d298d963c17f9bb [term 0 FOLLOWER]: Becoming Follower/Learner. State: Replica: 07deffc4191e4f208d298d963c17f9bb, State: Initialized, Role: FOLLOWER
I20260601 13:24:11.574829 22160 tablet_bootstrap.cc:492] T 023e996378db4167b489d31bd4baec6e P 44d4a4f517fd4acaa56666a828817e5d: No bootstrap required, opened a new log
I20260601 13:24:11.574859 22027 consensus_queue.cc:260] T 20a00df8d83f4240a3ca6ade890ed5fe P 07deffc4191e4f208d298d963c17f9bb [NON_LEADER]: Queue going to NON_LEADER mode. State: All replicated index: 0, Majority replicated index: 0, Committed index: 0, Last appended: 0.0, Last appended by leader: 0, Current term: 0, Majority size: -1, State: 0, Mode: NON_LEADER, active raft config: opid_index: -1 OBSOLETE_local: false peers { permanent_uuid: "847a1eda0ae4439bb90bea8a549182d0" member_type: VOTER last_known_addr { host: "127.18.113.2" port: 41319 } } peers { permanent_uuid: "44d4a4f517fd4acaa56666a828817e5d" member_type: VOTER last_known_addr { host: "127.18.113.4" port: 35691 } } peers { permanent_uuid: "07deffc4191e4f208d298d963c17f9bb" member_type: VOTER last_known_addr { host: "127.18.113.1" port: 43011 } }
I20260601 13:24:11.574931 22160 ts_tablet_manager.cc:1403] T 023e996378db4167b489d31bd4baec6e P 44d4a4f517fd4acaa56666a828817e5d: Time spent bootstrapping tablet: real 0.005s	user 0.002s	sys 0.000s
I20260601 13:24:11.575170 22027 ts_tablet_manager.cc:1434] T 20a00df8d83f4240a3ca6ade890ed5fe P 07deffc4191e4f208d298d963c17f9bb: Time spent starting tablet: real 0.001s	user 0.000s	sys 0.000s
I20260601 13:24:11.575346 22027 tablet_bootstrap.cc:492] T 2ea2bf76c5f342eb8a0698296ce0c9b5 P 07deffc4191e4f208d298d963c17f9bb: Bootstrap starting.
I20260601 13:24:11.575426 22160 raft_consensus.cc:359] T 023e996378db4167b489d31bd4baec6e P 44d4a4f517fd4acaa56666a828817e5d [term 0 FOLLOWER]: Replica starting. Triggering 0 pending ops. Active config: opid_index: -1 OBSOLETE_local: false peers { permanent_uuid: "847a1eda0ae4439bb90bea8a549182d0" member_type: VOTER last_known_addr { host: "127.18.113.2" port: 41319 } } peers { permanent_uuid: "44d4a4f517fd4acaa56666a828817e5d" member_type: VOTER last_known_addr { host: "127.18.113.4" port: 35691 } } peers { permanent_uuid: "07deffc4191e4f208d298d963c17f9bb" member_type: VOTER last_known_addr { host: "127.18.113.1" port: 43011 } }
I20260601 13:24:11.575527 22160 raft_consensus.cc:385] T 023e996378db4167b489d31bd4baec6e P 44d4a4f517fd4acaa56666a828817e5d [term 0 FOLLOWER]: Consensus starting up: Expiring failure detector timer to make a prompt election more likely
I20260601 13:24:11.575567 22160 raft_consensus.cc:740] T 023e996378db4167b489d31bd4baec6e P 44d4a4f517fd4acaa56666a828817e5d [term 0 FOLLOWER]: Becoming Follower/Learner. State: Replica: 44d4a4f517fd4acaa56666a828817e5d, State: Initialized, Role: FOLLOWER
I20260601 13:24:11.575699 22160 consensus_queue.cc:260] T 023e996378db4167b489d31bd4baec6e P 44d4a4f517fd4acaa56666a828817e5d [NON_LEADER]: Queue going to NON_LEADER mode. State: All replicated index: 0, Majority replicated index: 0, Committed index: 0, Last appended: 0.0, Last appended by leader: 0, Current term: 0, Majority size: -1, State: 0, Mode: NON_LEADER, active raft config: opid_index: -1 OBSOLETE_local: false peers { permanent_uuid: "847a1eda0ae4439bb90bea8a549182d0" member_type: VOTER last_known_addr { host: "127.18.113.2" port: 41319 } } peers { permanent_uuid: "44d4a4f517fd4acaa56666a828817e5d" member_type: VOTER last_known_addr { host: "127.18.113.4" port: 35691 } } peers { permanent_uuid: "07deffc4191e4f208d298d963c17f9bb" member_type: VOTER last_known_addr { host: "127.18.113.1" port: 43011 } }
I20260601 13:24:11.575971 22160 ts_tablet_manager.cc:1434] T 023e996378db4167b489d31bd4baec6e P 44d4a4f517fd4acaa56666a828817e5d: Time spent starting tablet: real 0.001s	user 0.000s	sys 0.000s
I20260601 13:24:11.576169 22160 tablet_bootstrap.cc:492] T 66104dad18344ed69062f299f21946ad P 44d4a4f517fd4acaa56666a828817e5d: Bootstrap starting.
I20260601 13:24:11.576377 22027 tablet_bootstrap.cc:654] T 2ea2bf76c5f342eb8a0698296ce0c9b5 P 07deffc4191e4f208d298d963c17f9bb: Neither blocks nor log segments found. Creating new log.
I20260601 13:24:11.577270 21970 tablet_service.cc:1511] Processing CreateTablet for tablet 2ea2bf76c5f342eb8a0698296ce0c9b5 (DEFAULT_TABLE table=range_aware_rebalance_new_range [id=83b2e817f5ef4c0993f5ac52940f2278]), partition=HASH (key) PARTITION 7, RANGE (key) PARTITION 10 <= VALUES < 20
I20260601 13:24:11.577555 21970 data_dirs.cc:400] Could only allocate 1 dirs of requested 3 for tablet 2ea2bf76c5f342eb8a0698296ce0c9b5. 1 dirs total, 0 dirs full, 0 dirs failed
I20260601 13:24:11.577591 22160 tablet_bootstrap.cc:654] T 66104dad18344ed69062f299f21946ad P 44d4a4f517fd4acaa56666a828817e5d: Neither blocks nor log segments found. Creating new log.
I20260601 13:24:11.579859 22028 tablet_bootstrap.cc:492] T 2ea2bf76c5f342eb8a0698296ce0c9b5 P c38827083f7342e2948db173e07805f7: Bootstrap starting.
I20260601 13:24:11.580576 22060 consensus_queue.cc:1048] T ee3b6f74917445afb4f41edc9cd56ccb P 07deffc4191e4f208d298d963c17f9bb [LEADER]: Connected to new peer: Peer: permanent_uuid: "c38827083f7342e2948db173e07805f7" member_type: VOTER last_known_addr { host: "127.18.113.3" port: 42489 }, Status: LMP_MISMATCH, Last received: 0.0, Next index: 1, Last known committed idx: 0, Time since last communication: 0.000s
I20260601 13:24:11.580866 22027 tablet_bootstrap.cc:492] T 2ea2bf76c5f342eb8a0698296ce0c9b5 P 07deffc4191e4f208d298d963c17f9bb: No bootstrap required, opened a new log
I20260601 13:24:11.580986 22028 tablet_bootstrap.cc:654] T 2ea2bf76c5f342eb8a0698296ce0c9b5 P c38827083f7342e2948db173e07805f7: Neither blocks nor log segments found. Creating new log.
I20260601 13:24:11.581025 22027 ts_tablet_manager.cc:1403] T 2ea2bf76c5f342eb8a0698296ce0c9b5 P 07deffc4191e4f208d298d963c17f9bb: Time spent bootstrapping tablet: real 0.006s	user 0.000s	sys 0.002s
I20260601 13:24:11.581462 22027 raft_consensus.cc:359] T 2ea2bf76c5f342eb8a0698296ce0c9b5 P 07deffc4191e4f208d298d963c17f9bb [term 0 FOLLOWER]: Replica starting. Triggering 0 pending ops. Active config: opid_index: -1 OBSOLETE_local: false peers { permanent_uuid: "44d4a4f517fd4acaa56666a828817e5d" member_type: VOTER last_known_addr { host: "127.18.113.4" port: 35691 } } peers { permanent_uuid: "07deffc4191e4f208d298d963c17f9bb" member_type: VOTER last_known_addr { host: "127.18.113.1" port: 43011 } } peers { permanent_uuid: "c38827083f7342e2948db173e07805f7" member_type: VOTER last_known_addr { host: "127.18.113.3" port: 42489 } }
I20260601 13:24:11.581563 22027 raft_consensus.cc:385] T 2ea2bf76c5f342eb8a0698296ce0c9b5 P 07deffc4191e4f208d298d963c17f9bb [term 0 FOLLOWER]: Consensus starting up: Expiring failure detector timer to make a prompt election more likely
I20260601 13:24:11.581606 22027 raft_consensus.cc:740] T 2ea2bf76c5f342eb8a0698296ce0c9b5 P 07deffc4191e4f208d298d963c17f9bb [term 0 FOLLOWER]: Becoming Follower/Learner. State: Replica: 07deffc4191e4f208d298d963c17f9bb, State: Initialized, Role: FOLLOWER
I20260601 13:24:11.581758 22027 consensus_queue.cc:260] T 2ea2bf76c5f342eb8a0698296ce0c9b5 P 07deffc4191e4f208d298d963c17f9bb [NON_LEADER]: Queue going to NON_LEADER mode. State: All replicated index: 0, Majority replicated index: 0, Committed index: 0, Last appended: 0.0, Last appended by leader: 0, Current term: 0, Majority size: -1, State: 0, Mode: NON_LEADER, active raft config: opid_index: -1 OBSOLETE_local: false peers { permanent_uuid: "44d4a4f517fd4acaa56666a828817e5d" member_type: VOTER last_known_addr { host: "127.18.113.4" port: 35691 } } peers { permanent_uuid: "07deffc4191e4f208d298d963c17f9bb" member_type: VOTER last_known_addr { host: "127.18.113.1" port: 43011 } } peers { permanent_uuid: "c38827083f7342e2948db173e07805f7" member_type: VOTER last_known_addr { host: "127.18.113.3" port: 42489 } }
I20260601 13:24:11.581954 22160 tablet_bootstrap.cc:492] T 66104dad18344ed69062f299f21946ad P 44d4a4f517fd4acaa56666a828817e5d: No bootstrap required, opened a new log
I20260601 13:24:11.582052 22160 ts_tablet_manager.cc:1403] T 66104dad18344ed69062f299f21946ad P 44d4a4f517fd4acaa56666a828817e5d: Time spent bootstrapping tablet: real 0.006s	user 0.000s	sys 0.002s
I20260601 13:24:11.582068 22027 ts_tablet_manager.cc:1434] T 2ea2bf76c5f342eb8a0698296ce0c9b5 P 07deffc4191e4f208d298d963c17f9bb: Time spent starting tablet: real 0.001s	user 0.000s	sys 0.001s
I20260601 13:24:11.582584 22160 raft_consensus.cc:359] T 66104dad18344ed69062f299f21946ad P 44d4a4f517fd4acaa56666a828817e5d [term 0 FOLLOWER]: Replica starting. Triggering 0 pending ops. Active config: opid_index: -1 OBSOLETE_local: false peers { permanent_uuid: "847a1eda0ae4439bb90bea8a549182d0" member_type: VOTER last_known_addr { host: "127.18.113.2" port: 41319 } } peers { permanent_uuid: "44d4a4f517fd4acaa56666a828817e5d" member_type: VOTER last_known_addr { host: "127.18.113.4" port: 35691 } } peers { permanent_uuid: "c38827083f7342e2948db173e07805f7" member_type: VOTER last_known_addr { host: "127.18.113.3" port: 42489 } }
I20260601 13:24:11.582706 22160 raft_consensus.cc:385] T 66104dad18344ed69062f299f21946ad P 44d4a4f517fd4acaa56666a828817e5d [term 0 FOLLOWER]: Consensus starting up: Expiring failure detector timer to make a prompt election more likely
I20260601 13:24:11.582751 22160 raft_consensus.cc:740] T 66104dad18344ed69062f299f21946ad P 44d4a4f517fd4acaa56666a828817e5d [term 0 FOLLOWER]: Becoming Follower/Learner. State: Replica: 44d4a4f517fd4acaa56666a828817e5d, State: Initialized, Role: FOLLOWER
I20260601 13:24:11.582868 22160 consensus_queue.cc:260] T 66104dad18344ed69062f299f21946ad P 44d4a4f517fd4acaa56666a828817e5d [NON_LEADER]: Queue going to NON_LEADER mode. State: All replicated index: 0, Majority replicated index: 0, Committed index: 0, Last appended: 0.0, Last appended by leader: 0, Current term: 0, Majority size: -1, State: 0, Mode: NON_LEADER, active raft config: opid_index: -1 OBSOLETE_local: false peers { permanent_uuid: "847a1eda0ae4439bb90bea8a549182d0" member_type: VOTER last_known_addr { host: "127.18.113.2" port: 41319 } } peers { permanent_uuid: "44d4a4f517fd4acaa56666a828817e5d" member_type: VOTER last_known_addr { host: "127.18.113.4" port: 35691 } } peers { permanent_uuid: "c38827083f7342e2948db173e07805f7" member_type: VOTER last_known_addr { host: "127.18.113.3" port: 42489 } }
I20260601 13:24:11.584054 22059 consensus_queue.cc:1048] T ee3b6f74917445afb4f41edc9cd56ccb P 07deffc4191e4f208d298d963c17f9bb [LEADER]: Connected to new peer: Peer: permanent_uuid: "847a1eda0ae4439bb90bea8a549182d0" member_type: VOTER last_known_addr { host: "127.18.113.2" port: 41319 }, Status: LMP_MISMATCH, Last received: 0.0, Next index: 1, Last known committed idx: 0, Time since last communication: 0.000s
I20260601 13:24:11.585621 22160 ts_tablet_manager.cc:1434] T 66104dad18344ed69062f299f21946ad P 44d4a4f517fd4acaa56666a828817e5d: Time spent starting tablet: real 0.004s	user 0.000s	sys 0.001s
I20260601 13:24:11.585821 22160 tablet_bootstrap.cc:492] T 20a00df8d83f4240a3ca6ade890ed5fe P 44d4a4f517fd4acaa56666a828817e5d: Bootstrap starting.
I20260601 13:24:11.586974 22160 tablet_bootstrap.cc:654] T 20a00df8d83f4240a3ca6ade890ed5fe P 44d4a4f517fd4acaa56666a828817e5d: Neither blocks nor log segments found. Creating new log.
I20260601 13:24:11.587204 21727 catalog_manager.cc:6241] T 00000000000000000000000000000000 P 7d7fa59c015e457d8a31068f4b7ad31c: range_aware_rebalance_new_range [id=83b2e817f5ef4c0993f5ac52940f2278] alter complete (version 0)
I20260601 13:24:11.588757 22028 tablet_bootstrap.cc:492] T 2ea2bf76c5f342eb8a0698296ce0c9b5 P c38827083f7342e2948db173e07805f7: No bootstrap required, opened a new log
I20260601 13:24:11.588833 22160 tablet_bootstrap.cc:492] T 20a00df8d83f4240a3ca6ade890ed5fe P 44d4a4f517fd4acaa56666a828817e5d: No bootstrap required, opened a new log
I20260601 13:24:11.588858 22028 ts_tablet_manager.cc:1403] T 2ea2bf76c5f342eb8a0698296ce0c9b5 P c38827083f7342e2948db173e07805f7: Time spent bootstrapping tablet: real 0.009s	user 0.000s	sys 0.002s
I20260601 13:24:11.589401 22028 raft_consensus.cc:359] T 2ea2bf76c5f342eb8a0698296ce0c9b5 P c38827083f7342e2948db173e07805f7 [term 0 FOLLOWER]: Replica starting. Triggering 0 pending ops. Active config: opid_index: -1 OBSOLETE_local: false peers { permanent_uuid: "44d4a4f517fd4acaa56666a828817e5d" member_type: VOTER last_known_addr { host: "127.18.113.4" port: 35691 } } peers { permanent_uuid: "07deffc4191e4f208d298d963c17f9bb" member_type: VOTER last_known_addr { host: "127.18.113.1" port: 43011 } } peers { permanent_uuid: "c38827083f7342e2948db173e07805f7" member_type: VOTER last_known_addr { host: "127.18.113.3" port: 42489 } }
I20260601 13:24:11.589457 22160 ts_tablet_manager.cc:1403] T 20a00df8d83f4240a3ca6ade890ed5fe P 44d4a4f517fd4acaa56666a828817e5d: Time spent bootstrapping tablet: real 0.004s	user 0.001s	sys 0.001s
I20260601 13:24:11.589533 22028 raft_consensus.cc:385] T 2ea2bf76c5f342eb8a0698296ce0c9b5 P c38827083f7342e2948db173e07805f7 [term 0 FOLLOWER]: Consensus starting up: Expiring failure detector timer to make a prompt election more likely
I20260601 13:24:11.589586 22028 raft_consensus.cc:740] T 2ea2bf76c5f342eb8a0698296ce0c9b5 P c38827083f7342e2948db173e07805f7 [term 0 FOLLOWER]: Becoming Follower/Learner. State: Replica: c38827083f7342e2948db173e07805f7, State: Initialized, Role: FOLLOWER
I20260601 13:24:11.589732 22028 consensus_queue.cc:260] T 2ea2bf76c5f342eb8a0698296ce0c9b5 P c38827083f7342e2948db173e07805f7 [NON_LEADER]: Queue going to NON_LEADER mode. State: All replicated index: 0, Majority replicated index: 0, Committed index: 0, Last appended: 0.0, Last appended by leader: 0, Current term: 0, Majority size: -1, State: 0, Mode: NON_LEADER, active raft config: opid_index: -1 OBSOLETE_local: false peers { permanent_uuid: "44d4a4f517fd4acaa56666a828817e5d" member_type: VOTER last_known_addr { host: "127.18.113.4" port: 35691 } } peers { permanent_uuid: "07deffc4191e4f208d298d963c17f9bb" member_type: VOTER last_known_addr { host: "127.18.113.1" port: 43011 } } peers { permanent_uuid: "c38827083f7342e2948db173e07805f7" member_type: VOTER last_known_addr { host: "127.18.113.3" port: 42489 } }
I20260601 13:24:11.590054 22028 ts_tablet_manager.cc:1434] T 2ea2bf76c5f342eb8a0698296ce0c9b5 P c38827083f7342e2948db173e07805f7: Time spent starting tablet: real 0.001s	user 0.000s	sys 0.000s
I20260601 13:24:11.589993 22160 raft_consensus.cc:359] T 20a00df8d83f4240a3ca6ade890ed5fe P 44d4a4f517fd4acaa56666a828817e5d [term 0 FOLLOWER]: Replica starting. Triggering 0 pending ops. Active config: opid_index: -1 OBSOLETE_local: false peers { permanent_uuid: "847a1eda0ae4439bb90bea8a549182d0" member_type: VOTER last_known_addr { host: "127.18.113.2" port: 41319 } } peers { permanent_uuid: "44d4a4f517fd4acaa56666a828817e5d" member_type: VOTER last_known_addr { host: "127.18.113.4" port: 35691 } } peers { permanent_uuid: "07deffc4191e4f208d298d963c17f9bb" member_type: VOTER last_known_addr { host: "127.18.113.1" port: 43011 } }
I20260601 13:24:11.590176 22160 raft_consensus.cc:385] T 20a00df8d83f4240a3ca6ade890ed5fe P 44d4a4f517fd4acaa56666a828817e5d [term 0 FOLLOWER]: Consensus starting up: Expiring failure detector timer to make a prompt election more likely
I20260601 13:24:11.590227 22160 raft_consensus.cc:740] T 20a00df8d83f4240a3ca6ade890ed5fe P 44d4a4f517fd4acaa56666a828817e5d [term 0 FOLLOWER]: Becoming Follower/Learner. State: Replica: 44d4a4f517fd4acaa56666a828817e5d, State: Initialized, Role: FOLLOWER
I20260601 13:24:11.590529 22160 consensus_queue.cc:260] T 20a00df8d83f4240a3ca6ade890ed5fe P 44d4a4f517fd4acaa56666a828817e5d [NON_LEADER]: Queue going to NON_LEADER mode. State: All replicated index: 0, Majority replicated index: 0, Committed index: 0, Last appended: 0.0, Last appended by leader: 0, Current term: 0, Majority size: -1, State: 0, Mode: NON_LEADER, active raft config: opid_index: -1 OBSOLETE_local: false peers { permanent_uuid: "847a1eda0ae4439bb90bea8a549182d0" member_type: VOTER last_known_addr { host: "127.18.113.2" port: 41319 } } peers { permanent_uuid: "44d4a4f517fd4acaa56666a828817e5d" member_type: VOTER last_known_addr { host: "127.18.113.4" port: 35691 } } peers { permanent_uuid: "07deffc4191e4f208d298d963c17f9bb" member_type: VOTER last_known_addr { host: "127.18.113.1" port: 43011 } }
I20260601 13:24:11.590829 22160 ts_tablet_manager.cc:1434] T 20a00df8d83f4240a3ca6ade890ed5fe P 44d4a4f517fd4acaa56666a828817e5d: Time spent starting tablet: real 0.001s	user 0.001s	sys 0.000s
I20260601 13:24:11.591053 22160 tablet_bootstrap.cc:492] T 2bba5ad034fb455199d98601678f35fa P 44d4a4f517fd4acaa56666a828817e5d: Bootstrap starting.
I20260601 13:24:11.592135 22160 tablet_bootstrap.cc:654] T 2bba5ad034fb455199d98601678f35fa P 44d4a4f517fd4acaa56666a828817e5d: Neither blocks nor log segments found. Creating new log.
I20260601 13:24:11.593432 22160 tablet_bootstrap.cc:492] T 2bba5ad034fb455199d98601678f35fa P 44d4a4f517fd4acaa56666a828817e5d: No bootstrap required, opened a new log
I20260601 13:24:11.593534 22160 ts_tablet_manager.cc:1403] T 2bba5ad034fb455199d98601678f35fa P 44d4a4f517fd4acaa56666a828817e5d: Time spent bootstrapping tablet: real 0.003s	user 0.002s	sys 0.000s
I20260601 13:24:11.593918 22160 raft_consensus.cc:359] T 2bba5ad034fb455199d98601678f35fa P 44d4a4f517fd4acaa56666a828817e5d [term 0 FOLLOWER]: Replica starting. Triggering 0 pending ops. Active config: opid_index: -1 OBSOLETE_local: false peers { permanent_uuid: "c38827083f7342e2948db173e07805f7" member_type: VOTER last_known_addr { host: "127.18.113.3" port: 42489 } } peers { permanent_uuid: "44d4a4f517fd4acaa56666a828817e5d" member_type: VOTER last_known_addr { host: "127.18.113.4" port: 35691 } } peers { permanent_uuid: "07deffc4191e4f208d298d963c17f9bb" member_type: VOTER last_known_addr { host: "127.18.113.1" port: 43011 } }
I20260601 13:24:11.594023 22160 raft_consensus.cc:385] T 2bba5ad034fb455199d98601678f35fa P 44d4a4f517fd4acaa56666a828817e5d [term 0 FOLLOWER]: Consensus starting up: Expiring failure detector timer to make a prompt election more likely
I20260601 13:24:11.594048 22160 raft_consensus.cc:740] T 2bba5ad034fb455199d98601678f35fa P 44d4a4f517fd4acaa56666a828817e5d [term 0 FOLLOWER]: Becoming Follower/Learner. State: Replica: 44d4a4f517fd4acaa56666a828817e5d, State: Initialized, Role: FOLLOWER
I20260601 13:24:11.594139 22160 consensus_queue.cc:260] T 2bba5ad034fb455199d98601678f35fa P 44d4a4f517fd4acaa56666a828817e5d [NON_LEADER]: Queue going to NON_LEADER mode. State: All replicated index: 0, Majority replicated index: 0, Committed index: 0, Last appended: 0.0, Last appended by leader: 0, Current term: 0, Majority size: -1, State: 0, Mode: NON_LEADER, active raft config: opid_index: -1 OBSOLETE_local: false peers { permanent_uuid: "c38827083f7342e2948db173e07805f7" member_type: VOTER last_known_addr { host: "127.18.113.3" port: 42489 } } peers { permanent_uuid: "44d4a4f517fd4acaa56666a828817e5d" member_type: VOTER last_known_addr { host: "127.18.113.4" port: 35691 } } peers { permanent_uuid: "07deffc4191e4f208d298d963c17f9bb" member_type: VOTER last_known_addr { host: "127.18.113.1" port: 43011 } }
I20260601 13:24:11.594409 22160 ts_tablet_manager.cc:1434] T 2bba5ad034fb455199d98601678f35fa P 44d4a4f517fd4acaa56666a828817e5d: Time spent starting tablet: real 0.001s	user 0.000s	sys 0.000s
I20260601 13:24:11.594650 22160 tablet_bootstrap.cc:492] T 2ea2bf76c5f342eb8a0698296ce0c9b5 P 44d4a4f517fd4acaa56666a828817e5d: Bootstrap starting.
I20260601 13:24:11.595649 22160 tablet_bootstrap.cc:654] T 2ea2bf76c5f342eb8a0698296ce0c9b5 P 44d4a4f517fd4acaa56666a828817e5d: Neither blocks nor log segments found. Creating new log.
I20260601 13:24:11.596642 22160 tablet_bootstrap.cc:492] T 2ea2bf76c5f342eb8a0698296ce0c9b5 P 44d4a4f517fd4acaa56666a828817e5d: No bootstrap required, opened a new log
I20260601 13:24:11.596726 22160 ts_tablet_manager.cc:1403] T 2ea2bf76c5f342eb8a0698296ce0c9b5 P 44d4a4f517fd4acaa56666a828817e5d: Time spent bootstrapping tablet: real 0.002s	user 0.001s	sys 0.001s
I20260601 13:24:11.597196 22160 raft_consensus.cc:359] T 2ea2bf76c5f342eb8a0698296ce0c9b5 P 44d4a4f517fd4acaa56666a828817e5d [term 0 FOLLOWER]: Replica starting. Triggering 0 pending ops. Active config: opid_index: -1 OBSOLETE_local: false peers { permanent_uuid: "44d4a4f517fd4acaa56666a828817e5d" member_type: VOTER last_known_addr { host: "127.18.113.4" port: 35691 } } peers { permanent_uuid: "07deffc4191e4f208d298d963c17f9bb" member_type: VOTER last_known_addr { host: "127.18.113.1" port: 43011 } } peers { permanent_uuid: "c38827083f7342e2948db173e07805f7" member_type: VOTER last_known_addr { host: "127.18.113.3" port: 42489 } }
I20260601 13:24:11.597314 22160 raft_consensus.cc:385] T 2ea2bf76c5f342eb8a0698296ce0c9b5 P 44d4a4f517fd4acaa56666a828817e5d [term 0 FOLLOWER]: Consensus starting up: Expiring failure detector timer to make a prompt election more likely
I20260601 13:24:11.597352 22160 raft_consensus.cc:740] T 2ea2bf76c5f342eb8a0698296ce0c9b5 P 44d4a4f517fd4acaa56666a828817e5d [term 0 FOLLOWER]: Becoming Follower/Learner. State: Replica: 44d4a4f517fd4acaa56666a828817e5d, State: Initialized, Role: FOLLOWER
I20260601 13:24:11.597468 22160 consensus_queue.cc:260] T 2ea2bf76c5f342eb8a0698296ce0c9b5 P 44d4a4f517fd4acaa56666a828817e5d [NON_LEADER]: Queue going to NON_LEADER mode. State: All replicated index: 0, Majority replicated index: 0, Committed index: 0, Last appended: 0.0, Last appended by leader: 0, Current term: 0, Majority size: -1, State: 0, Mode: NON_LEADER, active raft config: opid_index: -1 OBSOLETE_local: false peers { permanent_uuid: "44d4a4f517fd4acaa56666a828817e5d" member_type: VOTER last_known_addr { host: "127.18.113.4" port: 35691 } } peers { permanent_uuid: "07deffc4191e4f208d298d963c17f9bb" member_type: VOTER last_known_addr { host: "127.18.113.1" port: 43011 } } peers { permanent_uuid: "c38827083f7342e2948db173e07805f7" member_type: VOTER last_known_addr { host: "127.18.113.3" port: 42489 } }
I20260601 13:24:11.597790 22160 ts_tablet_manager.cc:1434] T 2ea2bf76c5f342eb8a0698296ce0c9b5 P 44d4a4f517fd4acaa56666a828817e5d: Time spent starting tablet: real 0.001s	user 0.001s	sys 0.000s
I20260601 13:24:11.618558 22059 raft_consensus.cc:493] T f9760363bb5b4b1996920bfa6f22a261 P 07deffc4191e4f208d298d963c17f9bb [term 0 FOLLOWER]: Starting pre-election (no leader contacted us within the election timeout)
I20260601 13:24:11.618726 22059 raft_consensus.cc:515] T f9760363bb5b4b1996920bfa6f22a261 P 07deffc4191e4f208d298d963c17f9bb [term 0 FOLLOWER]: Starting pre-election with config: opid_index: -1 OBSOLETE_local: false peers { permanent_uuid: "07deffc4191e4f208d298d963c17f9bb" member_type: VOTER last_known_addr { host: "127.18.113.1" port: 43011 } } peers { permanent_uuid: "44d4a4f517fd4acaa56666a828817e5d" member_type: VOTER last_known_addr { host: "127.18.113.4" port: 35691 } } peers { permanent_uuid: "c38827083f7342e2948db173e07805f7" member_type: VOTER last_known_addr { host: "127.18.113.3" port: 42489 } }
I20260601 13:24:11.619365 22059 leader_election.cc:290] T f9760363bb5b4b1996920bfa6f22a261 P 07deffc4191e4f208d298d963c17f9bb [CANDIDATE]: Term 1 pre-election: Requested pre-vote from peers 44d4a4f517fd4acaa56666a828817e5d (127.18.113.4:35691), c38827083f7342e2948db173e07805f7 (127.18.113.3:42489)
I20260601 13:24:11.619899 21981 tablet_service.cc:1917] Received RequestConsensusVote() RPC: tablet_id: "f9760363bb5b4b1996920bfa6f22a261" candidate_uuid: "07deffc4191e4f208d298d963c17f9bb" candidate_term: 1 candidate_status { last_received { term: 0 index: 0 } } ignore_live_leader: false dest_uuid: "c38827083f7342e2948db173e07805f7" is_pre_election: true
I20260601 13:24:11.620081 21981 raft_consensus.cc:2468] T f9760363bb5b4b1996920bfa6f22a261 P c38827083f7342e2948db173e07805f7 [term 0 FOLLOWER]: Leader pre-election vote request: Granting yes vote for candidate 07deffc4191e4f208d298d963c17f9bb in term 0.
I20260601 13:24:11.620440 21795 leader_election.cc:304] T f9760363bb5b4b1996920bfa6f22a261 P 07deffc4191e4f208d298d963c17f9bb [CANDIDATE]: Term 1 pre-election: Election decided. Result: candidate won. Election summary: received 2 responses out of 3 voters: 2 yes votes; 0 no votes. yes voters: 07deffc4191e4f208d298d963c17f9bb, c38827083f7342e2948db173e07805f7; no voters: 
I20260601 13:24:11.620568 22059 consensus_queue.cc:1048] T 9459e66131b94c5eb86f97a711f0e09f P 07deffc4191e4f208d298d963c17f9bb [LEADER]: Connected to new peer: Peer: permanent_uuid: "847a1eda0ae4439bb90bea8a549182d0" member_type: VOTER last_known_addr { host: "127.18.113.2" port: 41319 }, Status: LMP_MISMATCH, Last received: 0.0, Next index: 1, Last known committed idx: 0, Time since last communication: 0.000s
I20260601 13:24:11.620635 22033 raft_consensus.cc:2804] T f9760363bb5b4b1996920bfa6f22a261 P 07deffc4191e4f208d298d963c17f9bb [term 0 FOLLOWER]: Leader pre-election won for term 1
I20260601 13:24:11.620711 22033 raft_consensus.cc:493] T f9760363bb5b4b1996920bfa6f22a261 P 07deffc4191e4f208d298d963c17f9bb [term 0 FOLLOWER]: Starting leader election (no leader contacted us within the election timeout)
I20260601 13:24:11.620767 22033 raft_consensus.cc:3060] T f9760363bb5b4b1996920bfa6f22a261 P 07deffc4191e4f208d298d963c17f9bb [term 0 FOLLOWER]: Advancing to term 1
I20260601 13:24:11.621862 22033 raft_consensus.cc:515] T f9760363bb5b4b1996920bfa6f22a261 P 07deffc4191e4f208d298d963c17f9bb [term 1 FOLLOWER]: Starting leader election with config: opid_index: -1 OBSOLETE_local: false peers { permanent_uuid: "07deffc4191e4f208d298d963c17f9bb" member_type: VOTER last_known_addr { host: "127.18.113.1" port: 43011 } } peers { permanent_uuid: "44d4a4f517fd4acaa56666a828817e5d" member_type: VOTER last_known_addr { host: "127.18.113.4" port: 35691 } } peers { permanent_uuid: "c38827083f7342e2948db173e07805f7" member_type: VOTER last_known_addr { host: "127.18.113.3" port: 42489 } }
I20260601 13:24:11.622256 22033 leader_election.cc:290] T f9760363bb5b4b1996920bfa6f22a261 P 07deffc4191e4f208d298d963c17f9bb [CANDIDATE]: Term 1 election: Requested vote from peers 44d4a4f517fd4acaa56666a828817e5d (127.18.113.4:35691), c38827083f7342e2948db173e07805f7 (127.18.113.3:42489)
I20260601 13:24:11.622675 21981 tablet_service.cc:1917] Received RequestConsensusVote() RPC: tablet_id: "f9760363bb5b4b1996920bfa6f22a261" candidate_uuid: "07deffc4191e4f208d298d963c17f9bb" candidate_term: 1 candidate_status { last_received { term: 0 index: 0 } } ignore_live_leader: false dest_uuid: "c38827083f7342e2948db173e07805f7"
I20260601 13:24:11.622787 21981 raft_consensus.cc:3060] T f9760363bb5b4b1996920bfa6f22a261 P c38827083f7342e2948db173e07805f7 [term 0 FOLLOWER]: Advancing to term 1
I20260601 13:24:11.623796 21981 raft_consensus.cc:2468] T f9760363bb5b4b1996920bfa6f22a261 P c38827083f7342e2948db173e07805f7 [term 1 FOLLOWER]: Leader election vote request: Granting yes vote for candidate 07deffc4191e4f208d298d963c17f9bb in term 1.
I20260601 13:24:11.624188 21795 leader_election.cc:304] T f9760363bb5b4b1996920bfa6f22a261 P 07deffc4191e4f208d298d963c17f9bb [CANDIDATE]: Term 1 election: Election decided. Result: candidate won. Election summary: received 2 responses out of 3 voters: 2 yes votes; 0 no votes. yes voters: 07deffc4191e4f208d298d963c17f9bb, c38827083f7342e2948db173e07805f7; no voters: 
I20260601 13:24:11.624953 22060 raft_consensus.cc:2804] T f9760363bb5b4b1996920bfa6f22a261 P 07deffc4191e4f208d298d963c17f9bb [term 1 FOLLOWER]: Leader election won for term 1
I20260601 13:24:11.625044 22060 raft_consensus.cc:697] T f9760363bb5b4b1996920bfa6f22a261 P 07deffc4191e4f208d298d963c17f9bb [term 1 LEADER]: Becoming Leader. State: Replica: 07deffc4191e4f208d298d963c17f9bb, State: Running, Role: LEADER
I20260601 13:24:11.625018 22033 consensus_queue.cc:1048] T 9459e66131b94c5eb86f97a711f0e09f P 07deffc4191e4f208d298d963c17f9bb [LEADER]: Connected to new peer: Peer: permanent_uuid: "c38827083f7342e2948db173e07805f7" member_type: VOTER last_known_addr { host: "127.18.113.3" port: 42489 }, Status: LMP_MISMATCH, Last received: 0.0, Next index: 1, Last known committed idx: 0, Time since last communication: 0.000s
I20260601 13:24:11.625059 22125 tablet_service.cc:1917] Received RequestConsensusVote() RPC: tablet_id: "f9760363bb5b4b1996920bfa6f22a261" candidate_uuid: "07deffc4191e4f208d298d963c17f9bb" candidate_term: 1 candidate_status { last_received { term: 0 index: 0 } } ignore_live_leader: false dest_uuid: "44d4a4f517fd4acaa56666a828817e5d"
I20260601 13:24:11.625149 22125 raft_consensus.cc:3060] T f9760363bb5b4b1996920bfa6f22a261 P 44d4a4f517fd4acaa56666a828817e5d [term 0 FOLLOWER]: Advancing to term 1
I20260601 13:24:11.625183 22060 consensus_queue.cc:237] T f9760363bb5b4b1996920bfa6f22a261 P 07deffc4191e4f208d298d963c17f9bb [LEADER]: Queue going to LEADER mode. State: All replicated index: 0, Majority replicated index: 0, Committed index: 0, Last appended: 0.0, Last appended by leader: 0, Current term: 1, Majority size: 2, State: 0, Mode: LEADER, active raft config: opid_index: -1 OBSOLETE_local: false peers { permanent_uuid: "07deffc4191e4f208d298d963c17f9bb" member_type: VOTER last_known_addr { host: "127.18.113.1" port: 43011 } } peers { permanent_uuid: "44d4a4f517fd4acaa56666a828817e5d" member_type: VOTER last_known_addr { host: "127.18.113.4" port: 35691 } } peers { permanent_uuid: "c38827083f7342e2948db173e07805f7" member_type: VOTER last_known_addr { host: "127.18.113.3" port: 42489 } }
I20260601 13:24:11.624958 22126 tablet_service.cc:1917] Received RequestConsensusVote() RPC: tablet_id: "f9760363bb5b4b1996920bfa6f22a261" candidate_uuid: "07deffc4191e4f208d298d963c17f9bb" candidate_term: 1 candidate_status { last_received { term: 0 index: 0 } } ignore_live_leader: false dest_uuid: "44d4a4f517fd4acaa56666a828817e5d" is_pre_election: true
I20260601 13:24:11.626173 22125 raft_consensus.cc:2468] T f9760363bb5b4b1996920bfa6f22a261 P 44d4a4f517fd4acaa56666a828817e5d [term 1 FOLLOWER]: Leader election vote request: Granting yes vote for candidate 07deffc4191e4f208d298d963c17f9bb in term 1.
I20260601 13:24:11.626866 21723 catalog_manager.cc:5696] T f9760363bb5b4b1996920bfa6f22a261 P 07deffc4191e4f208d298d963c17f9bb reported cstate change: term changed from 0 to 1, leader changed from <none> to 07deffc4191e4f208d298d963c17f9bb (127.18.113.1). New cstate: current_term: 1 leader_uuid: "07deffc4191e4f208d298d963c17f9bb" committed_config { opid_index: -1 OBSOLETE_local: false peers { permanent_uuid: "07deffc4191e4f208d298d963c17f9bb" member_type: VOTER last_known_addr { host: "127.18.113.1" port: 43011 } health_report { overall_health: HEALTHY } } peers { permanent_uuid: "44d4a4f517fd4acaa56666a828817e5d" member_type: VOTER last_known_addr { host: "127.18.113.4" port: 35691 } health_report { overall_health: UNKNOWN } } peers { permanent_uuid: "c38827083f7342e2948db173e07805f7" member_type: VOTER last_known_addr { host: "127.18.113.3" port: 42489 } health_report { overall_health: UNKNOWN } } }
I20260601 13:24:11.636840 22040 raft_consensus.cc:493] T 20a00df8d83f4240a3ca6ade890ed5fe P 847a1eda0ae4439bb90bea8a549182d0 [term 0 FOLLOWER]: Starting pre-election (no leader contacted us within the election timeout)
I20260601 13:24:11.637094 22040 raft_consensus.cc:515] T 20a00df8d83f4240a3ca6ade890ed5fe P 847a1eda0ae4439bb90bea8a549182d0 [term 0 FOLLOWER]: Starting pre-election with config: opid_index: -1 OBSOLETE_local: false peers { permanent_uuid: "847a1eda0ae4439bb90bea8a549182d0" member_type: VOTER last_known_addr { host: "127.18.113.2" port: 41319 } } peers { permanent_uuid: "44d4a4f517fd4acaa56666a828817e5d" member_type: VOTER last_known_addr { host: "127.18.113.4" port: 35691 } } peers { permanent_uuid: "07deffc4191e4f208d298d963c17f9bb" member_type: VOTER last_known_addr { host: "127.18.113.1" port: 43011 } }
I20260601 13:24:11.637805 22040 leader_election.cc:290] T 20a00df8d83f4240a3ca6ade890ed5fe P 847a1eda0ae4439bb90bea8a549182d0 [CANDIDATE]: Term 1 pre-election: Requested pre-vote from peers 44d4a4f517fd4acaa56666a828817e5d (127.18.113.4:35691), 07deffc4191e4f208d298d963c17f9bb (127.18.113.1:43011)
I20260601 13:24:11.638326 21830 tablet_service.cc:1917] Received RequestConsensusVote() RPC: tablet_id: "20a00df8d83f4240a3ca6ade890ed5fe" candidate_uuid: "847a1eda0ae4439bb90bea8a549182d0" candidate_term: 1 candidate_status { last_received { term: 0 index: 0 } } ignore_live_leader: false dest_uuid: "07deffc4191e4f208d298d963c17f9bb" is_pre_election: true
I20260601 13:24:11.638532 21830 raft_consensus.cc:2468] T 20a00df8d83f4240a3ca6ade890ed5fe P 07deffc4191e4f208d298d963c17f9bb [term 0 FOLLOWER]: Leader pre-election vote request: Granting yes vote for candidate 847a1eda0ae4439bb90bea8a549182d0 in term 0.
I20260601 13:24:11.638854 21870 leader_election.cc:304] T 20a00df8d83f4240a3ca6ade890ed5fe P 847a1eda0ae4439bb90bea8a549182d0 [CANDIDATE]: Term 1 pre-election: Election decided. Result: candidate won. Election summary: received 2 responses out of 3 voters: 2 yes votes; 0 no votes. yes voters: 07deffc4191e4f208d298d963c17f9bb, 847a1eda0ae4439bb90bea8a549182d0; no voters: 
I20260601 13:24:11.639058 22040 raft_consensus.cc:2804] T 20a00df8d83f4240a3ca6ade890ed5fe P 847a1eda0ae4439bb90bea8a549182d0 [term 0 FOLLOWER]: Leader pre-election won for term 1
I20260601 13:24:11.639135 22040 raft_consensus.cc:493] T 20a00df8d83f4240a3ca6ade890ed5fe P 847a1eda0ae4439bb90bea8a549182d0 [term 0 FOLLOWER]: Starting leader election (no leader contacted us within the election timeout)
I20260601 13:24:11.639171 22040 raft_consensus.cc:3060] T 20a00df8d83f4240a3ca6ade890ed5fe P 847a1eda0ae4439bb90bea8a549182d0 [term 0 FOLLOWER]: Advancing to term 1
I20260601 13:24:11.640179 22040 raft_consensus.cc:515] T 20a00df8d83f4240a3ca6ade890ed5fe P 847a1eda0ae4439bb90bea8a549182d0 [term 1 FOLLOWER]: Starting leader election with config: opid_index: -1 OBSOLETE_local: false peers { permanent_uuid: "847a1eda0ae4439bb90bea8a549182d0" member_type: VOTER last_known_addr { host: "127.18.113.2" port: 41319 } } peers { permanent_uuid: "44d4a4f517fd4acaa56666a828817e5d" member_type: VOTER last_known_addr { host: "127.18.113.4" port: 35691 } } peers { permanent_uuid: "07deffc4191e4f208d298d963c17f9bb" member_type: VOTER last_known_addr { host: "127.18.113.1" port: 43011 } }
I20260601 13:24:11.640631 22040 leader_election.cc:290] T 20a00df8d83f4240a3ca6ade890ed5fe P 847a1eda0ae4439bb90bea8a549182d0 [CANDIDATE]: Term 1 election: Requested vote from peers 44d4a4f517fd4acaa56666a828817e5d (127.18.113.4:35691), 07deffc4191e4f208d298d963c17f9bb (127.18.113.1:43011)
I20260601 13:24:11.641110 21830 tablet_service.cc:1917] Received RequestConsensusVote() RPC: tablet_id: "20a00df8d83f4240a3ca6ade890ed5fe" candidate_uuid: "847a1eda0ae4439bb90bea8a549182d0" candidate_term: 1 candidate_status { last_received { term: 0 index: 0 } } ignore_live_leader: false dest_uuid: "07deffc4191e4f208d298d963c17f9bb"
I20260601 13:24:11.641259 21830 raft_consensus.cc:3060] T 20a00df8d83f4240a3ca6ade890ed5fe P 07deffc4191e4f208d298d963c17f9bb [term 0 FOLLOWER]: Advancing to term 1
I20260601 13:24:11.641629 22167 raft_consensus.cc:493] T 20a00df8d83f4240a3ca6ade890ed5fe P 44d4a4f517fd4acaa56666a828817e5d [term 0 FOLLOWER]: Starting pre-election (no leader contacted us within the election timeout)
I20260601 13:24:11.641750 22167 raft_consensus.cc:515] T 20a00df8d83f4240a3ca6ade890ed5fe P 44d4a4f517fd4acaa56666a828817e5d [term 0 FOLLOWER]: Starting pre-election with config: opid_index: -1 OBSOLETE_local: false peers { permanent_uuid: "847a1eda0ae4439bb90bea8a549182d0" member_type: VOTER last_known_addr { host: "127.18.113.2" port: 41319 } } peers { permanent_uuid: "44d4a4f517fd4acaa56666a828817e5d" member_type: VOTER last_known_addr { host: "127.18.113.4" port: 35691 } } peers { permanent_uuid: "07deffc4191e4f208d298d963c17f9bb" member_type: VOTER last_known_addr { host: "127.18.113.1" port: 43011 } }
I20260601 13:24:11.641884 22125 tablet_service.cc:1917] Received RequestConsensusVote() RPC: tablet_id: "20a00df8d83f4240a3ca6ade890ed5fe" candidate_uuid: "847a1eda0ae4439bb90bea8a549182d0" candidate_term: 1 candidate_status { last_received { term: 0 index: 0 } } ignore_live_leader: false dest_uuid: "44d4a4f517fd4acaa56666a828817e5d" is_pre_election: true
I20260601 13:24:11.641907 22126 tablet_service.cc:1917] Received RequestConsensusVote() RPC: tablet_id: "20a00df8d83f4240a3ca6ade890ed5fe" candidate_uuid: "847a1eda0ae4439bb90bea8a549182d0" candidate_term: 1 candidate_status { last_received { term: 0 index: 0 } } ignore_live_leader: false dest_uuid: "44d4a4f517fd4acaa56666a828817e5d"
I20260601 13:24:11.641973 22125 raft_consensus.cc:2468] T 20a00df8d83f4240a3ca6ade890ed5fe P 44d4a4f517fd4acaa56666a828817e5d [term 0 FOLLOWER]: Leader pre-election vote request: Granting yes vote for candidate 847a1eda0ae4439bb90bea8a549182d0 in term 0.
I20260601 13:24:11.642278 22167 leader_election.cc:290] T 20a00df8d83f4240a3ca6ade890ed5fe P 44d4a4f517fd4acaa56666a828817e5d [CANDIDATE]: Term 1 pre-election: Requested pre-vote from peers 847a1eda0ae4439bb90bea8a549182d0 (127.18.113.2:41319), 07deffc4191e4f208d298d963c17f9bb (127.18.113.1:43011)
I20260601 13:24:11.642345 21830 raft_consensus.cc:2468] T 20a00df8d83f4240a3ca6ade890ed5fe P 07deffc4191e4f208d298d963c17f9bb [term 1 FOLLOWER]: Leader election vote request: Granting yes vote for candidate 847a1eda0ae4439bb90bea8a549182d0 in term 1.
I20260601 13:24:11.642732 21870 leader_election.cc:304] T 20a00df8d83f4240a3ca6ade890ed5fe P 847a1eda0ae4439bb90bea8a549182d0 [CANDIDATE]: Term 1 election: Election decided. Result: candidate won. Election summary: received 3 responses out of 3 voters: 2 yes votes; 1 no votes. yes voters: 07deffc4191e4f208d298d963c17f9bb, 847a1eda0ae4439bb90bea8a549182d0; no voters: 44d4a4f517fd4acaa56666a828817e5d
I20260601 13:24:11.643004 22040 raft_consensus.cc:2804] T 20a00df8d83f4240a3ca6ade890ed5fe P 847a1eda0ae4439bb90bea8a549182d0 [term 1 FOLLOWER]: Leader election won for term 1
I20260601 13:24:11.643129 22040 raft_consensus.cc:697] T 20a00df8d83f4240a3ca6ade890ed5fe P 847a1eda0ae4439bb90bea8a549182d0 [term 1 LEADER]: Becoming Leader. State: Replica: 847a1eda0ae4439bb90bea8a549182d0, State: Running, Role: LEADER
I20260601 13:24:11.643276 22040 consensus_queue.cc:237] T 20a00df8d83f4240a3ca6ade890ed5fe P 847a1eda0ae4439bb90bea8a549182d0 [LEADER]: Queue going to LEADER mode. State: All replicated index: 0, Majority replicated index: 0, Committed index: 0, Last appended: 0.0, Last appended by leader: 0, Current term: 1, Majority size: 2, State: 0, Mode: LEADER, active raft config: opid_index: -1 OBSOLETE_local: false peers { permanent_uuid: "847a1eda0ae4439bb90bea8a549182d0" member_type: VOTER last_known_addr { host: "127.18.113.2" port: 41319 } } peers { permanent_uuid: "44d4a4f517fd4acaa56666a828817e5d" member_type: VOTER last_known_addr { host: "127.18.113.4" port: 35691 } } peers { permanent_uuid: "07deffc4191e4f208d298d963c17f9bb" member_type: VOTER last_known_addr { host: "127.18.113.1" port: 43011 } }
I20260601 13:24:11.645081 21725 catalog_manager.cc:5696] T 20a00df8d83f4240a3ca6ade890ed5fe P 847a1eda0ae4439bb90bea8a549182d0 reported cstate change: term changed from 0 to 1, leader changed from <none> to 847a1eda0ae4439bb90bea8a549182d0 (127.18.113.2). New cstate: current_term: 1 leader_uuid: "847a1eda0ae4439bb90bea8a549182d0" committed_config { opid_index: -1 OBSOLETE_local: false peers { permanent_uuid: "847a1eda0ae4439bb90bea8a549182d0" member_type: VOTER last_known_addr { host: "127.18.113.2" port: 41319 } health_report { overall_health: HEALTHY } } peers { permanent_uuid: "44d4a4f517fd4acaa56666a828817e5d" member_type: VOTER last_known_addr { host: "127.18.113.4" port: 35691 } health_report { overall_health: UNKNOWN } } peers { permanent_uuid: "07deffc4191e4f208d298d963c17f9bb" member_type: VOTER last_known_addr { host: "127.18.113.1" port: 43011 } health_report { overall_health: UNKNOWN } } }
I20260601 13:24:11.646549 21830 tablet_service.cc:1917] Received RequestConsensusVote() RPC: tablet_id: "20a00df8d83f4240a3ca6ade890ed5fe" candidate_uuid: "44d4a4f517fd4acaa56666a828817e5d" candidate_term: 1 candidate_status { last_received { term: 0 index: 0 } } ignore_live_leader: false dest_uuid: "07deffc4191e4f208d298d963c17f9bb" is_pre_election: true
I20260601 13:24:11.646561 21906 tablet_service.cc:1917] Received RequestConsensusVote() RPC: tablet_id: "20a00df8d83f4240a3ca6ade890ed5fe" candidate_uuid: "44d4a4f517fd4acaa56666a828817e5d" candidate_term: 1 candidate_status { last_received { term: 0 index: 0 } } ignore_live_leader: false dest_uuid: "847a1eda0ae4439bb90bea8a549182d0" is_pre_election: true
I20260601 13:24:11.646757 21830 raft_consensus.cc:2393] T 20a00df8d83f4240a3ca6ade890ed5fe P 07deffc4191e4f208d298d963c17f9bb [term 1 FOLLOWER]: Leader pre-election vote request: Denying vote to candidate 44d4a4f517fd4acaa56666a828817e5d in current term 1: Already voted for candidate 847a1eda0ae4439bb90bea8a549182d0 in this term.
I20260601 13:24:11.647279 22084 leader_election.cc:304] T 20a00df8d83f4240a3ca6ade890ed5fe P 44d4a4f517fd4acaa56666a828817e5d [CANDIDATE]: Term 1 pre-election: Election decided. Result: candidate lost. Election summary: received 3 responses out of 3 voters: 1 yes votes; 2 no votes. yes voters: 44d4a4f517fd4acaa56666a828817e5d; no voters: 07deffc4191e4f208d298d963c17f9bb, 847a1eda0ae4439bb90bea8a549182d0
I20260601 13:24:11.647439 22167 raft_consensus.cc:3060] T 20a00df8d83f4240a3ca6ade890ed5fe P 44d4a4f517fd4acaa56666a828817e5d [term 0 FOLLOWER]: Advancing to term 1
I20260601 13:24:11.648449 22167 raft_consensus.cc:2749] T 20a00df8d83f4240a3ca6ade890ed5fe P 44d4a4f517fd4acaa56666a828817e5d [term 1 FOLLOWER]: Leader pre-election lost for term 1. Reason: could not achieve majority
I20260601 13:24:11.648607 22040 raft_consensus.cc:493] T 226fe2ef7fca4c179565cdd2d035a07e P 847a1eda0ae4439bb90bea8a549182d0 [term 0 FOLLOWER]: Starting pre-election (no leader contacted us within the election timeout)
I20260601 13:24:11.648679 22040 raft_consensus.cc:515] T 226fe2ef7fca4c179565cdd2d035a07e P 847a1eda0ae4439bb90bea8a549182d0 [term 0 FOLLOWER]: Starting pre-election with config: opid_index: -1 OBSOLETE_local: false peers { permanent_uuid: "44d4a4f517fd4acaa56666a828817e5d" member_type: VOTER last_known_addr { host: "127.18.113.4" port: 35691 } } peers { permanent_uuid: "847a1eda0ae4439bb90bea8a549182d0" member_type: VOTER last_known_addr { host: "127.18.113.2" port: 41319 } } peers { permanent_uuid: "c38827083f7342e2948db173e07805f7" member_type: VOTER last_known_addr { host: "127.18.113.3" port: 42489 } }
I20260601 13:24:11.649055 22040 leader_election.cc:290] T 226fe2ef7fca4c179565cdd2d035a07e P 847a1eda0ae4439bb90bea8a549182d0 [CANDIDATE]: Term 1 pre-election: Requested pre-vote from peers 44d4a4f517fd4acaa56666a828817e5d (127.18.113.4:35691), c38827083f7342e2948db173e07805f7 (127.18.113.3:42489)
I20260601 13:24:11.649346 22126 tablet_service.cc:1917] Received RequestConsensusVote() RPC: tablet_id: "226fe2ef7fca4c179565cdd2d035a07e" candidate_uuid: "847a1eda0ae4439bb90bea8a549182d0" candidate_term: 1 candidate_status { last_received { term: 0 index: 0 } } ignore_live_leader: false dest_uuid: "44d4a4f517fd4acaa56666a828817e5d" is_pre_election: true
I20260601 13:24:11.649346 21981 tablet_service.cc:1917] Received RequestConsensusVote() RPC: tablet_id: "226fe2ef7fca4c179565cdd2d035a07e" candidate_uuid: "847a1eda0ae4439bb90bea8a549182d0" candidate_term: 1 candidate_status { last_received { term: 0 index: 0 } } ignore_live_leader: false dest_uuid: "c38827083f7342e2948db173e07805f7" is_pre_election: true
I20260601 13:24:11.649502 22126 raft_consensus.cc:2468] T 226fe2ef7fca4c179565cdd2d035a07e P 44d4a4f517fd4acaa56666a828817e5d [term 0 FOLLOWER]: Leader pre-election vote request: Granting yes vote for candidate 847a1eda0ae4439bb90bea8a549182d0 in term 0.
I20260601 13:24:11.649502 21981 raft_consensus.cc:2468] T 226fe2ef7fca4c179565cdd2d035a07e P c38827083f7342e2948db173e07805f7 [term 0 FOLLOWER]: Leader pre-election vote request: Granting yes vote for candidate 847a1eda0ae4439bb90bea8a549182d0 in term 0.
I20260601 13:24:11.649773 21871 leader_election.cc:304] T 226fe2ef7fca4c179565cdd2d035a07e P 847a1eda0ae4439bb90bea8a549182d0 [CANDIDATE]: Term 1 pre-election: Election decided. Result: candidate won. Election summary: received 2 responses out of 3 voters: 2 yes votes; 0 no votes. yes voters: 847a1eda0ae4439bb90bea8a549182d0, c38827083f7342e2948db173e07805f7; no voters: 
I20260601 13:24:11.649991 22040 raft_consensus.cc:2804] T 226fe2ef7fca4c179565cdd2d035a07e P 847a1eda0ae4439bb90bea8a549182d0 [term 0 FOLLOWER]: Leader pre-election won for term 1
I20260601 13:24:11.650067 22040 raft_consensus.cc:493] T 226fe2ef7fca4c179565cdd2d035a07e P 847a1eda0ae4439bb90bea8a549182d0 [term 0 FOLLOWER]: Starting leader election (no leader contacted us within the election timeout)
I20260601 13:24:11.650133 22040 raft_consensus.cc:3060] T 226fe2ef7fca4c179565cdd2d035a07e P 847a1eda0ae4439bb90bea8a549182d0 [term 0 FOLLOWER]: Advancing to term 1
I20260601 13:24:11.650936 22040 raft_consensus.cc:515] T 226fe2ef7fca4c179565cdd2d035a07e P 847a1eda0ae4439bb90bea8a549182d0 [term 1 FOLLOWER]: Starting leader election with config: opid_index: -1 OBSOLETE_local: false peers { permanent_uuid: "44d4a4f517fd4acaa56666a828817e5d" member_type: VOTER last_known_addr { host: "127.18.113.4" port: 35691 } } peers { permanent_uuid: "847a1eda0ae4439bb90bea8a549182d0" member_type: VOTER last_known_addr { host: "127.18.113.2" port: 41319 } } peers { permanent_uuid: "c38827083f7342e2948db173e07805f7" member_type: VOTER last_known_addr { host: "127.18.113.3" port: 42489 } }
I20260601 13:24:11.651292 22040 leader_election.cc:290] T 226fe2ef7fca4c179565cdd2d035a07e P 847a1eda0ae4439bb90bea8a549182d0 [CANDIDATE]: Term 1 election: Requested vote from peers 44d4a4f517fd4acaa56666a828817e5d (127.18.113.4:35691), c38827083f7342e2948db173e07805f7 (127.18.113.3:42489)
I20260601 13:24:11.651650 22126 tablet_service.cc:1917] Received RequestConsensusVote() RPC: tablet_id: "226fe2ef7fca4c179565cdd2d035a07e" candidate_uuid: "847a1eda0ae4439bb90bea8a549182d0" candidate_term: 1 candidate_status { last_received { term: 0 index: 0 } } ignore_live_leader: false dest_uuid: "44d4a4f517fd4acaa56666a828817e5d"
I20260601 13:24:11.651660 21981 tablet_service.cc:1917] Received RequestConsensusVote() RPC: tablet_id: "226fe2ef7fca4c179565cdd2d035a07e" candidate_uuid: "847a1eda0ae4439bb90bea8a549182d0" candidate_term: 1 candidate_status { last_received { term: 0 index: 0 } } ignore_live_leader: false dest_uuid: "c38827083f7342e2948db173e07805f7"
I20260601 13:24:11.651746 22126 raft_consensus.cc:3060] T 226fe2ef7fca4c179565cdd2d035a07e P 44d4a4f517fd4acaa56666a828817e5d [term 0 FOLLOWER]: Advancing to term 1
I20260601 13:24:11.651801 21981 raft_consensus.cc:3060] T 226fe2ef7fca4c179565cdd2d035a07e P c38827083f7342e2948db173e07805f7 [term 0 FOLLOWER]: Advancing to term 1
I20260601 13:24:11.652508 21981 raft_consensus.cc:2468] T 226fe2ef7fca4c179565cdd2d035a07e P c38827083f7342e2948db173e07805f7 [term 1 FOLLOWER]: Leader election vote request: Granting yes vote for candidate 847a1eda0ae4439bb90bea8a549182d0 in term 1.
I20260601 13:24:11.652560 22126 raft_consensus.cc:2468] T 226fe2ef7fca4c179565cdd2d035a07e P 44d4a4f517fd4acaa56666a828817e5d [term 1 FOLLOWER]: Leader election vote request: Granting yes vote for candidate 847a1eda0ae4439bb90bea8a549182d0 in term 1.
I20260601 13:24:11.652829 21871 leader_election.cc:304] T 226fe2ef7fca4c179565cdd2d035a07e P 847a1eda0ae4439bb90bea8a549182d0 [CANDIDATE]: Term 1 election: Election decided. Result: candidate won. Election summary: received 2 responses out of 3 voters: 2 yes votes; 0 no votes. yes voters: 847a1eda0ae4439bb90bea8a549182d0, c38827083f7342e2948db173e07805f7; no voters: 
I20260601 13:24:11.653072 22040 raft_consensus.cc:2804] T 226fe2ef7fca4c179565cdd2d035a07e P 847a1eda0ae4439bb90bea8a549182d0 [term 1 FOLLOWER]: Leader election won for term 1
I20260601 13:24:11.653191 22040 raft_consensus.cc:697] T 226fe2ef7fca4c179565cdd2d035a07e P 847a1eda0ae4439bb90bea8a549182d0 [term 1 LEADER]: Becoming Leader. State: Replica: 847a1eda0ae4439bb90bea8a549182d0, State: Running, Role: LEADER
I20260601 13:24:11.653347 22040 consensus_queue.cc:237] T 226fe2ef7fca4c179565cdd2d035a07e P 847a1eda0ae4439bb90bea8a549182d0 [LEADER]: Queue going to LEADER mode. State: All replicated index: 0, Majority replicated index: 0, Committed index: 0, Last appended: 0.0, Last appended by leader: 0, Current term: 1, Majority size: 2, State: 0, Mode: LEADER, active raft config: opid_index: -1 OBSOLETE_local: false peers { permanent_uuid: "44d4a4f517fd4acaa56666a828817e5d" member_type: VOTER last_known_addr { host: "127.18.113.4" port: 35691 } } peers { permanent_uuid: "847a1eda0ae4439bb90bea8a549182d0" member_type: VOTER last_known_addr { host: "127.18.113.2" port: 41319 } } peers { permanent_uuid: "c38827083f7342e2948db173e07805f7" member_type: VOTER last_known_addr { host: "127.18.113.3" port: 42489 } }
