I20260601 13:23:27.228173  4869 sys_catalog.cc:565] T 00000000000000000000000000000000 P 008c9225d2254275b5d2f732b1e1a9b0 [sys.catalog]: configured and running, proceeding with master startup.
I20260601 13:23:27.228209  4872 consensus_queue.cc:237] T 00000000000000000000000000000000 P 008c9225d2254275b5d2f732b1e1a9b0 [LEADER]: Queue going to LEADER mode. State: All replicated index: 0, Majority replicated index: 0, Committed index: 0, Last appended: 0.0, Last appended by leader: 0, Current term: 1, Majority size: 1, State: 0, Mode: LEADER, active raft config: opid_index: -1 OBSOLETE_local: true peers { permanent_uuid: "008c9225d2254275b5d2f732b1e1a9b0" member_type: VOTER }
I20260601 13:23:27.228725  4874 sys_catalog.cc:455] T 00000000000000000000000000000000 P 008c9225d2254275b5d2f732b1e1a9b0 [sys.catalog]: SysCatalogTable state changed. Reason: New leader 008c9225d2254275b5d2f732b1e1a9b0. Latest consensus state: current_term: 1 leader_uuid: "008c9225d2254275b5d2f732b1e1a9b0" committed_config { opid_index: -1 OBSOLETE_local: true peers { permanent_uuid: "008c9225d2254275b5d2f732b1e1a9b0" member_type: VOTER } }
I20260601 13:23:27.228709  4873 sys_catalog.cc:455] T 00000000000000000000000000000000 P 008c9225d2254275b5d2f732b1e1a9b0 [sys.catalog]: SysCatalogTable state changed. Reason: RaftConsensus started. Latest consensus state: current_term: 1 leader_uuid: "008c9225d2254275b5d2f732b1e1a9b0" committed_config { opid_index: -1 OBSOLETE_local: true peers { permanent_uuid: "008c9225d2254275b5d2f732b1e1a9b0" member_type: VOTER } }
I20260601 13:23:27.228852  4874 sys_catalog.cc:458] T 00000000000000000000000000000000 P 008c9225d2254275b5d2f732b1e1a9b0 [sys.catalog]: This master's current role is: LEADER
I20260601 13:23:27.228871  4873 sys_catalog.cc:458] T 00000000000000000000000000000000 P 008c9225d2254275b5d2f732b1e1a9b0 [sys.catalog]: This master's current role is: LEADER
I20260601 13:23:27.229398  4878 catalog_manager.cc:1510] Loading table and tablet metadata into memory...
I20260601 13:23:27.230248  4878 catalog_manager.cc:1519] Initializing Kudu cluster ID...
I20260601 13:23:27.230455  2623 internal_mini_cluster.cc:184] Waiting to initialize catalog manager on master 0
I20260601 13:23:27.232399  4878 catalog_manager.cc:1382] Generated new cluster ID: 5e4dafe090aa4e4484a447b0d33ffd2a
I20260601 13:23:27.232491  4878 catalog_manager.cc:1530] Initializing Kudu internal certificate authority...
I20260601 13:23:27.244700  4878 catalog_manager.cc:1405] Generated new certificate authority record
I20260601 13:23:27.245301  4878 catalog_manager.cc:1539] Loading token signing keys...
I20260601 13:23:27.251984  4878 catalog_manager.cc:6069] T 00000000000000000000000000000000 P 008c9225d2254275b5d2f732b1e1a9b0: Generated new TSK 0
I20260601 13:23:27.252207  4878 catalog_manager.cc:1549] Initializing in-progress tserver states...
I20260601 13:23:27.263154  2623 file_cache.cc:492] Constructed file cache file cache with capacity 419430
W20260601 13:23:27.266062  4893 instance_detector.cc:116] could not retrieve OpenStack instance metadata: Network error: curl error: HTTP response code said error: The requested URL returned error: 404
W20260601 13:23:27.266125  4891 instance_detector.cc:116] could not retrieve Azure instance metadata: Network error: curl error: HTTP response code said error: The requested URL returned error: 404
I20260601 13:23:27.266096  2623 server_base.cc:1061] running on GCE node
W20260601 13:23:27.266259  4890 instance_detector.cc:116] could not retrieve AWS instance metadata: Network error: curl error: HTTP response code said error: The requested URL returned error: 404
I20260601 13:23:27.266469  2623 hybrid_clock.cc:584] initializing the hybrid clock with 'system_unsync' time source
W20260601 13:23:27.266546  2623 system_unsync_time.cc:38] NTP support is disabled. Clock error bounds will not be accurate. This configuration is not suitable for distributed clusters.
I20260601 13:23:27.266582  2623 hybrid_clock.cc:648] HybridClock initialized: now 1780320207266580 us; error 0 us; skew 500 ppm
I20260601 13:23:27.267652  2623 webserver.cc:533] Webserver started at http://127.2.143.193:36307/ using document root <none> and password file <none>
I20260601 13:23:27.267851  2623 fs_manager.cc:362] Metadata directory not provided
I20260601 13:23:27.267923  2623 fs_manager.cc:368] Using write-ahead log directory (fs_wal_dir) as metadata directory
I20260601 13:23:27.268035  2623 server_base.cc:909] This appears to be a new deployment of Kudu; creating new FS layout
I20260601 13:23:27.268520  2623 fs_manager.cc:1068] Generated new instance metadata in path /tmp/dist-test-taskpMhoLf/test-tmp/auto_rebalancer-test.0.AutoRebalancerTest.NoReplicaMovesIfNoTablets.1780320151799775-2623-0/minicluster-data/ts-0-root/instance:
uuid: "67330c2a8986481e99f30e0332d31ade"
format_stamp: "Formatted at 2026-06-01 13:23:27 on dist-test-slave-jbb7"
I20260601 13:23:27.270208  2623 fs_manager.cc:696] Time spent creating directory manager: real 0.001s	user 0.000s	sys 0.001s
I20260601 13:23:27.271366  4898 log_block_manager.cc:4031] Time spent loading block containers with low live blocks: real 0.000s	user 0.000s	sys 0.000s
I20260601 13:23:27.271685  2623 fs_manager.cc:730] Time spent opening block manager: real 0.001s	user 0.000s	sys 0.001s
I20260601 13:23:27.271880  2623 fs_manager.cc:647] Opened local filesystem: /tmp/dist-test-taskpMhoLf/test-tmp/auto_rebalancer-test.0.AutoRebalancerTest.NoReplicaMovesIfNoTablets.1780320151799775-2623-0/minicluster-data/ts-0-root
uuid: "67330c2a8986481e99f30e0332d31ade"
format_stamp: "Formatted at 2026-06-01 13:23:27 on dist-test-slave-jbb7"
I20260601 13:23:27.271983  2623 fs_report.cc:389] FS layout report
--------------------
wal directory: /tmp/dist-test-taskpMhoLf/test-tmp/auto_rebalancer-test.0.AutoRebalancerTest.NoReplicaMovesIfNoTablets.1780320151799775-2623-0/minicluster-data/ts-0-root
metadata directory: /tmp/dist-test-taskpMhoLf/test-tmp/auto_rebalancer-test.0.AutoRebalancerTest.NoReplicaMovesIfNoTablets.1780320151799775-2623-0/minicluster-data/ts-0-root
1 data directories: /tmp/dist-test-taskpMhoLf/test-tmp/auto_rebalancer-test.0.AutoRebalancerTest.NoReplicaMovesIfNoTablets.1780320151799775-2623-0/minicluster-data/ts-0-root/data
Total live blocks: 0
Total live bytes: 0
Total live bytes (after alignment): 0
Total number of LBM containers: 0 (0 full)
Did not check for missing blocks
Did not check for orphaned blocks
Total full LBM containers with extra space: 0 (0 repaired)
Total full LBM container extra space in bytes: 0 (0 repaired)
Total incomplete LBM containers: 0 (0 repaired)
Total LBM partial records: 0 (0 repaired)
Total corrupted LBM metadata records in RocksDB: 0 (0 repaired)
I20260601 13:23:27.297561  2623 rpc_server.cc:225] running with OpenSSL 1.1.1  11 Sep 2018
I20260601 13:23:27.298043  2623 kserver.cc:163] Server-wide thread pool size limit: 3276
I20260601 13:23:27.298389  2623 txn_system_client.cc:432] TxnSystemClient initialization is disabled...
I20260601 13:23:27.298900  2623 ts_tablet_manager.cc:585] Loaded tablet metadata (0 total tablets, 0 live tablets)
I20260601 13:23:27.298966  2623 ts_tablet_manager.cc:531] Time spent load tablet metadata: real 0.000s	user 0.000s	sys 0.000s
I20260601 13:23:27.299024  2623 ts_tablet_manager.cc:616] Registered 0 tablets
I20260601 13:23:27.299081  2623 ts_tablet_manager.cc:595] Time spent register tablets: real 0.000s	user 0.000s	sys 0.000s
I20260601 13:23:27.303742  2623 rpc_server.cc:307] RPC server started. Bound to: 127.2.143.193:35563
I20260601 13:23:27.303781  4961 acceptor_pool.cc:272] collecting diagnostics on the listening RPC socket 127.2.143.193:35563 every 8 connection(s)
I20260601 13:23:27.304721  2623 file_cache.cc:492] Constructed file cache file cache with capacity 419430
W20260601 13:23:27.306896  4966 instance_detector.cc:116] could not retrieve AWS instance metadata: Network error: curl error: HTTP response code said error: The requested URL returned error: 404
W20260601 13:23:27.307126  4967 instance_detector.cc:116] could not retrieve Azure instance metadata: Network error: curl error: HTTP response code said error: The requested URL returned error: 404
I20260601 13:23:27.307302  2623 server_base.cc:1061] running on GCE node
W20260601 13:23:27.307369  4969 instance_detector.cc:116] could not retrieve OpenStack instance metadata: Network error: curl error: HTTP response code said error: The requested URL returned error: 404
I20260601 13:23:27.307595  2623 hybrid_clock.cc:584] initializing the hybrid clock with 'system_unsync' time source
W20260601 13:23:27.307637  2623 system_unsync_time.cc:38] NTP support is disabled. Clock error bounds will not be accurate. This configuration is not suitable for distributed clusters.
I20260601 13:23:27.307660  2623 hybrid_clock.cc:648] HybridClock initialized: now 1780320207307660 us; error 0 us; skew 500 ppm
I20260601 13:23:27.308950  2623 webserver.cc:533] Webserver started at http://127.2.143.194:33823/ using document root <none> and password file <none>
I20260601 13:23:27.309139  2623 fs_manager.cc:362] Metadata directory not provided
I20260601 13:23:27.309255  2623 fs_manager.cc:368] Using write-ahead log directory (fs_wal_dir) as metadata directory
I20260601 13:23:27.309371  2623 server_base.cc:909] This appears to be a new deployment of Kudu; creating new FS layout
I20260601 13:23:27.309731  4962 heartbeater.cc:344] Connected to a master server at 127.2.143.254:43297
I20260601 13:23:27.309839  4962 heartbeater.cc:461] Registering TS with master...
I20260601 13:23:27.309813  2623 fs_manager.cc:1068] Generated new instance metadata in path /tmp/dist-test-taskpMhoLf/test-tmp/auto_rebalancer-test.0.AutoRebalancerTest.NoReplicaMovesIfNoTablets.1780320151799775-2623-0/minicluster-data/ts-1-root/instance:
uuid: "c3336c8905444bc69c9c2524a808b0e1"
format_stamp: "Formatted at 2026-06-01 13:23:27 on dist-test-slave-jbb7"
I20260601 13:23:27.310106  4962 heartbeater.cc:507] Master 127.2.143.254:43297 requested a full tablet report, sending...
I20260601 13:23:27.310807  4833 ts_manager.cc:194] Registered new tserver with Master: 67330c2a8986481e99f30e0332d31ade (127.2.143.193:35563)
I20260601 13:23:27.311468  2623 fs_manager.cc:696] Time spent creating directory manager: real 0.001s	user 0.001s	sys 0.000s
I20260601 13:23:27.311734  4833 master_service.cc:502] Signed X509 certificate for tserver {username='slave'} at 127.0.0.1:58980
I20260601 13:23:27.312541  4974 log_block_manager.cc:4031] Time spent loading block containers with low live blocks: real 0.000s	user 0.000s	sys 0.000s
I20260601 13:23:27.312822  2623 fs_manager.cc:730] Time spent opening block manager: real 0.001s	user 0.001s	sys 0.000s
I20260601 13:23:27.312893  2623 fs_manager.cc:647] Opened local filesystem: /tmp/dist-test-taskpMhoLf/test-tmp/auto_rebalancer-test.0.AutoRebalancerTest.NoReplicaMovesIfNoTablets.1780320151799775-2623-0/minicluster-data/ts-1-root
uuid: "c3336c8905444bc69c9c2524a808b0e1"
format_stamp: "Formatted at 2026-06-01 13:23:27 on dist-test-slave-jbb7"
I20260601 13:23:27.312953  2623 fs_report.cc:389] FS layout report
--------------------
wal directory: /tmp/dist-test-taskpMhoLf/test-tmp/auto_rebalancer-test.0.AutoRebalancerTest.NoReplicaMovesIfNoTablets.1780320151799775-2623-0/minicluster-data/ts-1-root
metadata directory: /tmp/dist-test-taskpMhoLf/test-tmp/auto_rebalancer-test.0.AutoRebalancerTest.NoReplicaMovesIfNoTablets.1780320151799775-2623-0/minicluster-data/ts-1-root
1 data directories: /tmp/dist-test-taskpMhoLf/test-tmp/auto_rebalancer-test.0.AutoRebalancerTest.NoReplicaMovesIfNoTablets.1780320151799775-2623-0/minicluster-data/ts-1-root/data
Total live blocks: 0
Total live bytes: 0
Total live bytes (after alignment): 0
Total number of LBM containers: 0 (0 full)
Did not check for missing blocks
Did not check for orphaned blocks
Total full LBM containers with extra space: 0 (0 repaired)
Total full LBM container extra space in bytes: 0 (0 repaired)
Total incomplete LBM containers: 0 (0 repaired)
Total LBM partial records: 0 (0 repaired)
Total corrupted LBM metadata records in RocksDB: 0 (0 repaired)
I20260601 13:23:27.328262  2623 rpc_server.cc:225] running with OpenSSL 1.1.1  11 Sep 2018
I20260601 13:23:27.328745  2623 kserver.cc:163] Server-wide thread pool size limit: 3276
I20260601 13:23:27.329043  2623 txn_system_client.cc:432] TxnSystemClient initialization is disabled...
I20260601 13:23:27.329597  2623 ts_tablet_manager.cc:585] Loaded tablet metadata (0 total tablets, 0 live tablets)
I20260601 13:23:27.329643  2623 ts_tablet_manager.cc:531] Time spent load tablet metadata: real 0.000s	user 0.000s	sys 0.000s
I20260601 13:23:27.329704  2623 ts_tablet_manager.cc:616] Registered 0 tablets
I20260601 13:23:27.329746  2623 ts_tablet_manager.cc:595] Time spent register tablets: real 0.000s	user 0.000s	sys 0.000s
I20260601 13:23:27.334235  2623 rpc_server.cc:307] RPC server started. Bound to: 127.2.143.194:41215
I20260601 13:23:27.334324  5037 acceptor_pool.cc:272] collecting diagnostics on the listening RPC socket 127.2.143.194:41215 every 8 connection(s)
I20260601 13:23:27.335211  2623 file_cache.cc:492] Constructed file cache file cache with capacity 419430
W20260601 13:23:27.337222  5041 instance_detector.cc:116] could not retrieve AWS instance metadata: Network error: curl error: HTTP response code said error: The requested URL returned error: 404
W20260601 13:23:27.337322  5044 instance_detector.cc:116] could not retrieve OpenStack instance metadata: Network error: curl error: HTTP response code said error: The requested URL returned error: 404
I20260601 13:23:27.337461  2623 server_base.cc:1061] running on GCE node
W20260601 13:23:27.338307  5042 instance_detector.cc:116] could not retrieve Azure instance metadata: Network error: curl error: HTTP response code said error: The requested URL returned error: 404
I20260601 13:23:27.338610  2623 hybrid_clock.cc:584] initializing the hybrid clock with 'system_unsync' time source
W20260601 13:23:27.338681  2623 system_unsync_time.cc:38] NTP support is disabled. Clock error bounds will not be accurate. This configuration is not suitable for distributed clusters.
I20260601 13:23:27.338716  2623 hybrid_clock.cc:648] HybridClock initialized: now 1780320207338715 us; error 0 us; skew 500 ppm
I20260601 13:23:27.339635  2623 webserver.cc:533] Webserver started at http://127.2.143.195:37425/ using document root <none> and password file <none>
I20260601 13:23:27.339694  5038 heartbeater.cc:344] Connected to a master server at 127.2.143.254:43297
I20260601 13:23:27.339797  5038 heartbeater.cc:461] Registering TS with master...
I20260601 13:23:27.339818  2623 fs_manager.cc:362] Metadata directory not provided
I20260601 13:23:27.339882  2623 fs_manager.cc:368] Using write-ahead log directory (fs_wal_dir) as metadata directory
I20260601 13:23:27.339956  2623 server_base.cc:909] This appears to be a new deployment of Kudu; creating new FS layout
I20260601 13:23:27.340075  5038 heartbeater.cc:507] Master 127.2.143.254:43297 requested a full tablet report, sending...
I20260601 13:23:27.340401  2623 fs_manager.cc:1068] Generated new instance metadata in path /tmp/dist-test-taskpMhoLf/test-tmp/auto_rebalancer-test.0.AutoRebalancerTest.NoReplicaMovesIfNoTablets.1780320151799775-2623-0/minicluster-data/ts-2-root/instance:
uuid: "1d4bbe4005c24ea28da33e4e6d5be1ca"
format_stamp: "Formatted at 2026-06-01 13:23:27 on dist-test-slave-jbb7"
I20260601 13:23:27.340785  4833 ts_manager.cc:194] Registered new tserver with Master: c3336c8905444bc69c9c2524a808b0e1 (127.2.143.194:41215)
I20260601 13:23:27.341326  4833 master_service.cc:502] Signed X509 certificate for tserver {username='slave'} at 127.0.0.1:58990
I20260601 13:23:27.342211  2623 fs_manager.cc:696] Time spent creating directory manager: real 0.002s	user 0.001s	sys 0.000s
I20260601 13:23:27.343284  5049 log_block_manager.cc:4031] Time spent loading block containers with low live blocks: real 0.000s	user 0.000s	sys 0.000s
I20260601 13:23:27.343564  2623 fs_manager.cc:730] Time spent opening block manager: real 0.001s	user 0.001s	sys 0.000s
I20260601 13:23:27.343626  2623 fs_manager.cc:647] Opened local filesystem: /tmp/dist-test-taskpMhoLf/test-tmp/auto_rebalancer-test.0.AutoRebalancerTest.NoReplicaMovesIfNoTablets.1780320151799775-2623-0/minicluster-data/ts-2-root
uuid: "1d4bbe4005c24ea28da33e4e6d5be1ca"
format_stamp: "Formatted at 2026-06-01 13:23:27 on dist-test-slave-jbb7"
I20260601 13:23:27.343720  2623 fs_report.cc:389] FS layout report
--------------------
wal directory: /tmp/dist-test-taskpMhoLf/test-tmp/auto_rebalancer-test.0.AutoRebalancerTest.NoReplicaMovesIfNoTablets.1780320151799775-2623-0/minicluster-data/ts-2-root
metadata directory: /tmp/dist-test-taskpMhoLf/test-tmp/auto_rebalancer-test.0.AutoRebalancerTest.NoReplicaMovesIfNoTablets.1780320151799775-2623-0/minicluster-data/ts-2-root
1 data directories: /tmp/dist-test-taskpMhoLf/test-tmp/auto_rebalancer-test.0.AutoRebalancerTest.NoReplicaMovesIfNoTablets.1780320151799775-2623-0/minicluster-data/ts-2-root/data
Total live blocks: 0
Total live bytes: 0
Total live bytes (after alignment): 0
Total number of LBM containers: 0 (0 full)
Did not check for missing blocks
Did not check for orphaned blocks
Total full LBM containers with extra space: 0 (0 repaired)
Total full LBM container extra space in bytes: 0 (0 repaired)
Total incomplete LBM containers: 0 (0 repaired)
Total LBM partial records: 0 (0 repaired)
Total corrupted LBM metadata records in RocksDB: 0 (0 repaired)
I20260601 13:23:27.356079  2623 rpc_server.cc:225] running with OpenSSL 1.1.1  11 Sep 2018
I20260601 13:23:27.356645  2623 kserver.cc:163] Server-wide thread pool size limit: 3276
I20260601 13:23:27.356987  2623 txn_system_client.cc:432] TxnSystemClient initialization is disabled...
I20260601 13:23:27.357486  2623 ts_tablet_manager.cc:585] Loaded tablet metadata (0 total tablets, 0 live tablets)
I20260601 13:23:27.357551  2623 ts_tablet_manager.cc:531] Time spent load tablet metadata: real 0.000s	user 0.000s	sys 0.000s
I20260601 13:23:27.357612  2623 ts_tablet_manager.cc:616] Registered 0 tablets
I20260601 13:23:27.357645  2623 ts_tablet_manager.cc:595] Time spent register tablets: real 0.000s	user 0.000s	sys 0.000s
I20260601 13:23:27.362191  2623 rpc_server.cc:307] RPC server started. Bound to: 127.2.143.195:33737
I20260601 13:23:27.362251  5112 acceptor_pool.cc:272] collecting diagnostics on the listening RPC socket 127.2.143.195:33737 every 8 connection(s)
I20260601 13:23:27.367206  5113 heartbeater.cc:344] Connected to a master server at 127.2.143.254:43297
I20260601 13:23:27.367331  5113 heartbeater.cc:461] Registering TS with master...
I20260601 13:23:27.367573  5113 heartbeater.cc:507] Master 127.2.143.254:43297 requested a full tablet report, sending...
I20260601 13:23:27.368500  4833 ts_manager.cc:194] Registered new tserver with Master: 1d4bbe4005c24ea28da33e4e6d5be1ca (127.2.143.195:33737)
I20260601 13:23:27.369058  4833 master_service.cc:502] Signed X509 certificate for tserver {username='slave'} at 127.0.0.1:58994
I20260601 13:23:27.369463  2623 internal_mini_cluster.cc:371] 3 TS(s) registered with all masters after 0.006886518s
I20260601 13:23:28.312742  4962 heartbeater.cc:499] Master 127.2.143.254:43297 was elected leader, sending a full tablet report...
I20260601 13:23:28.342402  5038 heartbeater.cc:499] Master 127.2.143.254:43297 was elected leader, sending a full tablet report...
I20260601 13:23:28.370195  5113 heartbeater.cc:499] Master 127.2.143.254:43297 was elected leader, sending a full tablet report...
I20260601 13:23:29.230332  4887 auto_leader_rebalancer.cc:451] All tables' leader rebalancing finished this round
I20260601 13:23:31.230710  4887 auto_leader_rebalancer.cc:451] All tables' leader rebalancing finished this round
I20260601 13:23:33.231056  4887 auto_leader_rebalancer.cc:451] All tables' leader rebalancing finished this round
I20260601 13:23:35.231403  4887 auto_leader_rebalancer.cc:451] All tables' leader rebalancing finished this round
I20260601 13:23:37.231783  4887 auto_leader_rebalancer.cc:451] All tables' leader rebalancing finished this round
I20260601 13:23:39.232180  4887 auto_leader_rebalancer.cc:451] All tables' leader rebalancing finished this round
I20260601 13:23:39.453621  2623 tablet_server.cc:179] TabletServer@127.2.143.193:0 shutting down...
I20260601 13:23:39.458179  2623 ts_tablet_manager.cc:1507] Shutting down tablet manager...
I20260601 13:23:39.471515  2623 tablet_server.cc:196] TabletServer@127.2.143.193:0 shutdown complete.
I20260601 13:23:39.473977  2623 tablet_server.cc:179] TabletServer@127.2.143.194:0 shutting down...
I20260601 13:23:39.478595  2623 ts_tablet_manager.cc:1507] Shutting down tablet manager...
I20260601 13:23:39.491142  2623 tablet_server.cc:196] TabletServer@127.2.143.194:0 shutdown complete.
I20260601 13:23:39.493125  2623 tablet_server.cc:179] TabletServer@127.2.143.195:0 shutting down...
I20260601 13:23:39.497453  2623 ts_tablet_manager.cc:1507] Shutting down tablet manager...
I20260601 13:23:39.510354  2623 tablet_server.cc:196] TabletServer@127.2.143.195:0 shutdown complete.
I20260601 13:23:39.512320  2623 master.cc:562] Master@127.2.143.254:43297 shutting down...
I20260601 13:23:39.516261  2623 raft_consensus.cc:2243] T 00000000000000000000000000000000 P 008c9225d2254275b5d2f732b1e1a9b0 [term 1 LEADER]: Raft consensus shutting down.
I20260601 13:23:39.516542  2623 raft_consensus.cc:2272] T 00000000000000000000000000000000 P 008c9225d2254275b5d2f732b1e1a9b0 [term 1 FOLLOWER]: Raft consensus is shut down!
I20260601 13:23:39.516633  2623 tablet_replica.cc:333] T 00000000000000000000000000000000 P 008c9225d2254275b5d2f732b1e1a9b0: stopping tablet replica
I20260601 13:23:39.529143  2623 master.cc:584] Master@127.2.143.254:43297 shutdown complete.
[       OK ] AutoRebalancerTest.NoReplicaMovesIfNoTablets (12338 ms)
[ RUN      ] AutoRebalancerTest.RangeAwareBuildClusterInfoGroupsByRange
I20260601 13:23:39.534633  2623 internal_mini_cluster.cc:156] Creating distributed mini masters. Addrs: 127.2.143.254:33661
I20260601 13:23:39.535014  2623 file_cache.cc:492] Constructed file cache file cache with capacity 419430
W20260601 13:23:39.536926  5118 instance_detector.cc:116] could not retrieve Azure instance metadata: Network error: curl error: HTTP response code said error: The requested URL returned error: 404
W20260601 13:23:39.536940  5117 instance_detector.cc:116] could not retrieve AWS instance metadata: Network error: curl error: HTTP response code said error: The requested URL returned error: 404
W20260601 13:23:39.537034  5120 instance_detector.cc:116] could not retrieve OpenStack instance metadata: Network error: curl error: HTTP response code said error: The requested URL returned error: 404
I20260601 13:23:39.537048  2623 server_base.cc:1061] running on GCE node
I20260601 13:23:39.537334  2623 hybrid_clock.cc:584] initializing the hybrid clock with 'system_unsync' time source
W20260601 13:23:39.537372  2623 system_unsync_time.cc:38] NTP support is disabled. Clock error bounds will not be accurate. This configuration is not suitable for distributed clusters.
I20260601 13:23:39.537387  2623 hybrid_clock.cc:648] HybridClock initialized: now 1780320219537388 us; error 0 us; skew 500 ppm
I20260601 13:23:39.538245  2623 webserver.cc:533] Webserver started at http://127.2.143.254:32911/ using document root <none> and password file <none>
I20260601 13:23:39.538421  2623 fs_manager.cc:362] Metadata directory not provided
I20260601 13:23:39.538489  2623 fs_manager.cc:368] Using write-ahead log directory (fs_wal_dir) as metadata directory
I20260601 13:23:39.538571  2623 server_base.cc:909] This appears to be a new deployment of Kudu; creating new FS layout
I20260601 13:23:39.538976  2623 fs_manager.cc:1068] Generated new instance metadata in path /tmp/dist-test-taskpMhoLf/test-tmp/auto_rebalancer-test.0.AutoRebalancerTest.RangeAwareBuildClusterInfoGroupsByRange.1780320151799775-2623-0/minicluster-data/master-0-root/instance:
uuid: "8781efc9fe8f43028a85b4c971b72ccb"
format_stamp: "Formatted at 2026-06-01 13:23:39 on dist-test-slave-jbb7"
I20260601 13:23:39.540524  2623 fs_manager.cc:696] Time spent creating directory manager: real 0.001s	user 0.002s	sys 0.000s
I20260601 13:23:39.541572  5125 log_block_manager.cc:4031] Time spent loading block containers with low live blocks: real 0.000s	user 0.000s	sys 0.000s
I20260601 13:23:39.541877  2623 fs_manager.cc:730] Time spent opening block manager: real 0.001s	user 0.001s	sys 0.000s
I20260601 13:23:39.541962  2623 fs_manager.cc:647] Opened local filesystem: /tmp/dist-test-taskpMhoLf/test-tmp/auto_rebalancer-test.0.AutoRebalancerTest.RangeAwareBuildClusterInfoGroupsByRange.1780320151799775-2623-0/minicluster-data/master-0-root
uuid: "8781efc9fe8f43028a85b4c971b72ccb"
format_stamp: "Formatted at 2026-06-01 13:23:39 on dist-test-slave-jbb7"
I20260601 13:23:39.542053  2623 fs_report.cc:389] FS layout report
--------------------
wal directory: /tmp/dist-test-taskpMhoLf/test-tmp/auto_rebalancer-test.0.AutoRebalancerTest.RangeAwareBuildClusterInfoGroupsByRange.1780320151799775-2623-0/minicluster-data/master-0-root
metadata directory: /tmp/dist-test-taskpMhoLf/test-tmp/auto_rebalancer-test.0.AutoRebalancerTest.RangeAwareBuildClusterInfoGroupsByRange.1780320151799775-2623-0/minicluster-data/master-0-root
1 data directories: /tmp/dist-test-taskpMhoLf/test-tmp/auto_rebalancer-test.0.AutoRebalancerTest.RangeAwareBuildClusterInfoGroupsByRange.1780320151799775-2623-0/minicluster-data/master-0-root/data
Total live blocks: 0
Total live bytes: 0
Total live bytes (after alignment): 0
Total number of LBM containers: 0 (0 full)
Did not check for missing blocks
Did not check for orphaned blocks
Total full LBM containers with extra space: 0 (0 repaired)
Total full LBM container extra space in bytes: 0 (0 repaired)
Total incomplete LBM containers: 0 (0 repaired)
Total LBM partial records: 0 (0 repaired)
Total corrupted LBM metadata records in RocksDB: 0 (0 repaired)
I20260601 13:23:39.565874  2623 rpc_server.cc:225] running with OpenSSL 1.1.1  11 Sep 2018
I20260601 13:23:39.566313  2623 kserver.cc:163] Server-wide thread pool size limit: 3276
I20260601 13:23:39.570806  2623 rpc_server.cc:307] RPC server started. Bound to: 127.2.143.254:33661
I20260601 13:23:39.572387  5177 acceptor_pool.cc:272] collecting diagnostics on the listening RPC socket 127.2.143.254:33661 every 8 connection(s)
I20260601 13:23:39.572844  5178 data_dirs.cc:400] Could only allocate 1 dirs of requested 3 for tablet 00000000000000000000000000000000. 1 dirs total, 0 dirs full, 0 dirs failed
I20260601 13:23:39.574584  5178 tablet_bootstrap.cc:492] T 00000000000000000000000000000000 P 8781efc9fe8f43028a85b4c971b72ccb: Bootstrap starting.
I20260601 13:23:39.575389  5178 tablet_bootstrap.cc:654] T 00000000000000000000000000000000 P 8781efc9fe8f43028a85b4c971b72ccb: Neither blocks nor log segments found. Creating new log.
I20260601 13:23:39.576552  5178 tablet_bootstrap.cc:492] T 00000000000000000000000000000000 P 8781efc9fe8f43028a85b4c971b72ccb: No bootstrap required, opened a new log
I20260601 13:23:39.576996  5178 raft_consensus.cc:359] T 00000000000000000000000000000000 P 8781efc9fe8f43028a85b4c971b72ccb [term 0 FOLLOWER]: Replica starting. Triggering 0 pending ops. Active config: opid_index: -1 OBSOLETE_local: true peers { permanent_uuid: "8781efc9fe8f43028a85b4c971b72ccb" member_type: VOTER }
I20260601 13:23:39.577085  5178 raft_consensus.cc:385] T 00000000000000000000000000000000 P 8781efc9fe8f43028a85b4c971b72ccb [term 0 FOLLOWER]: Consensus starting up: Expiring failure detector timer to make a prompt election more likely
I20260601 13:23:39.577144  5178 raft_consensus.cc:740] T 00000000000000000000000000000000 P 8781efc9fe8f43028a85b4c971b72ccb [term 0 FOLLOWER]: Becoming Follower/Learner. State: Replica: 8781efc9fe8f43028a85b4c971b72ccb, State: Initialized, Role: FOLLOWER
I20260601 13:23:39.577325  5178 consensus_queue.cc:260] T 00000000000000000000000000000000 P 8781efc9fe8f43028a85b4c971b72ccb [NON_LEADER]: Queue going to NON_LEADER mode. State: All replicated index: 0, Majority replicated index: 0, Committed index: 0, Last appended: 0.0, Last appended by leader: 0, Current term: 0, Majority size: -1, State: 0, Mode: NON_LEADER, active raft config: opid_index: -1 OBSOLETE_local: true peers { permanent_uuid: "8781efc9fe8f43028a85b4c971b72ccb" member_type: VOTER }
I20260601 13:23:39.577415  5178 raft_consensus.cc:399] T 00000000000000000000000000000000 P 8781efc9fe8f43028a85b4c971b72ccb [term 0 FOLLOWER]: Only one voter in the Raft config. Triggering election immediately
I20260601 13:23:39.577440  5178 raft_consensus.cc:493] T 00000000000000000000000000000000 P 8781efc9fe8f43028a85b4c971b72ccb [term 0 FOLLOWER]: Starting leader election (initial election of a single-replica configuration)
I20260601 13:23:39.577492  5178 raft_consensus.cc:3060] T 00000000000000000000000000000000 P 8781efc9fe8f43028a85b4c971b72ccb [term 0 FOLLOWER]: Advancing to term 1
I20260601 13:23:39.578262  5178 raft_consensus.cc:515] T 00000000000000000000000000000000 P 8781efc9fe8f43028a85b4c971b72ccb [term 1 FOLLOWER]: Starting leader election with config: opid_index: -1 OBSOLETE_local: true peers { permanent_uuid: "8781efc9fe8f43028a85b4c971b72ccb" member_type: VOTER }
I20260601 13:23:39.578375  5178 leader_election.cc:304] T 00000000000000000000000000000000 P 8781efc9fe8f43028a85b4c971b72ccb [CANDIDATE]: Term 1 election: Election decided. Result: candidate won. Election summary: received 1 responses out of 1 voters: 1 yes votes; 0 no votes. yes voters: 8781efc9fe8f43028a85b4c971b72ccb; no voters: 
I20260601 13:23:39.578611  5178 leader_election.cc:290] T 00000000000000000000000000000000 P 8781efc9fe8f43028a85b4c971b72ccb [CANDIDATE]: Term 1 election: Requested vote from peers 
I20260601 13:23:39.578795  5181 raft_consensus.cc:2804] T 00000000000000000000000000000000 P 8781efc9fe8f43028a85b4c971b72ccb [term 1 FOLLOWER]: Leader election won for term 1
I20260601 13:23:39.578987  5181 raft_consensus.cc:697] T 00000000000000000000000000000000 P 8781efc9fe8f43028a85b4c971b72ccb [term 1 LEADER]: Becoming Leader. State: Replica: 8781efc9fe8f43028a85b4c971b72ccb, State: Running, Role: LEADER
I20260601 13:23:39.579115  5178 sys_catalog.cc:565] T 00000000000000000000000000000000 P 8781efc9fe8f43028a85b4c971b72ccb [sys.catalog]: configured and running, proceeding with master startup.
I20260601 13:23:39.579147  5181 consensus_queue.cc:237] T 00000000000000000000000000000000 P 8781efc9fe8f43028a85b4c971b72ccb [LEADER]: Queue going to LEADER mode. State: All replicated index: 0, Majority replicated index: 0, Committed index: 0, Last appended: 0.0, Last appended by leader: 0, Current term: 1, Majority size: 1, State: 0, Mode: LEADER, active raft config: opid_index: -1 OBSOLETE_local: true peers { permanent_uuid: "8781efc9fe8f43028a85b4c971b72ccb" member_type: VOTER }
I20260601 13:23:39.579584  5183 sys_catalog.cc:455] T 00000000000000000000000000000000 P 8781efc9fe8f43028a85b4c971b72ccb [sys.catalog]: SysCatalogTable state changed. Reason: New leader 8781efc9fe8f43028a85b4c971b72ccb. Latest consensus state: current_term: 1 leader_uuid: "8781efc9fe8f43028a85b4c971b72ccb" committed_config { opid_index: -1 OBSOLETE_local: true peers { permanent_uuid: "8781efc9fe8f43028a85b4c971b72ccb" member_type: VOTER } }
I20260601 13:23:39.579692  5183 sys_catalog.cc:458] T 00000000000000000000000000000000 P 8781efc9fe8f43028a85b4c971b72ccb [sys.catalog]: This master's current role is: LEADER
I20260601 13:23:39.579885  5182 sys_catalog.cc:455] T 00000000000000000000000000000000 P 8781efc9fe8f43028a85b4c971b72ccb [sys.catalog]: SysCatalogTable state changed. Reason: RaftConsensus started. Latest consensus state: current_term: 1 leader_uuid: "8781efc9fe8f43028a85b4c971b72ccb" committed_config { opid_index: -1 OBSOLETE_local: true peers { permanent_uuid: "8781efc9fe8f43028a85b4c971b72ccb" member_type: VOTER } }
I20260601 13:23:39.579978  5186 catalog_manager.cc:1510] Loading table and tablet metadata into memory...
I20260601 13:23:39.580255  5182 sys_catalog.cc:458] T 00000000000000000000000000000000 P 8781efc9fe8f43028a85b4c971b72ccb [sys.catalog]: This master's current role is: LEADER
I20260601 13:23:39.581290  5186 catalog_manager.cc:1519] Initializing Kudu cluster ID...
I20260601 13:23:39.581477  2623 internal_mini_cluster.cc:184] Waiting to initialize catalog manager on master 0
I20260601 13:23:39.583216  5186 catalog_manager.cc:1382] Generated new cluster ID: 18135d90ee874758a0343aa5cf301af3
I20260601 13:23:39.583266  5186 catalog_manager.cc:1530] Initializing Kudu internal certificate authority...
I20260601 13:23:39.598986  5186 catalog_manager.cc:1405] Generated new certificate authority record
I20260601 13:23:39.599613  5186 catalog_manager.cc:1539] Loading token signing keys...
I20260601 13:23:39.607856  5186 catalog_manager.cc:6069] T 00000000000000000000000000000000 P 8781efc9fe8f43028a85b4c971b72ccb: Generated new TSK 0
I20260601 13:23:39.608057  5186 catalog_manager.cc:1549] Initializing in-progress tserver states...
I20260601 13:23:39.613965  2623 file_cache.cc:492] Constructed file cache file cache with capacity 419430
W20260601 13:23:39.615978  5200 instance_detector.cc:116] could not retrieve Azure instance metadata: Network error: curl error: HTTP response code said error: The requested URL returned error: 404
W20260601 13:23:39.616060  5199 instance_detector.cc:116] could not retrieve AWS instance metadata: Network error: curl error: HTTP response code said error: The requested URL returned error: 404
I20260601 13:23:39.616182  2623 server_base.cc:1061] running on GCE node
W20260601 13:23:39.616062  5202 instance_detector.cc:116] could not retrieve OpenStack instance metadata: Network error: curl error: HTTP response code said error: The requested URL returned error: 404
I20260601 13:23:39.616487  2623 hybrid_clock.cc:584] initializing the hybrid clock with 'system_unsync' time source
W20260601 13:23:39.616539  2623 system_unsync_time.cc:38] NTP support is disabled. Clock error bounds will not be accurate. This configuration is not suitable for distributed clusters.
I20260601 13:23:39.616583  2623 hybrid_clock.cc:648] HybridClock initialized: now 1780320219616583 us; error 0 us; skew 500 ppm
I20260601 13:23:39.617348  2623 webserver.cc:533] Webserver started at http://127.2.143.193:38401/ using document root <none> and password file <none>
I20260601 13:23:39.617475  2623 fs_manager.cc:362] Metadata directory not provided
I20260601 13:23:39.617523  2623 fs_manager.cc:368] Using write-ahead log directory (fs_wal_dir) as metadata directory
I20260601 13:23:39.617580  2623 server_base.cc:909] This appears to be a new deployment of Kudu; creating new FS layout
I20260601 13:23:39.617929  2623 fs_manager.cc:1068] Generated new instance metadata in path /tmp/dist-test-taskpMhoLf/test-tmp/auto_rebalancer-test.0.AutoRebalancerTest.RangeAwareBuildClusterInfoGroupsByRange.1780320151799775-2623-0/minicluster-data/ts-0-root/instance:
uuid: "df52e9e65cad4f5eb2541d3db92e639d"
format_stamp: "Formatted at 2026-06-01 13:23:39 on dist-test-slave-jbb7"
I20260601 13:23:39.619292  2623 fs_manager.cc:696] Time spent creating directory manager: real 0.001s	user 0.002s	sys 0.000s
I20260601 13:23:39.620196  5207 log_block_manager.cc:4031] Time spent loading block containers with low live blocks: real 0.000s	user 0.000s	sys 0.000s
I20260601 13:23:39.620510  2623 fs_manager.cc:730] Time spent opening block manager: real 0.001s	user 0.001s	sys 0.000s
I20260601 13:23:39.620581  2623 fs_manager.cc:647] Opened local filesystem: /tmp/dist-test-taskpMhoLf/test-tmp/auto_rebalancer-test.0.AutoRebalancerTest.RangeAwareBuildClusterInfoGroupsByRange.1780320151799775-2623-0/minicluster-data/ts-0-root
uuid: "df52e9e65cad4f5eb2541d3db92e639d"
format_stamp: "Formatted at 2026-06-01 13:23:39 on dist-test-slave-jbb7"
I20260601 13:23:39.620673  2623 fs_report.cc:389] FS layout report
--------------------
wal directory: /tmp/dist-test-taskpMhoLf/test-tmp/auto_rebalancer-test.0.AutoRebalancerTest.RangeAwareBuildClusterInfoGroupsByRange.1780320151799775-2623-0/minicluster-data/ts-0-root
metadata directory: /tmp/dist-test-taskpMhoLf/test-tmp/auto_rebalancer-test.0.AutoRebalancerTest.RangeAwareBuildClusterInfoGroupsByRange.1780320151799775-2623-0/minicluster-data/ts-0-root
1 data directories: /tmp/dist-test-taskpMhoLf/test-tmp/auto_rebalancer-test.0.AutoRebalancerTest.RangeAwareBuildClusterInfoGroupsByRange.1780320151799775-2623-0/minicluster-data/ts-0-root/data
Total live blocks: 0
Total live bytes: 0
Total live bytes (after alignment): 0
Total number of LBM containers: 0 (0 full)
Did not check for missing blocks
Did not check for orphaned blocks
Total full LBM containers with extra space: 0 (0 repaired)
Total full LBM container extra space in bytes: 0 (0 repaired)
Total incomplete LBM containers: 0 (0 repaired)
Total LBM partial records: 0 (0 repaired)
Total corrupted LBM metadata records in RocksDB: 0 (0 repaired)
I20260601 13:23:39.646518  2623 rpc_server.cc:225] running with OpenSSL 1.1.1  11 Sep 2018
I20260601 13:23:39.646962  2623 kserver.cc:163] Server-wide thread pool size limit: 3276
I20260601 13:23:39.647301  2623 txn_system_client.cc:432] TxnSystemClient initialization is disabled...
I20260601 13:23:39.647781  2623 ts_tablet_manager.cc:585] Loaded tablet metadata (0 total tablets, 0 live tablets)
I20260601 13:23:39.647841  2623 ts_tablet_manager.cc:531] Time spent load tablet metadata: real 0.000s	user 0.000s	sys 0.000s
I20260601 13:23:39.647891  2623 ts_tablet_manager.cc:616] Registered 0 tablets
I20260601 13:23:39.647940  2623 ts_tablet_manager.cc:595] Time spent register tablets: real 0.000s	user 0.000s	sys 0.000s
I20260601 13:23:39.652170  2623 rpc_server.cc:307] RPC server started. Bound to: 127.2.143.193:39525
I20260601 13:23:39.652231  5270 acceptor_pool.cc:272] collecting diagnostics on the listening RPC socket 127.2.143.193:39525 every 8 connection(s)
I20260601 13:23:39.653095  2623 file_cache.cc:492] Constructed file cache file cache with capacity 419430
W20260601 13:23:39.655630  5278 instance_detector.cc:116] could not retrieve OpenStack instance metadata: Network error: curl error: HTTP response code said error: The requested URL returned error: 404
W20260601 13:23:39.655781  5275 instance_detector.cc:116] could not retrieve AWS instance metadata: Network error: curl error: HTTP response code said error: The requested URL returned error: 404
W20260601 13:23:39.655669  5276 instance_detector.cc:116] could not retrieve Azure instance metadata: Network error: curl error: HTTP response code said error: The requested URL returned error: 404
I20260601 13:23:39.655911  2623 server_base.cc:1061] running on GCE node
I20260601 13:23:39.656052  2623 hybrid_clock.cc:584] initializing the hybrid clock with 'system_unsync' time source
W20260601 13:23:39.656100  2623 system_unsync_time.cc:38] NTP support is disabled. Clock error bounds will not be accurate. This configuration is not suitable for distributed clusters.
I20260601 13:23:39.656123  2623 hybrid_clock.cc:648] HybridClock initialized: now 1780320219656123 us; error 0 us; skew 500 ppm
I20260601 13:23:39.657141  2623 webserver.cc:533] Webserver started at http://127.2.143.194:44171/ using document root <none> and password file <none>
I20260601 13:23:39.657279  2623 fs_manager.cc:362] Metadata directory not provided
I20260601 13:23:39.657322  2623 fs_manager.cc:368] Using write-ahead log directory (fs_wal_dir) as metadata directory
I20260601 13:23:39.657387  2623 server_base.cc:909] This appears to be a new deployment of Kudu; creating new FS layout
I20260601 13:23:39.657778  2623 fs_manager.cc:1068] Generated new instance metadata in path /tmp/dist-test-taskpMhoLf/test-tmp/auto_rebalancer-test.0.AutoRebalancerTest.RangeAwareBuildClusterInfoGroupsByRange.1780320151799775-2623-0/minicluster-data/ts-1-root/instance:
uuid: "15af839289974e97834b0f17016ff610"
format_stamp: "Formatted at 2026-06-01 13:23:39 on dist-test-slave-jbb7"
I20260601 13:23:39.659518  2623 fs_manager.cc:696] Time spent creating directory manager: real 0.002s	user 0.000s	sys 0.002s
I20260601 13:23:39.660846  5283 log_block_manager.cc:4031] Time spent loading block containers with low live blocks: real 0.000s	user 0.000s	sys 0.000s
I20260601 13:23:39.661204  2623 fs_manager.cc:730] Time spent opening block manager: real 0.001s	user 0.001s	sys 0.000s
I20260601 13:23:39.661284  2623 fs_manager.cc:647] Opened local filesystem: /tmp/dist-test-taskpMhoLf/test-tmp/auto_rebalancer-test.0.AutoRebalancerTest.RangeAwareBuildClusterInfoGroupsByRange.1780320151799775-2623-0/minicluster-data/ts-1-root
uuid: "15af839289974e97834b0f17016ff610"
format_stamp: "Formatted at 2026-06-01 13:23:39 on dist-test-slave-jbb7"
I20260601 13:23:39.661391  2623 fs_report.cc:389] FS layout report
--------------------
wal directory: /tmp/dist-test-taskpMhoLf/test-tmp/auto_rebalancer-test.0.AutoRebalancerTest.RangeAwareBuildClusterInfoGroupsByRange.1780320151799775-2623-0/minicluster-data/ts-1-root
metadata directory: /tmp/dist-test-taskpMhoLf/test-tmp/auto_rebalancer-test.0.AutoRebalancerTest.RangeAwareBuildClusterInfoGroupsByRange.1780320151799775-2623-0/minicluster-data/ts-1-root
1 data directories: /tmp/dist-test-taskpMhoLf/test-tmp/auto_rebalancer-test.0.AutoRebalancerTest.RangeAwareBuildClusterInfoGroupsByRange.1780320151799775-2623-0/minicluster-data/ts-1-root/data
Total live blocks: 0
Total live bytes: 0
Total live bytes (after alignment): 0
Total number of LBM containers: 0 (0 full)
Did not check for missing blocks
Did not check for orphaned blocks
Total full LBM containers with extra space: 0 (0 repaired)
Total full LBM container extra space in bytes: 0 (0 repaired)
Total incomplete LBM containers: 0 (0 repaired)
Total LBM partial records: 0 (0 repaired)
Total corrupted LBM metadata records in RocksDB: 0 (0 repaired)
I20260601 13:23:39.663489  5271 heartbeater.cc:344] Connected to a master server at 127.2.143.254:33661
I20260601 13:23:39.663617  5271 heartbeater.cc:461] Registering TS with master...
I20260601 13:23:39.663921  5271 heartbeater.cc:507] Master 127.2.143.254:33661 requested a full tablet report, sending...
I20260601 13:23:39.664631  5142 ts_manager.cc:194] Registered new tserver with Master: df52e9e65cad4f5eb2541d3db92e639d (127.2.143.193:39525)
I20260601 13:23:39.665637  5142 master_service.cc:502] Signed X509 certificate for tserver {username='slave'} at 127.0.0.1:51182
I20260601 13:23:39.682209  2623 rpc_server.cc:225] running with OpenSSL 1.1.1  11 Sep 2018
I20260601 13:23:39.682649  2623 kserver.cc:163] Server-wide thread pool size limit: 3276
I20260601 13:23:39.682919  2623 txn_system_client.cc:432] TxnSystemClient initialization is disabled...
I20260601 13:23:39.683429  2623 ts_tablet_manager.cc:585] Loaded tablet metadata (0 total tablets, 0 live tablets)
I20260601 13:23:39.683473  2623 ts_tablet_manager.cc:531] Time spent load tablet metadata: real 0.000s	user 0.000s	sys 0.000s
I20260601 13:23:39.683534  2623 ts_tablet_manager.cc:616] Registered 0 tablets
I20260601 13:23:39.683575  2623 ts_tablet_manager.cc:595] Time spent register tablets: real 0.000s	user 0.000s	sys 0.000s
I20260601 13:23:39.687844  2623 rpc_server.cc:307] RPC server started. Bound to: 127.2.143.194:37269
I20260601 13:23:39.687920  5346 acceptor_pool.cc:272] collecting diagnostics on the listening RPC socket 127.2.143.194:37269 every 8 connection(s)
I20260601 13:23:39.688781  2623 file_cache.cc:492] Constructed file cache file cache with capacity 419430
W20260601 13:23:39.690974  5351 instance_detector.cc:116] could not retrieve Azure instance metadata: Network error: curl error: HTTP response code said error: The requested URL returned error: 404
W20260601 13:23:39.690980  5350 instance_detector.cc:116] could not retrieve AWS instance metadata: Network error: curl error: HTTP response code said error: The requested URL returned error: 404
W20260601 13:23:39.691228  5353 instance_detector.cc:116] could not retrieve OpenStack instance metadata: Network error: curl error: HTTP response code said error: The requested URL returned error: 404
I20260601 13:23:39.691272  2623 server_base.cc:1061] running on GCE node
I20260601 13:23:39.691489  2623 hybrid_clock.cc:584] initializing the hybrid clock with 'system_unsync' time source
W20260601 13:23:39.691552  2623 system_unsync_time.cc:38] NTP support is disabled. Clock error bounds will not be accurate. This configuration is not suitable for distributed clusters.
I20260601 13:23:39.691592  2623 hybrid_clock.cc:648] HybridClock initialized: now 1780320219691591 us; error 0 us; skew 500 ppm
I20260601 13:23:39.692647  2623 webserver.cc:533] Webserver started at http://127.2.143.195:39519/ using document root <none> and password file <none>
I20260601 13:23:39.692835  2623 fs_manager.cc:362] Metadata directory not provided
I20260601 13:23:39.692911  2623 fs_manager.cc:368] Using write-ahead log directory (fs_wal_dir) as metadata directory
I20260601 13:23:39.692996  2623 server_base.cc:909] This appears to be a new deployment of Kudu; creating new FS layout
I20260601 13:23:39.693465  5347 heartbeater.cc:344] Connected to a master server at 127.2.143.254:33661
I20260601 13:23:39.693464  2623 fs_manager.cc:1068] Generated new instance metadata in path /tmp/dist-test-taskpMhoLf/test-tmp/auto_rebalancer-test.0.AutoRebalancerTest.RangeAwareBuildClusterInfoGroupsByRange.1780320151799775-2623-0/minicluster-data/ts-2-root/instance:
uuid: "5bcf12f04fb540198204bf1e1391814e"
format_stamp: "Formatted at 2026-06-01 13:23:39 on dist-test-slave-jbb7"
I20260601 13:23:39.693605  5347 heartbeater.cc:461] Registering TS with master...
I20260601 13:23:39.693838  5347 heartbeater.cc:507] Master 127.2.143.254:33661 requested a full tablet report, sending...
I20260601 13:23:39.694530  5142 ts_manager.cc:194] Registered new tserver with Master: 15af839289974e97834b0f17016ff610 (127.2.143.194:37269)
I20260601 13:23:39.695236  5142 master_service.cc:502] Signed X509 certificate for tserver {username='slave'} at 127.0.0.1:51196
I20260601 13:23:39.695282  2623 fs_manager.cc:696] Time spent creating directory manager: real 0.002s	user 0.000s	sys 0.002s
I20260601 13:23:39.696276  5358 log_block_manager.cc:4031] Time spent loading block containers with low live blocks: real 0.000s	user 0.000s	sys 0.000s
I20260601 13:23:39.696576  2623 fs_manager.cc:730] Time spent opening block manager: real 0.001s	user 0.000s	sys 0.001s
I20260601 13:23:39.696635  2623 fs_manager.cc:647] Opened local filesystem: /tmp/dist-test-taskpMhoLf/test-tmp/auto_rebalancer-test.0.AutoRebalancerTest.RangeAwareBuildClusterInfoGroupsByRange.1780320151799775-2623-0/minicluster-data/ts-2-root
uuid: "5bcf12f04fb540198204bf1e1391814e"
format_stamp: "Formatted at 2026-06-01 13:23:39 on dist-test-slave-jbb7"
I20260601 13:23:39.696724  2623 fs_report.cc:389] FS layout report
--------------------
wal directory: /tmp/dist-test-taskpMhoLf/test-tmp/auto_rebalancer-test.0.AutoRebalancerTest.RangeAwareBuildClusterInfoGroupsByRange.1780320151799775-2623-0/minicluster-data/ts-2-root
metadata directory: /tmp/dist-test-taskpMhoLf/test-tmp/auto_rebalancer-test.0.AutoRebalancerTest.RangeAwareBuildClusterInfoGroupsByRange.1780320151799775-2623-0/minicluster-data/ts-2-root
1 data directories: /tmp/dist-test-taskpMhoLf/test-tmp/auto_rebalancer-test.0.AutoRebalancerTest.RangeAwareBuildClusterInfoGroupsByRange.1780320151799775-2623-0/minicluster-data/ts-2-root/data
Total live blocks: 0
Total live bytes: 0
Total live bytes (after alignment): 0
Total number of LBM containers: 0 (0 full)
Did not check for missing blocks
Did not check for orphaned blocks
Total full LBM containers with extra space: 0 (0 repaired)
Total full LBM container extra space in bytes: 0 (0 repaired)
Total incomplete LBM containers: 0 (0 repaired)
Total LBM partial records: 0 (0 repaired)
Total corrupted LBM metadata records in RocksDB: 0 (0 repaired)
I20260601 13:23:39.704419  2623 rpc_server.cc:225] running with OpenSSL 1.1.1  11 Sep 2018
I20260601 13:23:39.704937  2623 kserver.cc:163] Server-wide thread pool size limit: 3276
I20260601 13:23:39.705258  2623 txn_system_client.cc:432] TxnSystemClient initialization is disabled...
I20260601 13:23:39.705741  2623 ts_tablet_manager.cc:585] Loaded tablet metadata (0 total tablets, 0 live tablets)
I20260601 13:23:39.705780  2623 ts_tablet_manager.cc:531] Time spent load tablet metadata: real 0.000s	user 0.000s	sys 0.000s
I20260601 13:23:39.705916  2623 ts_tablet_manager.cc:616] Registered 0 tablets
I20260601 13:23:39.705947  2623 ts_tablet_manager.cc:595] Time spent register tablets: real 0.000s	user 0.000s	sys 0.000s
I20260601 13:23:39.710816  2623 rpc_server.cc:307] RPC server started. Bound to: 127.2.143.195:38489
I20260601 13:23:39.710876  5421 acceptor_pool.cc:272] collecting diagnostics on the listening RPC socket 127.2.143.195:38489 every 8 connection(s)
I20260601 13:23:39.715536  5422 heartbeater.cc:344] Connected to a master server at 127.2.143.254:33661
I20260601 13:23:39.715641  5422 heartbeater.cc:461] Registering TS with master...
I20260601 13:23:39.715894  5422 heartbeater.cc:507] Master 127.2.143.254:33661 requested a full tablet report, sending...
I20260601 13:23:39.716676  5142 ts_manager.cc:194] Registered new tserver with Master: 5bcf12f04fb540198204bf1e1391814e (127.2.143.195:38489)
I20260601 13:23:39.716996  2623 internal_mini_cluster.cc:371] 3 TS(s) registered with all masters after 0.005712752s
I20260601 13:23:39.717506  5142 master_service.cc:502] Signed X509 certificate for tserver {username='slave'} at 127.0.0.1:51208
I20260601 13:23:40.666672  5271 heartbeater.cc:499] Master 127.2.143.254:33661 was elected leader, sending a full tablet report...
