uuid: "9aae7a1cb08a4866addc32a74d988b5a"
format_stamp: "Formatted at 2026-06-01 13:24:17 on dist-test-slave-jbb7"
I20260601 13:24:17.565979  2623 fs_report.cc:389] FS layout report
--------------------
wal directory: /tmp/dist-test-taskpMhoLf/test-tmp/auto_rebalancer-test.0.AutoRebalancerTest.TestMaxMovesPerServer.1780320151799775-2623-0/minicluster-data/ts-3-root
metadata directory: /tmp/dist-test-taskpMhoLf/test-tmp/auto_rebalancer-test.0.AutoRebalancerTest.TestMaxMovesPerServer.1780320151799775-2623-0/minicluster-data/ts-3-root
1 data directories: /tmp/dist-test-taskpMhoLf/test-tmp/auto_rebalancer-test.0.AutoRebalancerTest.TestMaxMovesPerServer.1780320151799775-2623-0/minicluster-data/ts-3-root/data
Total live blocks: 0
Total live bytes: 0
Total live bytes (after alignment): 0
Total number of LBM containers: 0 (0 full)
Did not check for missing blocks
Did not check for orphaned blocks
Total full LBM containers with extra space: 0 (0 repaired)
Total full LBM container extra space in bytes: 0 (0 repaired)
Total incomplete LBM containers: 0 (0 repaired)
Total LBM partial records: 0 (0 repaired)
Total corrupted LBM metadata records in RocksDB: 0 (0 repaired)
I20260601 13:24:17.578907  2623 rpc_server.cc:225] running with OpenSSL 1.1.1  11 Sep 2018
I20260601 13:24:17.579370  2623 kserver.cc:163] Server-wide thread pool size limit: 3276
I20260601 13:24:17.579736  2623 txn_system_client.cc:432] TxnSystemClient initialization is disabled...
I20260601 13:24:17.580215  2623 ts_tablet_manager.cc:585] Loaded tablet metadata (0 total tablets, 0 live tablets)
I20260601 13:24:17.580252  2623 ts_tablet_manager.cc:531] Time spent load tablet metadata: real 0.000s	user 0.000s	sys 0.000s
I20260601 13:24:17.580312  2623 ts_tablet_manager.cc:616] Registered 0 tablets
I20260601 13:24:17.580353  2623 ts_tablet_manager.cc:595] Time spent register tablets: real 0.000s	user 0.000s	sys 0.000s
I20260601 13:24:17.585033  2623 rpc_server.cc:307] RPC server started. Bound to: 127.2.143.196:34063
I20260601 13:24:17.585094  7462 acceptor_pool.cc:272] collecting diagnostics on the listening RPC socket 127.2.143.196:34063 every 8 connection(s)
I20260601 13:24:17.585992  2623 file_cache.cc:492] Constructed file cache file cache with capacity 419430
W20260601 13:24:17.588336  7467 instance_detector.cc:116] could not retrieve AWS instance metadata: Network error: curl error: HTTP response code said error: The requested URL returned error: 404
W20260601 13:24:17.588392  7470 instance_detector.cc:116] could not retrieve OpenStack instance metadata: Network error: curl error: HTTP response code said error: The requested URL returned error: 404
W20260601 13:24:17.588392  7468 instance_detector.cc:116] could not retrieve Azure instance metadata: Network error: curl error: HTTP response code said error: The requested URL returned error: 404
I20260601 13:24:17.588653  2623 server_base.cc:1061] running on GCE node
I20260601 13:24:17.588824  2623 hybrid_clock.cc:584] initializing the hybrid clock with 'system_unsync' time source
W20260601 13:24:17.588900  2623 system_unsync_time.cc:38] NTP support is disabled. Clock error bounds will not be accurate. This configuration is not suitable for distributed clusters.
I20260601 13:24:17.588933  2623 hybrid_clock.cc:648] HybridClock initialized: now 1780320257588932 us; error 0 us; skew 500 ppm
I20260601 13:24:17.590056  2623 webserver.cc:533] Webserver started at http://127.2.143.197:39109/ using document root <none> and password file <none>
I20260601 13:24:17.590226  2623 fs_manager.cc:362] Metadata directory not provided
I20260601 13:24:17.590286  2623 fs_manager.cc:368] Using write-ahead log directory (fs_wal_dir) as metadata directory
I20260601 13:24:17.590355  2623 server_base.cc:909] This appears to be a new deployment of Kudu; creating new FS layout
I20260601 13:24:17.590636  7463 heartbeater.cc:344] Connected to a master server at 127.2.143.254:41995
I20260601 13:24:17.590745  7463 heartbeater.cc:461] Registering TS with master...
I20260601 13:24:17.590824  2623 fs_manager.cc:1068] Generated new instance metadata in path /tmp/dist-test-taskpMhoLf/test-tmp/auto_rebalancer-test.0.AutoRebalancerTest.TestMaxMovesPerServer.1780320151799775-2623-0/minicluster-data/ts-4-root/instance:
uuid: "bcc813c5091f4dbfa000be3c8efb5db7"
format_stamp: "Formatted at 2026-06-01 13:24:17 on dist-test-slave-jbb7"
I20260601 13:24:17.591034  7463 heartbeater.cc:507] Master 127.2.143.254:41995 requested a full tablet report, sending...
I20260601 13:24:17.591766  6948 ts_manager.cc:194] Registered new tserver with Master: 9aae7a1cb08a4866addc32a74d988b5a (127.2.143.196:34063)
I20260601 13:24:17.592557  6948 master_service.cc:502] Signed X509 certificate for tserver {username='slave'} at 127.0.0.1:46194
I20260601 13:24:17.592738  2623 fs_manager.cc:696] Time spent creating directory manager: real 0.002s	user 0.002s	sys 0.001s
I20260601 13:24:17.593667  7475 log_block_manager.cc:4031] Time spent loading block containers with low live blocks: real 0.000s	user 0.000s	sys 0.000s
I20260601 13:24:17.593988  2623 fs_manager.cc:730] Time spent opening block manager: real 0.001s	user 0.001s	sys 0.000s
I20260601 13:24:17.594058  2623 fs_manager.cc:647] Opened local filesystem: /tmp/dist-test-taskpMhoLf/test-tmp/auto_rebalancer-test.0.AutoRebalancerTest.TestMaxMovesPerServer.1780320151799775-2623-0/minicluster-data/ts-4-root
uuid: "bcc813c5091f4dbfa000be3c8efb5db7"
format_stamp: "Formatted at 2026-06-01 13:24:17 on dist-test-slave-jbb7"
I20260601 13:24:17.594161  2623 fs_report.cc:389] FS layout report
--------------------
wal directory: /tmp/dist-test-taskpMhoLf/test-tmp/auto_rebalancer-test.0.AutoRebalancerTest.TestMaxMovesPerServer.1780320151799775-2623-0/minicluster-data/ts-4-root
metadata directory: /tmp/dist-test-taskpMhoLf/test-tmp/auto_rebalancer-test.0.AutoRebalancerTest.TestMaxMovesPerServer.1780320151799775-2623-0/minicluster-data/ts-4-root
1 data directories: /tmp/dist-test-taskpMhoLf/test-tmp/auto_rebalancer-test.0.AutoRebalancerTest.TestMaxMovesPerServer.1780320151799775-2623-0/minicluster-data/ts-4-root/data
Total live blocks: 0
Total live bytes: 0
Total live bytes (after alignment): 0
Total number of LBM containers: 0 (0 full)
Did not check for missing blocks
Did not check for orphaned blocks
Total full LBM containers with extra space: 0 (0 repaired)
Total full LBM container extra space in bytes: 0 (0 repaired)
Total incomplete LBM containers: 0 (0 repaired)
Total LBM partial records: 0 (0 repaired)
Total corrupted LBM metadata records in RocksDB: 0 (0 repaired)
I20260601 13:24:17.599646  2623 rpc_server.cc:225] running with OpenSSL 1.1.1  11 Sep 2018
I20260601 13:24:17.600091  2623 kserver.cc:163] Server-wide thread pool size limit: 3276
I20260601 13:24:17.600416  2623 txn_system_client.cc:432] TxnSystemClient initialization is disabled...
I20260601 13:24:17.601023  2623 ts_tablet_manager.cc:585] Loaded tablet metadata (0 total tablets, 0 live tablets)
I20260601 13:24:17.601095  2623 ts_tablet_manager.cc:531] Time spent load tablet metadata: real 0.000s	user 0.000s	sys 0.000s
I20260601 13:24:17.601166  2623 ts_tablet_manager.cc:616] Registered 0 tablets
I20260601 13:24:17.601218  2623 ts_tablet_manager.cc:595] Time spent register tablets: real 0.000s	user 0.000s	sys 0.000s
I20260601 13:24:17.607205  2623 rpc_server.cc:307] RPC server started. Bound to: 127.2.143.197:34103
I20260601 13:24:17.607282  7538 acceptor_pool.cc:272] collecting diagnostics on the listening RPC socket 127.2.143.197:34103 every 8 connection(s)
I20260601 13:24:17.608343  2623 file_cache.cc:492] Constructed file cache file cache with capacity 419430
W20260601 13:24:17.610644  7543 instance_detector.cc:116] could not retrieve Azure instance metadata: Network error: curl error: HTTP response code said error: The requested URL returned error: 404
W20260601 13:24:17.610657  7545 instance_detector.cc:116] could not retrieve OpenStack instance metadata: Network error: curl error: HTTP response code said error: The requested URL returned error: 404
I20260601 13:24:17.610908  2623 server_base.cc:1061] running on GCE node
W20260601 13:24:17.610666  7542 instance_detector.cc:116] could not retrieve AWS instance metadata: Network error: curl error: HTTP response code said error: The requested URL returned error: 404
I20260601 13:24:17.611227  2623 hybrid_clock.cc:584] initializing the hybrid clock with 'system_unsync' time source
W20260601 13:24:17.611290  2623 system_unsync_time.cc:38] NTP support is disabled. Clock error bounds will not be accurate. This configuration is not suitable for distributed clusters.
I20260601 13:24:17.611321  2623 hybrid_clock.cc:648] HybridClock initialized: now 1780320257611321 us; error 0 us; skew 500 ppm
I20260601 13:24:17.612362  2623 webserver.cc:533] Webserver started at http://127.2.143.198:35329/ using document root <none> and password file <none>
I20260601 13:24:17.612547  2623 fs_manager.cc:362] Metadata directory not provided
I20260601 13:24:17.612608  2623 fs_manager.cc:368] Using write-ahead log directory (fs_wal_dir) as metadata directory
I20260601 13:24:17.612668  2623 server_base.cc:909] This appears to be a new deployment of Kudu; creating new FS layout
I20260601 13:24:17.612989  7539 heartbeater.cc:344] Connected to a master server at 127.2.143.254:41995
I20260601 13:24:17.613065  2623 fs_manager.cc:1068] Generated new instance metadata in path /tmp/dist-test-taskpMhoLf/test-tmp/auto_rebalancer-test.0.AutoRebalancerTest.TestMaxMovesPerServer.1780320151799775-2623-0/minicluster-data/ts-5-root/instance:
uuid: "95e3d0a8b7634e0ab25f3f9b06fe1064"
format_stamp: "Formatted at 2026-06-01 13:24:17 on dist-test-slave-jbb7"
I20260601 13:24:17.613095  7539 heartbeater.cc:461] Registering TS with master...
I20260601 13:24:17.613365  7539 heartbeater.cc:507] Master 127.2.143.254:41995 requested a full tablet report, sending...
I20260601 13:24:17.614013  6948 ts_manager.cc:194] Registered new tserver with Master: bcc813c5091f4dbfa000be3c8efb5db7 (127.2.143.197:34103)
I20260601 13:24:17.614635  6948 master_service.cc:502] Signed X509 certificate for tserver {username='slave'} at 127.0.0.1:46204
I20260601 13:24:17.614748  2623 fs_manager.cc:696] Time spent creating directory manager: real 0.001s	user 0.002s	sys 0.000s
I20260601 13:24:17.615835  7550 log_block_manager.cc:4031] Time spent loading block containers with low live blocks: real 0.000s	user 0.000s	sys 0.000s
I20260601 13:24:17.616130  2623 fs_manager.cc:730] Time spent opening block manager: real 0.001s	user 0.001s	sys 0.000s
I20260601 13:24:17.616199  2623 fs_manager.cc:647] Opened local filesystem: /tmp/dist-test-taskpMhoLf/test-tmp/auto_rebalancer-test.0.AutoRebalancerTest.TestMaxMovesPerServer.1780320151799775-2623-0/minicluster-data/ts-5-root
uuid: "95e3d0a8b7634e0ab25f3f9b06fe1064"
format_stamp: "Formatted at 2026-06-01 13:24:17 on dist-test-slave-jbb7"
I20260601 13:24:17.616252  2623 fs_report.cc:389] FS layout report
--------------------
wal directory: /tmp/dist-test-taskpMhoLf/test-tmp/auto_rebalancer-test.0.AutoRebalancerTest.TestMaxMovesPerServer.1780320151799775-2623-0/minicluster-data/ts-5-root
metadata directory: /tmp/dist-test-taskpMhoLf/test-tmp/auto_rebalancer-test.0.AutoRebalancerTest.TestMaxMovesPerServer.1780320151799775-2623-0/minicluster-data/ts-5-root
1 data directories: /tmp/dist-test-taskpMhoLf/test-tmp/auto_rebalancer-test.0.AutoRebalancerTest.TestMaxMovesPerServer.1780320151799775-2623-0/minicluster-data/ts-5-root/data
Total live blocks: 0
Total live bytes: 0
Total live bytes (after alignment): 0
Total number of LBM containers: 0 (0 full)
Did not check for missing blocks
Did not check for orphaned blocks
Total full LBM containers with extra space: 0 (0 repaired)
Total full LBM container extra space in bytes: 0 (0 repaired)
Total incomplete LBM containers: 0 (0 repaired)
Total LBM partial records: 0 (0 repaired)
Total corrupted LBM metadata records in RocksDB: 0 (0 repaired)
I20260601 13:24:17.623116  2623 rpc_server.cc:225] running with OpenSSL 1.1.1  11 Sep 2018
I20260601 13:24:17.623584  2623 kserver.cc:163] Server-wide thread pool size limit: 3276
I20260601 13:24:17.623915  2623 txn_system_client.cc:432] TxnSystemClient initialization is disabled...
I20260601 13:24:17.624418  2623 ts_tablet_manager.cc:585] Loaded tablet metadata (0 total tablets, 0 live tablets)
I20260601 13:24:17.624507  2623 ts_tablet_manager.cc:531] Time spent load tablet metadata: real 0.000s	user 0.000s	sys 0.000s
I20260601 13:24:17.624593  2623 ts_tablet_manager.cc:616] Registered 0 tablets
I20260601 13:24:17.624645  2623 ts_tablet_manager.cc:595] Time spent register tablets: real 0.000s	user 0.000s	sys 0.000s
I20260601 13:24:17.629944  2623 rpc_server.cc:307] RPC server started. Bound to: 127.2.143.198:33947
I20260601 13:24:17.630100  7613 acceptor_pool.cc:272] collecting diagnostics on the listening RPC socket 127.2.143.198:33947 every 8 connection(s)
I20260601 13:24:17.635346  7614 heartbeater.cc:344] Connected to a master server at 127.2.143.254:41995
I20260601 13:24:17.635471  7614 heartbeater.cc:461] Registering TS with master...
I20260601 13:24:17.635759  7614 heartbeater.cc:507] Master 127.2.143.254:41995 requested a full tablet report, sending...
I20260601 13:24:17.636471  6948 ts_manager.cc:194] Registered new tserver with Master: 95e3d0a8b7634e0ab25f3f9b06fe1064 (127.2.143.198:33947)
I20260601 13:24:17.637030  6948 master_service.cc:502] Signed X509 certificate for tserver {username='slave'} at 127.0.0.1:46220
I20260601 13:24:18.432199  7055 consensus_queue.cc:237] T 82c709285a2f42cca23c47bded6a6bb5 P 3ddb72665cf14d39b1478cf87873eefc [LEADER]: Queue going to LEADER mode. State: All replicated index: 0, Majority replicated index: 26, Committed index: 26, Last appended: 1.26, Last appended by leader: 0, Current term: 1, Majority size: 2, State: 0, Mode: LEADER, active raft config: opid_index: 27 OBSOLETE_local: false peers { permanent_uuid: "3ddb72665cf14d39b1478cf87873eefc" member_type: VOTER last_known_addr { host: "127.2.143.193" port: 40239 } } peers { permanent_uuid: "71ea2a94d6104825b8f0ac9d42a93c12" member_type: VOTER last_known_addr { host: "127.2.143.194" port: 34195 } attrs { replace: true } } peers { permanent_uuid: "fc25e6cadf4b4449a6a2ae7618d21671" member_type: VOTER last_known_addr { host: "127.2.143.195" port: 44699 } } peers { permanent_uuid: "bcc813c5091f4dbfa000be3c8efb5db7" member_type: NON_VOTER last_known_addr { host: "127.2.143.197" port: 34103 } attrs { promote: true } }
I20260601 13:24:18.433957  7126 raft_consensus.cc:1275] T 82c709285a2f42cca23c47bded6a6bb5 P 71ea2a94d6104825b8f0ac9d42a93c12 [term 1 FOLLOWER]: Refusing update from remote peer 3ddb72665cf14d39b1478cf87873eefc: Log matching property violated. Preceding OpId in replica: term: 1 index: 26. Preceding OpId from leader: term: 1 index: 27. (index mismatch)
I20260601 13:24:18.434469  7204 raft_consensus.cc:1275] T 82c709285a2f42cca23c47bded6a6bb5 P fc25e6cadf4b4449a6a2ae7618d21671 [term 1 FOLLOWER]: Refusing update from remote peer 3ddb72665cf14d39b1478cf87873eefc: Log matching property violated. Preceding OpId in replica: term: 1 index: 26. Preceding OpId from leader: term: 1 index: 27. (index mismatch)
I20260601 13:24:18.434417  7619 consensus_queue.cc:1048] T 82c709285a2f42cca23c47bded6a6bb5 P 3ddb72665cf14d39b1478cf87873eefc [LEADER]: Connected to new peer: Peer: permanent_uuid: "71ea2a94d6104825b8f0ac9d42a93c12" member_type: VOTER last_known_addr { host: "127.2.143.194" port: 34195 } attrs { replace: true }, Status: LMP_MISMATCH, Last received: 0.0, Next index: 27, Last known committed idx: 26, Time since last communication: 0.000s
I20260601 13:24:18.434834  7257 consensus_queue.cc:1048] T 82c709285a2f42cca23c47bded6a6bb5 P 3ddb72665cf14d39b1478cf87873eefc [LEADER]: Connected to new peer: Peer: permanent_uuid: "fc25e6cadf4b4449a6a2ae7618d21671" member_type: VOTER last_known_addr { host: "127.2.143.195" port: 44699 }, Status: LMP_MISMATCH, Last received: 0.0, Next index: 27, Last known committed idx: 26, Time since last communication: 0.000s
I20260601 13:24:18.436040  7619 raft_consensus.cc:2955] T 82c709285a2f42cca23c47bded6a6bb5 P 3ddb72665cf14d39b1478cf87873eefc [term 1 LEADER]: Committing config change with OpId 1.27: config changed from index -1 to 27, NON_VOTER bcc813c5091f4dbfa000be3c8efb5db7 (127.2.143.197) added. New config: { opid_index: 27 OBSOLETE_local: false peers { permanent_uuid: "3ddb72665cf14d39b1478cf87873eefc" member_type: VOTER last_known_addr { host: "127.2.143.193" port: 40239 } } peers { permanent_uuid: "71ea2a94d6104825b8f0ac9d42a93c12" member_type: VOTER last_known_addr { host: "127.2.143.194" port: 34195 } attrs { replace: true } } peers { permanent_uuid: "fc25e6cadf4b4449a6a2ae7618d21671" member_type: VOTER last_known_addr { host: "127.2.143.195" port: 44699 } } peers { permanent_uuid: "bcc813c5091f4dbfa000be3c8efb5db7" member_type: NON_VOTER last_known_addr { host: "127.2.143.197" port: 34103 } attrs { promote: true } } }
I20260601 13:24:18.436626  7126 raft_consensus.cc:2955] T 82c709285a2f42cca23c47bded6a6bb5 P 71ea2a94d6104825b8f0ac9d42a93c12 [term 1 FOLLOWER]: Committing config change with OpId 1.27: config changed from index -1 to 27, NON_VOTER bcc813c5091f4dbfa000be3c8efb5db7 (127.2.143.197) added. New config: { opid_index: 27 OBSOLETE_local: false peers { permanent_uuid: "3ddb72665cf14d39b1478cf87873eefc" member_type: VOTER last_known_addr { host: "127.2.143.193" port: 40239 } } peers { permanent_uuid: "71ea2a94d6104825b8f0ac9d42a93c12" member_type: VOTER last_known_addr { host: "127.2.143.194" port: 34195 } attrs { replace: true } } peers { permanent_uuid: "fc25e6cadf4b4449a6a2ae7618d21671" member_type: VOTER last_known_addr { host: "127.2.143.195" port: 44699 } } peers { permanent_uuid: "bcc813c5091f4dbfa000be3c8efb5db7" member_type: NON_VOTER last_known_addr { host: "127.2.143.197" port: 34103 } attrs { promote: true } } }
I20260601 13:24:18.439065  6951 catalog_manager.cc:5696] T 82c709285a2f42cca23c47bded6a6bb5 P 3ddb72665cf14d39b1478cf87873eefc reported cstate change: config changed from index -1 to 27, NON_VOTER bcc813c5091f4dbfa000be3c8efb5db7 (127.2.143.197) added. New cstate: current_term: 1 leader_uuid: "3ddb72665cf14d39b1478cf87873eefc" committed_config { opid_index: 27 OBSOLETE_local: false peers { permanent_uuid: "3ddb72665cf14d39b1478cf87873eefc" member_type: VOTER last_known_addr { host: "127.2.143.193" port: 40239 } health_report { overall_health: HEALTHY } } peers { permanent_uuid: "71ea2a94d6104825b8f0ac9d42a93c12" member_type: VOTER last_known_addr { host: "127.2.143.194" port: 34195 } attrs { replace: true } health_report { overall_health: HEALTHY } } peers { permanent_uuid: "fc25e6cadf4b4449a6a2ae7618d21671" member_type: VOTER last_known_addr { host: "127.2.143.195" port: 44699 } health_report { overall_health: HEALTHY } } peers { permanent_uuid: "bcc813c5091f4dbfa000be3c8efb5db7" member_type: NON_VOTER last_known_addr { host: "127.2.143.197" port: 34103 } attrs { promote: true } health_report { overall_health: UNKNOWN } } }
I20260601 13:24:18.439225  7055 consensus_queue.cc:237] T a6cabec534db46839141b01f18d25363 P 3ddb72665cf14d39b1478cf87873eefc [LEADER]: Queue going to LEADER mode. State: All replicated index: 0, Majority replicated index: 27, Committed index: 27, Last appended: 1.27, Last appended by leader: 0, Current term: 1, Majority size: 2, State: 0, Mode: LEADER, active raft config: opid_index: 28 OBSOLETE_local: false peers { permanent_uuid: "3ddb72665cf14d39b1478cf87873eefc" member_type: VOTER last_known_addr { host: "127.2.143.193" port: 40239 } } peers { permanent_uuid: "71ea2a94d6104825b8f0ac9d42a93c12" member_type: VOTER last_known_addr { host: "127.2.143.194" port: 34195 } } peers { permanent_uuid: "fc25e6cadf4b4449a6a2ae7618d21671" member_type: VOTER last_known_addr { host: "127.2.143.195" port: 44699 } attrs { replace: true } } peers { permanent_uuid: "9aae7a1cb08a4866addc32a74d988b5a" member_type: NON_VOTER last_known_addr { host: "127.2.143.196" port: 34063 } attrs { promote: true } }
W20260601 13:24:18.440984  7020 consensus_peers.cc:597] T 82c709285a2f42cca23c47bded6a6bb5 P 3ddb72665cf14d39b1478cf87873eefc -> Peer bcc813c5091f4dbfa000be3c8efb5db7 (127.2.143.197:34103): Couldn't send request to peer bcc813c5091f4dbfa000be3c8efb5db7. Error code: TABLET_NOT_FOUND (6). Status: Not found: Tablet not found: 82c709285a2f42cca23c47bded6a6bb5. This is attempt 1: this message will repeat every 5th retry.
I20260601 13:24:18.440896  7204 raft_consensus.cc:2955] T 82c709285a2f42cca23c47bded6a6bb5 P fc25e6cadf4b4449a6a2ae7618d21671 [term 1 FOLLOWER]: Committing config change with OpId 1.27: config changed from index -1 to 27, NON_VOTER bcc813c5091f4dbfa000be3c8efb5db7 (127.2.143.197) added. New config: { opid_index: 27 OBSOLETE_local: false peers { permanent_uuid: "3ddb72665cf14d39b1478cf87873eefc" member_type: VOTER last_known_addr { host: "127.2.143.193" port: 40239 } } peers { permanent_uuid: "71ea2a94d6104825b8f0ac9d42a93c12" member_type: VOTER last_known_addr { host: "127.2.143.194" port: 34195 } attrs { replace: true } } peers { permanent_uuid: "fc25e6cadf4b4449a6a2ae7618d21671" member_type: VOTER last_known_addr { host: "127.2.143.195" port: 44699 } } peers { permanent_uuid: "bcc813c5091f4dbfa000be3c8efb5db7" member_type: NON_VOTER last_known_addr { host: "127.2.143.197" port: 34103 } attrs { promote: true } } }
I20260601 13:24:18.442780  7126 raft_consensus.cc:1275] T a6cabec534db46839141b01f18d25363 P 71ea2a94d6104825b8f0ac9d42a93c12 [term 1 FOLLOWER]: Refusing update from remote peer 3ddb72665cf14d39b1478cf87873eefc: Log matching property violated. Preceding OpId in replica: term: 1 index: 27. Preceding OpId from leader: term: 1 index: 28. (index mismatch)
I20260601 13:24:18.443280  7619 consensus_queue.cc:1048] T a6cabec534db46839141b01f18d25363 P 3ddb72665cf14d39b1478cf87873eefc [LEADER]: Connected to new peer: Peer: permanent_uuid: "71ea2a94d6104825b8f0ac9d42a93c12" member_type: VOTER last_known_addr { host: "127.2.143.194" port: 34195 }, Status: LMP_MISMATCH, Last received: 0.0, Next index: 28, Last known committed idx: 27, Time since last communication: 0.000s
I20260601 13:24:18.443339  7204 raft_consensus.cc:1275] T a6cabec534db46839141b01f18d25363 P fc25e6cadf4b4449a6a2ae7618d21671 [term 1 FOLLOWER]: Refusing update from remote peer 3ddb72665cf14d39b1478cf87873eefc: Log matching property violated. Preceding OpId in replica: term: 1 index: 27. Preceding OpId from leader: term: 1 index: 28. (index mismatch)
I20260601 13:24:18.444048  7619 consensus_queue.cc:1048] T a6cabec534db46839141b01f18d25363 P 3ddb72665cf14d39b1478cf87873eefc [LEADER]: Connected to new peer: Peer: permanent_uuid: "fc25e6cadf4b4449a6a2ae7618d21671" member_type: VOTER last_known_addr { host: "127.2.143.195" port: 44699 } attrs { replace: true }, Status: LMP_MISMATCH, Last received: 0.0, Next index: 28, Last known committed idx: 27, Time since last communication: 0.000s
W20260601 13:24:18.446157  7020 consensus_peers.cc:597] T a6cabec534db46839141b01f18d25363 P 3ddb72665cf14d39b1478cf87873eefc -> Peer 9aae7a1cb08a4866addc32a74d988b5a (127.2.143.196:34063): Couldn't send request to peer 9aae7a1cb08a4866addc32a74d988b5a. Error code: TABLET_NOT_FOUND (6). Status: Not found: Tablet not found: a6cabec534db46839141b01f18d25363. This is attempt 1: this message will repeat every 5th retry.
I20260601 13:24:18.446502  7388 raft_consensus.cc:2955] T a6cabec534db46839141b01f18d25363 P 3ddb72665cf14d39b1478cf87873eefc [term 1 LEADER]: Committing config change with OpId 1.28: config changed from index -1 to 28, NON_VOTER 9aae7a1cb08a4866addc32a74d988b5a (127.2.143.196) added. New config: { opid_index: 28 OBSOLETE_local: false peers { permanent_uuid: "3ddb72665cf14d39b1478cf87873eefc" member_type: VOTER last_known_addr { host: "127.2.143.193" port: 40239 } } peers { permanent_uuid: "71ea2a94d6104825b8f0ac9d42a93c12" member_type: VOTER last_known_addr { host: "127.2.143.194" port: 34195 } } peers { permanent_uuid: "fc25e6cadf4b4449a6a2ae7618d21671" member_type: VOTER last_known_addr { host: "127.2.143.195" port: 44699 } attrs { replace: true } } peers { permanent_uuid: "9aae7a1cb08a4866addc32a74d988b5a" member_type: NON_VOTER last_known_addr { host: "127.2.143.196" port: 34063 } attrs { promote: true } } }
I20260601 13:24:18.448787  7126 raft_consensus.cc:2955] T a6cabec534db46839141b01f18d25363 P 71ea2a94d6104825b8f0ac9d42a93c12 [term 1 FOLLOWER]: Committing config change with OpId 1.28: config changed from index -1 to 28, NON_VOTER 9aae7a1cb08a4866addc32a74d988b5a (127.2.143.196) added. New config: { opid_index: 28 OBSOLETE_local: false peers { permanent_uuid: "3ddb72665cf14d39b1478cf87873eefc" member_type: VOTER last_known_addr { host: "127.2.143.193" port: 40239 } } peers { permanent_uuid: "71ea2a94d6104825b8f0ac9d42a93c12" member_type: VOTER last_known_addr { host: "127.2.143.194" port: 34195 } } peers { permanent_uuid: "fc25e6cadf4b4449a6a2ae7618d21671" member_type: VOTER last_known_addr { host: "127.2.143.195" port: 44699 } attrs { replace: true } } peers { permanent_uuid: "9aae7a1cb08a4866addc32a74d988b5a" member_type: NON_VOTER last_known_addr { host: "127.2.143.196" port: 34063 } attrs { promote: true } } }
I20260601 13:24:18.448923  6948 catalog_manager.cc:5696] T a6cabec534db46839141b01f18d25363 P 3ddb72665cf14d39b1478cf87873eefc reported cstate change: config changed from index -1 to 28, NON_VOTER 9aae7a1cb08a4866addc32a74d988b5a (127.2.143.196) added. New cstate: current_term: 1 leader_uuid: "3ddb72665cf14d39b1478cf87873eefc" committed_config { opid_index: 28 OBSOLETE_local: false peers { permanent_uuid: "3ddb72665cf14d39b1478cf87873eefc" member_type: VOTER last_known_addr { host: "127.2.143.193" port: 40239 } health_report { overall_health: HEALTHY } } peers { permanent_uuid: "71ea2a94d6104825b8f0ac9d42a93c12" member_type: VOTER last_known_addr { host: "127.2.143.194" port: 34195 } health_report { overall_health: HEALTHY } } peers { permanent_uuid: "fc25e6cadf4b4449a6a2ae7618d21671" member_type: VOTER last_known_addr { host: "127.2.143.195" port: 44699 } attrs { replace: true } health_report { overall_health: UNKNOWN } } peers { permanent_uuid: "9aae7a1cb08a4866addc32a74d988b5a" member_type: NON_VOTER last_known_addr { host: "127.2.143.196" port: 34063 } attrs { promote: true } health_report { overall_health: UNKNOWN } } }
I20260601 13:24:18.449600  7204 raft_consensus.cc:2955] T a6cabec534db46839141b01f18d25363 P fc25e6cadf4b4449a6a2ae7618d21671 [term 1 FOLLOWER]: Committing config change with OpId 1.28: config changed from index -1 to 28, NON_VOTER 9aae7a1cb08a4866addc32a74d988b5a (127.2.143.196) added. New config: { opid_index: 28 OBSOLETE_local: false peers { permanent_uuid: "3ddb72665cf14d39b1478cf87873eefc" member_type: VOTER last_known_addr { host: "127.2.143.193" port: 40239 } } peers { permanent_uuid: "71ea2a94d6104825b8f0ac9d42a93c12" member_type: VOTER last_known_addr { host: "127.2.143.194" port: 34195 } } peers { permanent_uuid: "fc25e6cadf4b4449a6a2ae7618d21671" member_type: VOTER last_known_addr { host: "127.2.143.195" port: 44699 } attrs { replace: true } } peers { permanent_uuid: "9aae7a1cb08a4866addc32a74d988b5a" member_type: NON_VOTER last_known_addr { host: "127.2.143.196" port: 34063 } attrs { promote: true } } }
I20260601 13:24:18.455000  7126 consensus_queue.cc:237] T d9c863072fd04806a351408f092cb4eb P 71ea2a94d6104825b8f0ac9d42a93c12 [LEADER]: Queue going to LEADER mode. State: All replicated index: 0, Majority replicated index: 27, Committed index: 27, Last appended: 1.27, Last appended by leader: 0, Current term: 1, Majority size: 2, State: 0, Mode: LEADER, active raft config: opid_index: 28 OBSOLETE_local: false peers { permanent_uuid: "3ddb72665cf14d39b1478cf87873eefc" member_type: VOTER last_known_addr { host: "127.2.143.193" port: 40239 } attrs { replace: true } } peers { permanent_uuid: "71ea2a94d6104825b8f0ac9d42a93c12" member_type: VOTER last_known_addr { host: "127.2.143.194" port: 34195 } } peers { permanent_uuid: "fc25e6cadf4b4449a6a2ae7618d21671" member_type: VOTER last_known_addr { host: "127.2.143.195" port: 44699 } } peers { permanent_uuid: "95e3d0a8b7634e0ab25f3f9b06fe1064" member_type: NON_VOTER last_known_addr { host: "127.2.143.198" port: 33947 } attrs { promote: true } }
I20260601 13:24:18.456424  7055 raft_consensus.cc:1275] T d9c863072fd04806a351408f092cb4eb P 3ddb72665cf14d39b1478cf87873eefc [term 1 FOLLOWER]: Refusing update from remote peer 71ea2a94d6104825b8f0ac9d42a93c12: Log matching property violated. Preceding OpId in replica: term: 1 index: 27. Preceding OpId from leader: term: 1 index: 28. (index mismatch)
I20260601 13:24:18.456779  7204 raft_consensus.cc:1275] T d9c863072fd04806a351408f092cb4eb P fc25e6cadf4b4449a6a2ae7618d21671 [term 1 FOLLOWER]: Refusing update from remote peer 71ea2a94d6104825b8f0ac9d42a93c12: Log matching property violated. Preceding OpId in replica: term: 1 index: 27. Preceding OpId from leader: term: 1 index: 28. (index mismatch)
I20260601 13:24:18.456843  7622 consensus_queue.cc:1048] T d9c863072fd04806a351408f092cb4eb P 71ea2a94d6104825b8f0ac9d42a93c12 [LEADER]: Connected to new peer: Peer: permanent_uuid: "3ddb72665cf14d39b1478cf87873eefc" member_type: VOTER last_known_addr { host: "127.2.143.193" port: 40239 } attrs { replace: true }, Status: LMP_MISMATCH, Last received: 0.0, Next index: 28, Last known committed idx: 27, Time since last communication: 0.000s
I20260601 13:24:18.457368  7622 consensus_queue.cc:1048] T d9c863072fd04806a351408f092cb4eb P 71ea2a94d6104825b8f0ac9d42a93c12 [LEADER]: Connected to new peer: Peer: permanent_uuid: "fc25e6cadf4b4449a6a2ae7618d21671" member_type: VOTER last_known_addr { host: "127.2.143.195" port: 44699 }, Status: LMP_MISMATCH, Last received: 0.0, Next index: 28, Last known committed idx: 27, Time since last communication: 0.000s
I20260601 13:24:18.458724  7342 raft_consensus.cc:2955] T d9c863072fd04806a351408f092cb4eb P 71ea2a94d6104825b8f0ac9d42a93c12 [term 1 LEADER]: Committing config change with OpId 1.28: config changed from index -1 to 28, NON_VOTER 95e3d0a8b7634e0ab25f3f9b06fe1064 (127.2.143.198) added. New config: { opid_index: 28 OBSOLETE_local: false peers { permanent_uuid: "3ddb72665cf14d39b1478cf87873eefc" member_type: VOTER last_known_addr { host: "127.2.143.193" port: 40239 } attrs { replace: true } } peers { permanent_uuid: "71ea2a94d6104825b8f0ac9d42a93c12" member_type: VOTER last_known_addr { host: "127.2.143.194" port: 34195 } } peers { permanent_uuid: "fc25e6cadf4b4449a6a2ae7618d21671" member_type: VOTER last_known_addr { host: "127.2.143.195" port: 44699 } } peers { permanent_uuid: "95e3d0a8b7634e0ab25f3f9b06fe1064" member_type: NON_VOTER last_known_addr { host: "127.2.143.198" port: 33947 } attrs { promote: true } } }
I20260601 13:24:18.459060  7055 raft_consensus.cc:2955] T d9c863072fd04806a351408f092cb4eb P 3ddb72665cf14d39b1478cf87873eefc [term 1 FOLLOWER]: Committing config change with OpId 1.28: config changed from index -1 to 28, NON_VOTER 95e3d0a8b7634e0ab25f3f9b06fe1064 (127.2.143.198) added. New config: { opid_index: 28 OBSOLETE_local: false peers { permanent_uuid: "3ddb72665cf14d39b1478cf87873eefc" member_type: VOTER last_known_addr { host: "127.2.143.193" port: 40239 } attrs { replace: true } } peers { permanent_uuid: "71ea2a94d6104825b8f0ac9d42a93c12" member_type: VOTER last_known_addr { host: "127.2.143.194" port: 34195 } } peers { permanent_uuid: "fc25e6cadf4b4449a6a2ae7618d21671" member_type: VOTER last_known_addr { host: "127.2.143.195" port: 44699 } } peers { permanent_uuid: "95e3d0a8b7634e0ab25f3f9b06fe1064" member_type: NON_VOTER last_known_addr { host: "127.2.143.198" port: 33947 } attrs { promote: true } } }
I20260601 13:24:18.459283  7204 raft_consensus.cc:2955] T d9c863072fd04806a351408f092cb4eb P fc25e6cadf4b4449a6a2ae7618d21671 [term 1 FOLLOWER]: Committing config change with OpId 1.28: config changed from index -1 to 28, NON_VOTER 95e3d0a8b7634e0ab25f3f9b06fe1064 (127.2.143.198) added. New config: { opid_index: 28 OBSOLETE_local: false peers { permanent_uuid: "3ddb72665cf14d39b1478cf87873eefc" member_type: VOTER last_known_addr { host: "127.2.143.193" port: 40239 } attrs { replace: true } } peers { permanent_uuid: "71ea2a94d6104825b8f0ac9d42a93c12" member_type: VOTER last_known_addr { host: "127.2.143.194" port: 34195 } } peers { permanent_uuid: "fc25e6cadf4b4449a6a2ae7618d21671" member_type: VOTER last_known_addr { host: "127.2.143.195" port: 44699 } } peers { permanent_uuid: "95e3d0a8b7634e0ab25f3f9b06fe1064" member_type: NON_VOTER last_known_addr { host: "127.2.143.198" port: 33947 } attrs { promote: true } } }
I20260601 13:24:18.461504  6945 catalog_manager.cc:5696] T d9c863072fd04806a351408f092cb4eb P 71ea2a94d6104825b8f0ac9d42a93c12 reported cstate change: config changed from index -1 to 28, NON_VOTER 95e3d0a8b7634e0ab25f3f9b06fe1064 (127.2.143.198) added. New cstate: current_term: 1 leader_uuid: "71ea2a94d6104825b8f0ac9d42a93c12" committed_config { opid_index: 28 OBSOLETE_local: false peers { permanent_uuid: "3ddb72665cf14d39b1478cf87873eefc" member_type: VOTER last_known_addr { host: "127.2.143.193" port: 40239 } attrs { replace: true } health_report { overall_health: HEALTHY } } peers { permanent_uuid: "71ea2a94d6104825b8f0ac9d42a93c12" member_type: VOTER last_known_addr { host: "127.2.143.194" port: 34195 } health_report { overall_health: HEALTHY } } peers { permanent_uuid: "fc25e6cadf4b4449a6a2ae7618d21671" member_type: VOTER last_known_addr { host: "127.2.143.195" port: 44699 } health_report { overall_health: HEALTHY } } peers { permanent_uuid: "95e3d0a8b7634e0ab25f3f9b06fe1064" member_type: NON_VOTER last_known_addr { host: "127.2.143.198" port: 33947 } attrs { promote: true } health_report { overall_health: UNKNOWN } } }
I20260601 13:24:18.462517  7126 consensus_queue.cc:237] T f0b18fc4844046a2adc3fa597798ad30 P 71ea2a94d6104825b8f0ac9d42a93c12 [LEADER]: Queue going to LEADER mode. State: All replicated index: 0, Majority replicated index: 27, Committed index: 27, Last appended: 1.27, Last appended by leader: 0, Current term: 1, Majority size: 2, State: 0, Mode: LEADER, active raft config: opid_index: 28 OBSOLETE_local: false peers { permanent_uuid: "3ddb72665cf14d39b1478cf87873eefc" member_type: VOTER last_known_addr { host: "127.2.143.193" port: 40239 } } peers { permanent_uuid: "71ea2a94d6104825b8f0ac9d42a93c12" member_type: VOTER last_known_addr { host: "127.2.143.194" port: 34195 } } peers { permanent_uuid: "fc25e6cadf4b4449a6a2ae7618d21671" member_type: VOTER last_known_addr { host: "127.2.143.195" port: 44699 } attrs { replace: true } } peers { permanent_uuid: "95e3d0a8b7634e0ab25f3f9b06fe1064" member_type: NON_VOTER last_known_addr { host: "127.2.143.198" port: 33947 } attrs { promote: true } }
I20260601 13:24:18.463865  7204 raft_consensus.cc:1275] T f0b18fc4844046a2adc3fa597798ad30 P fc25e6cadf4b4449a6a2ae7618d21671 [term 1 FOLLOWER]: Refusing update from remote peer 71ea2a94d6104825b8f0ac9d42a93c12: Log matching property violated. Preceding OpId in replica: term: 1 index: 27. Preceding OpId from leader: term: 1 index: 28. (index mismatch)
I20260601 13:24:18.463915  7055 raft_consensus.cc:1275] T f0b18fc4844046a2adc3fa597798ad30 P 3ddb72665cf14d39b1478cf87873eefc [term 1 FOLLOWER]: Refusing update from remote peer 71ea2a94d6104825b8f0ac9d42a93c12: Log matching property violated. Preceding OpId in replica: term: 1 index: 27. Preceding OpId from leader: term: 1 index: 28. (index mismatch)
I20260601 13:24:18.464272  7622 consensus_queue.cc:1048] T f0b18fc4844046a2adc3fa597798ad30 P 71ea2a94d6104825b8f0ac9d42a93c12 [LEADER]: Connected to new peer: Peer: permanent_uuid: "3ddb72665cf14d39b1478cf87873eefc" member_type: VOTER last_known_addr { host: "127.2.143.193" port: 40239 }, Status: LMP_MISMATCH, Last received: 0.0, Next index: 28, Last known committed idx: 27, Time since last communication: 0.000s
I20260601 13:24:18.464531  7342 consensus_queue.cc:1048] T f0b18fc4844046a2adc3fa597798ad30 P 71ea2a94d6104825b8f0ac9d42a93c12 [LEADER]: Connected to new peer: Peer: permanent_uuid: "fc25e6cadf4b4449a6a2ae7618d21671" member_type: VOTER last_known_addr { host: "127.2.143.195" port: 44699 } attrs { replace: true }, Status: LMP_MISMATCH, Last received: 0.0, Next index: 28, Last known committed idx: 27, Time since last communication: 0.000s
I20260601 13:24:18.466231  7342 raft_consensus.cc:2955] T f0b18fc4844046a2adc3fa597798ad30 P 71ea2a94d6104825b8f0ac9d42a93c12 [term 1 LEADER]: Committing config change with OpId 1.28: config changed from index -1 to 28, NON_VOTER 95e3d0a8b7634e0ab25f3f9b06fe1064 (127.2.143.198) added. New config: { opid_index: 28 OBSOLETE_local: false peers { permanent_uuid: "3ddb72665cf14d39b1478cf87873eefc" member_type: VOTER last_known_addr { host: "127.2.143.193" port: 40239 } } peers { permanent_uuid: "71ea2a94d6104825b8f0ac9d42a93c12" member_type: VOTER last_known_addr { host: "127.2.143.194" port: 34195 } } peers { permanent_uuid: "fc25e6cadf4b4449a6a2ae7618d21671" member_type: VOTER last_known_addr { host: "127.2.143.195" port: 44699 } attrs { replace: true } } peers { permanent_uuid: "95e3d0a8b7634e0ab25f3f9b06fe1064" member_type: NON_VOTER last_known_addr { host: "127.2.143.198" port: 33947 } attrs { promote: true } } }
I20260601 13:24:18.466697  7055 raft_consensus.cc:2955] T f0b18fc4844046a2adc3fa597798ad30 P 3ddb72665cf14d39b1478cf87873eefc [term 1 FOLLOWER]: Committing config change with OpId 1.28: config changed from index -1 to 28, NON_VOTER 95e3d0a8b7634e0ab25f3f9b06fe1064 (127.2.143.198) added. New config: { opid_index: 28 OBSOLETE_local: false peers { permanent_uuid: "3ddb72665cf14d39b1478cf87873eefc" member_type: VOTER last_known_addr { host: "127.2.143.193" port: 40239 } } peers { permanent_uuid: "71ea2a94d6104825b8f0ac9d42a93c12" member_type: VOTER last_known_addr { host: "127.2.143.194" port: 34195 } } peers { permanent_uuid: "fc25e6cadf4b4449a6a2ae7618d21671" member_type: VOTER last_known_addr { host: "127.2.143.195" port: 44699 } attrs { replace: true } } peers { permanent_uuid: "95e3d0a8b7634e0ab25f3f9b06fe1064" member_type: NON_VOTER last_known_addr { host: "127.2.143.198" port: 33947 } attrs { promote: true } } }
W20260601 13:24:18.468156  7096 consensus_peers.cc:597] T d9c863072fd04806a351408f092cb4eb P 71ea2a94d6104825b8f0ac9d42a93c12 -> Peer 95e3d0a8b7634e0ab25f3f9b06fe1064 (127.2.143.198:33947): Couldn't send request to peer 95e3d0a8b7634e0ab25f3f9b06fe1064. Error code: TABLET_NOT_FOUND (6). Status: Not found: Tablet not found: d9c863072fd04806a351408f092cb4eb. This is attempt 1: this message will repeat every 5th retry.
I20260601 13:24:18.468276  7204 raft_consensus.cc:2955] T f0b18fc4844046a2adc3fa597798ad30 P fc25e6cadf4b4449a6a2ae7618d21671 [term 1 FOLLOWER]: Committing config change with OpId 1.28: config changed from index -1 to 28, NON_VOTER 95e3d0a8b7634e0ab25f3f9b06fe1064 (127.2.143.198) added. New config: { opid_index: 28 OBSOLETE_local: false peers { permanent_uuid: "3ddb72665cf14d39b1478cf87873eefc" member_type: VOTER last_known_addr { host: "127.2.143.193" port: 40239 } } peers { permanent_uuid: "71ea2a94d6104825b8f0ac9d42a93c12" member_type: VOTER last_known_addr { host: "127.2.143.194" port: 34195 } } peers { permanent_uuid: "fc25e6cadf4b4449a6a2ae7618d21671" member_type: VOTER last_known_addr { host: "127.2.143.195" port: 44699 } attrs { replace: true } } peers { permanent_uuid: "95e3d0a8b7634e0ab25f3f9b06fe1064" member_type: NON_VOTER last_known_addr { host: "127.2.143.198" port: 33947 } attrs { promote: true } } }
W20260601 13:24:18.468287  7096 consensus_peers.cc:597] T f0b18fc4844046a2adc3fa597798ad30 P 71ea2a94d6104825b8f0ac9d42a93c12 -> Peer 95e3d0a8b7634e0ab25f3f9b06fe1064 (127.2.143.198:33947): Couldn't send request to peer 95e3d0a8b7634e0ab25f3f9b06fe1064. Error code: TABLET_NOT_FOUND (6). Status: Not found: Tablet not found: f0b18fc4844046a2adc3fa597798ad30. This is attempt 1: this message will repeat every 5th retry.
I20260601 13:24:18.468892  6951 catalog_manager.cc:5696] T f0b18fc4844046a2adc3fa597798ad30 P 3ddb72665cf14d39b1478cf87873eefc reported cstate change: config changed from index -1 to 28, NON_VOTER 95e3d0a8b7634e0ab25f3f9b06fe1064 (127.2.143.198) added. New cstate: current_term: 1 leader_uuid: "71ea2a94d6104825b8f0ac9d42a93c12" committed_config { opid_index: 28 OBSOLETE_local: false peers { permanent_uuid: "3ddb72665cf14d39b1478cf87873eefc" member_type: VOTER last_known_addr { host: "127.2.143.193" port: 40239 } } peers { permanent_uuid: "71ea2a94d6104825b8f0ac9d42a93c12" member_type: VOTER last_known_addr { host: "127.2.143.194" port: 34195 } } peers { permanent_uuid: "fc25e6cadf4b4449a6a2ae7618d21671" member_type: VOTER last_known_addr { host: "127.2.143.195" port: 44699 } attrs { replace: true } } peers { permanent_uuid: "95e3d0a8b7634e0ab25f3f9b06fe1064" member_type: NON_VOTER last_known_addr { host: "127.2.143.198" port: 33947 } attrs { promote: true } } }
I20260601 13:24:18.469719  7055 consensus_queue.cc:237] T 41f25759712946fba211e01fea54b5c9 P 3ddb72665cf14d39b1478cf87873eefc [LEADER]: Queue going to LEADER mode. State: All replicated index: 0, Majority replicated index: 27, Committed index: 27, Last appended: 1.27, Last appended by leader: 0, Current term: 1, Majority size: 2, State: 0, Mode: LEADER, active raft config: opid_index: 28 OBSOLETE_local: false peers { permanent_uuid: "3ddb72665cf14d39b1478cf87873eefc" member_type: VOTER last_known_addr { host: "127.2.143.193" port: 40239 } } peers { permanent_uuid: "71ea2a94d6104825b8f0ac9d42a93c12" member_type: VOTER last_known_addr { host: "127.2.143.194" port: 34195 } attrs { replace: true } } peers { permanent_uuid: "fc25e6cadf4b4449a6a2ae7618d21671" member_type: VOTER last_known_addr { host: "127.2.143.195" port: 44699 } } peers { permanent_uuid: "9aae7a1cb08a4866addc32a74d988b5a" member_type: NON_VOTER last_known_addr { host: "127.2.143.196" port: 34063 } attrs { promote: true } }
W20260601 13:24:18.472659  7020 consensus_peers.cc:597] T 41f25759712946fba211e01fea54b5c9 P 3ddb72665cf14d39b1478cf87873eefc -> Peer 9aae7a1cb08a4866addc32a74d988b5a (127.2.143.196:34063): Couldn't send request to peer 9aae7a1cb08a4866addc32a74d988b5a. Error code: TABLET_NOT_FOUND (6). Status: Not found: Tablet not found: 41f25759712946fba211e01fea54b5c9. This is attempt 1: this message will repeat every 5th retry.
I20260601 13:24:18.472810  7205 raft_consensus.cc:1275] T 41f25759712946fba211e01fea54b5c9 P fc25e6cadf4b4449a6a2ae7618d21671 [term 1 FOLLOWER]: Refusing update from remote peer 3ddb72665cf14d39b1478cf87873eefc: Log matching property violated. Preceding OpId in replica: term: 1 index: 27. Preceding OpId from leader: term: 1 index: 28. (index mismatch)
I20260601 13:24:18.473022  7126 raft_consensus.cc:1275] T 41f25759712946fba211e01fea54b5c9 P 71ea2a94d6104825b8f0ac9d42a93c12 [term 1 FOLLOWER]: Refusing update from remote peer 3ddb72665cf14d39b1478cf87873eefc: Log matching property violated. Preceding OpId in replica: term: 1 index: 27. Preceding OpId from leader: term: 1 index: 28. (index mismatch)
I20260601 13:24:18.473181  7257 consensus_queue.cc:1048] T 41f25759712946fba211e01fea54b5c9 P 3ddb72665cf14d39b1478cf87873eefc [LEADER]: Connected to new peer: Peer: permanent_uuid: "fc25e6cadf4b4449a6a2ae7618d21671" member_type: VOTER last_known_addr { host: "127.2.143.195" port: 44699 }, Status: LMP_MISMATCH, Last received: 0.0, Next index: 28, Last known committed idx: 27, Time since last communication: 0.000s
I20260601 13:24:18.473780  7257 consensus_queue.cc:1048] T 41f25759712946fba211e01fea54b5c9 P 3ddb72665cf14d39b1478cf87873eefc [LEADER]: Connected to new peer: Peer: permanent_uuid: "71ea2a94d6104825b8f0ac9d42a93c12" member_type: VOTER last_known_addr { host: "127.2.143.194" port: 34195 } attrs { replace: true }, Status: LMP_MISMATCH, Last received: 0.0, Next index: 28, Last known committed idx: 27, Time since last communication: 0.000s
I20260601 13:24:18.474926  7388 raft_consensus.cc:2955] T 41f25759712946fba211e01fea54b5c9 P 3ddb72665cf14d39b1478cf87873eefc [term 1 LEADER]: Committing config change with OpId 1.28: config changed from index -1 to 28, NON_VOTER 9aae7a1cb08a4866addc32a74d988b5a (127.2.143.196) added. New config: { opid_index: 28 OBSOLETE_local: false peers { permanent_uuid: "3ddb72665cf14d39b1478cf87873eefc" member_type: VOTER last_known_addr { host: "127.2.143.193" port: 40239 } } peers { permanent_uuid: "71ea2a94d6104825b8f0ac9d42a93c12" member_type: VOTER last_known_addr { host: "127.2.143.194" port: 34195 } attrs { replace: true } } peers { permanent_uuid: "fc25e6cadf4b4449a6a2ae7618d21671" member_type: VOTER last_known_addr { host: "127.2.143.195" port: 44699 } } peers { permanent_uuid: "9aae7a1cb08a4866addc32a74d988b5a" member_type: NON_VOTER last_known_addr { host: "127.2.143.196" port: 34063 } attrs { promote: true } } }
I20260601 13:24:18.475356  7205 raft_consensus.cc:2955] T 41f25759712946fba211e01fea54b5c9 P fc25e6cadf4b4449a6a2ae7618d21671 [term 1 FOLLOWER]: Committing config change with OpId 1.28: config changed from index -1 to 28, NON_VOTER 9aae7a1cb08a4866addc32a74d988b5a (127.2.143.196) added. New config: { opid_index: 28 OBSOLETE_local: false peers { permanent_uuid: "3ddb72665cf14d39b1478cf87873eefc" member_type: VOTER last_known_addr { host: "127.2.143.193" port: 40239 } } peers { permanent_uuid: "71ea2a94d6104825b8f0ac9d42a93c12" member_type: VOTER last_known_addr { host: "127.2.143.194" port: 34195 } attrs { replace: true } } peers { permanent_uuid: "fc25e6cadf4b4449a6a2ae7618d21671" member_type: VOTER last_known_addr { host: "127.2.143.195" port: 44699 } } peers { permanent_uuid: "9aae7a1cb08a4866addc32a74d988b5a" member_type: NON_VOTER last_known_addr { host: "127.2.143.196" port: 34063 } attrs { promote: true } } }
I20260601 13:24:18.477406  6945 catalog_manager.cc:5696] T 41f25759712946fba211e01fea54b5c9 P 3ddb72665cf14d39b1478cf87873eefc reported cstate change: config changed from index -1 to 28, NON_VOTER 9aae7a1cb08a4866addc32a74d988b5a (127.2.143.196) added. New cstate: current_term: 1 leader_uuid: "3ddb72665cf14d39b1478cf87873eefc" committed_config { opid_index: 28 OBSOLETE_local: false peers { permanent_uuid: "3ddb72665cf14d39b1478cf87873eefc" member_type: VOTER last_known_addr { host: "127.2.143.193" port: 40239 } health_report { overall_health: HEALTHY } } peers { permanent_uuid: "71ea2a94d6104825b8f0ac9d42a93c12" member_type: VOTER last_known_addr { host: "127.2.143.194" port: 34195 } attrs { replace: true } health_report { overall_health: UNKNOWN } } peers { permanent_uuid: "fc25e6cadf4b4449a6a2ae7618d21671" member_type: VOTER last_known_addr { host: "127.2.143.195" port: 44699 } health_report { overall_health: HEALTHY } } peers { permanent_uuid: "9aae7a1cb08a4866addc32a74d988b5a" member_type: NON_VOTER last_known_addr { host: "127.2.143.196" port: 34063 } attrs { promote: true } health_report { overall_health: UNKNOWN } } }
I20260601 13:24:18.477422  7126 consensus_queue.cc:237] T 74fc8e483afb42cbb663588506ebeecb P 71ea2a94d6104825b8f0ac9d42a93c12 [LEADER]: Queue going to LEADER mode. State: All replicated index: 0, Majority replicated index: 26, Committed index: 26, Last appended: 1.26, Last appended by leader: 0, Current term: 1, Majority size: 2, State: 0, Mode: LEADER, active raft config: opid_index: 27 OBSOLETE_local: false peers { permanent_uuid: "3ddb72665cf14d39b1478cf87873eefc" member_type: VOTER last_known_addr { host: "127.2.143.193" port: 40239 } attrs { replace: true } } peers { permanent_uuid: "71ea2a94d6104825b8f0ac9d42a93c12" member_type: VOTER last_known_addr { host: "127.2.143.194" port: 34195 } } peers { permanent_uuid: "fc25e6cadf4b4449a6a2ae7618d21671" member_type: VOTER last_known_addr { host: "127.2.143.195" port: 44699 } } peers { permanent_uuid: "bcc813c5091f4dbfa000be3c8efb5db7" member_type: NON_VOTER last_known_addr { host: "127.2.143.197" port: 34103 } attrs { promote: true } }
I20260601 13:24:18.477748  7129 raft_consensus.cc:2955] T 41f25759712946fba211e01fea54b5c9 P 71ea2a94d6104825b8f0ac9d42a93c12 [term 1 FOLLOWER]: Committing config change with OpId 1.28: config changed from index -1 to 28, NON_VOTER 9aae7a1cb08a4866addc32a74d988b5a (127.2.143.196) added. New config: { opid_index: 28 OBSOLETE_local: false peers { permanent_uuid: "3ddb72665cf14d39b1478cf87873eefc" member_type: VOTER last_known_addr { host: "127.2.143.193" port: 40239 } } peers { permanent_uuid: "71ea2a94d6104825b8f0ac9d42a93c12" member_type: VOTER last_known_addr { host: "127.2.143.194" port: 34195 } attrs { replace: true } } peers { permanent_uuid: "fc25e6cadf4b4449a6a2ae7618d21671" member_type: VOTER last_known_addr { host: "127.2.143.195" port: 44699 } } peers { permanent_uuid: "9aae7a1cb08a4866addc32a74d988b5a" member_type: NON_VOTER last_known_addr { host: "127.2.143.196" port: 34063 } attrs { promote: true } } }
I20260601 13:24:18.479729  7055 raft_consensus.cc:1275] T 74fc8e483afb42cbb663588506ebeecb P 3ddb72665cf14d39b1478cf87873eefc [term 1 FOLLOWER]: Refusing update from remote peer 71ea2a94d6104825b8f0ac9d42a93c12: Log matching property violated. Preceding OpId in replica: term: 1 index: 26. Preceding OpId from leader: term: 1 index: 27. (index mismatch)
I20260601 13:24:18.480050  7205 raft_consensus.cc:1275] T 74fc8e483afb42cbb663588506ebeecb P fc25e6cadf4b4449a6a2ae7618d21671 [term 1 FOLLOWER]: Refusing update from remote peer 71ea2a94d6104825b8f0ac9d42a93c12: Log matching property violated. Preceding OpId in replica: term: 1 index: 26. Preceding OpId from leader: term: 1 index: 27. (index mismatch)
