I20260601 13:23:39.629352 16991 raft_consensus.cc:359] T 90380348ae434328ac1b53bc0de5b34c P 44dcd27058934c9aaeaed6d099f6b12b [term 0 FOLLOWER]: Replica starting. Triggering 0 pending ops. Active config: opid_index: -1 OBSOLETE_local: false peers { permanent_uuid: "2bd7955cb3d44a5391f1c5d28a553220" member_type: VOTER last_known_addr { host: "127.13.128.196" port: 45975 } } peers { permanent_uuid: "f91f92302cb745568c6615ace7407a2d" member_type: VOTER last_known_addr { host: "127.13.128.194" port: 40715 } } peers { permanent_uuid: "44dcd27058934c9aaeaed6d099f6b12b" member_type: VOTER last_known_addr { host: "127.13.128.195" port: 37341 } }
I20260601 13:23:39.629449 16991 raft_consensus.cc:385] T 90380348ae434328ac1b53bc0de5b34c P 44dcd27058934c9aaeaed6d099f6b12b [term 0 FOLLOWER]: Consensus starting up: Expiring failure detector timer to make a prompt election more likely
I20260601 13:23:39.629491 16991 raft_consensus.cc:740] T 90380348ae434328ac1b53bc0de5b34c P 44dcd27058934c9aaeaed6d099f6b12b [term 0 FOLLOWER]: Becoming Follower/Learner. State: Replica: 44dcd27058934c9aaeaed6d099f6b12b, State: Initialized, Role: FOLLOWER
I20260601 13:23:39.629597 16991 consensus_queue.cc:260] T 90380348ae434328ac1b53bc0de5b34c P 44dcd27058934c9aaeaed6d099f6b12b [NON_LEADER]: Queue going to NON_LEADER mode. State: All replicated index: 0, Majority replicated index: 0, Committed index: 0, Last appended: 0.0, Last appended by leader: 0, Current term: 0, Majority size: -1, State: 0, Mode: NON_LEADER, active raft config: opid_index: -1 OBSOLETE_local: false peers { permanent_uuid: "2bd7955cb3d44a5391f1c5d28a553220" member_type: VOTER last_known_addr { host: "127.13.128.196" port: 45975 } } peers { permanent_uuid: "f91f92302cb745568c6615ace7407a2d" member_type: VOTER last_known_addr { host: "127.13.128.194" port: 40715 } } peers { permanent_uuid: "44dcd27058934c9aaeaed6d099f6b12b" member_type: VOTER last_known_addr { host: "127.13.128.195" port: 37341 } }
W20260601 13:23:39.629719 16824 leader_election.cc:343] T 90380348ae434328ac1b53bc0de5b34c P f91f92302cb745568c6615ace7407a2d [CANDIDATE]: Term 1 election: Tablet error from VoteRequest() call to peer 44dcd27058934c9aaeaed6d099f6b12b (127.13.128.195:37341): Illegal state: must be running to vote when last-logged opid is not known
I20260601 13:23:39.629850 17110 tablet_bootstrap.cc:654] T 43fd539be68b415dbef3b7c26bf4bd83 P 2bd7955cb3d44a5391f1c5d28a553220: Neither blocks nor log segments found. Creating new log.
I20260601 13:23:39.629971 17014 raft_consensus.cc:2804] T 90380348ae434328ac1b53bc0de5b34c P f91f92302cb745568c6615ace7407a2d [term 1 FOLLOWER]: Leader election won for term 1
I20260601 13:23:39.630056 17014 raft_consensus.cc:697] T 90380348ae434328ac1b53bc0de5b34c P f91f92302cb745568c6615ace7407a2d [term 1 LEADER]: Becoming Leader. State: Replica: f91f92302cb745568c6615ace7407a2d, State: Running, Role: LEADER
I20260601 13:23:39.630172 17014 consensus_queue.cc:237] T 90380348ae434328ac1b53bc0de5b34c P f91f92302cb745568c6615ace7407a2d [LEADER]: Queue going to LEADER mode. State: All replicated index: 0, Majority replicated index: 0, Committed index: 0, Last appended: 0.0, Last appended by leader: 0, Current term: 1, Majority size: 2, State: 0, Mode: LEADER, active raft config: opid_index: -1 OBSOLETE_local: false peers { permanent_uuid: "2bd7955cb3d44a5391f1c5d28a553220" member_type: VOTER last_known_addr { host: "127.13.128.196" port: 45975 } } peers { permanent_uuid: "f91f92302cb745568c6615ace7407a2d" member_type: VOTER last_known_addr { host: "127.13.128.194" port: 40715 } } peers { permanent_uuid: "44dcd27058934c9aaeaed6d099f6b12b" member_type: VOTER last_known_addr { host: "127.13.128.195" port: 37341 } }
I20260601 13:23:39.629854 16991 ts_tablet_manager.cc:1434] T 90380348ae434328ac1b53bc0de5b34c P 44dcd27058934c9aaeaed6d099f6b12b: Time spent starting tablet: real 0.001s	user 0.000s	sys 0.001s
I20260601 13:23:39.631237 16991 tablet_bootstrap.cc:492] T 704308409ed24209a22d578a8b591ea9 P 44dcd27058934c9aaeaed6d099f6b12b: Bootstrap starting.
I20260601 13:23:39.631325 16982 tablet_bootstrap.cc:492] T 02f88a74864b452c811340bfc14272b6 P 3a459bdea5aa4f2ea38a5efab587223b: No bootstrap required, opened a new log
I20260601 13:23:39.631431 16982 ts_tablet_manager.cc:1403] T 02f88a74864b452c811340bfc14272b6 P 3a459bdea5aa4f2ea38a5efab587223b: Time spent bootstrapping tablet: real 0.004s	user 0.002s	sys 0.000s
I20260601 13:23:39.631865 16982 raft_consensus.cc:359] T 02f88a74864b452c811340bfc14272b6 P 3a459bdea5aa4f2ea38a5efab587223b [term 0 FOLLOWER]: Replica starting. Triggering 0 pending ops. Active config: opid_index: -1 OBSOLETE_local: false peers { permanent_uuid: "2bd7955cb3d44a5391f1c5d28a553220" member_type: VOTER last_known_addr { host: "127.13.128.196" port: 45975 } } peers { permanent_uuid: "f91f92302cb745568c6615ace7407a2d" member_type: VOTER last_known_addr { host: "127.13.128.194" port: 40715 } } peers { permanent_uuid: "3a459bdea5aa4f2ea38a5efab587223b" member_type: VOTER last_known_addr { host: "127.13.128.193" port: 36101 } }
I20260601 13:23:39.632036 16982 raft_consensus.cc:385] T 02f88a74864b452c811340bfc14272b6 P 3a459bdea5aa4f2ea38a5efab587223b [term 0 FOLLOWER]: Consensus starting up: Expiring failure detector timer to make a prompt election more likely
I20260601 13:23:39.632100 16982 raft_consensus.cc:740] T 02f88a74864b452c811340bfc14272b6 P 3a459bdea5aa4f2ea38a5efab587223b [term 0 FOLLOWER]: Becoming Follower/Learner. State: Replica: 3a459bdea5aa4f2ea38a5efab587223b, State: Initialized, Role: FOLLOWER
I20260601 13:23:39.632246 16982 consensus_queue.cc:260] T 02f88a74864b452c811340bfc14272b6 P 3a459bdea5aa4f2ea38a5efab587223b [NON_LEADER]: Queue going to NON_LEADER mode. State: All replicated index: 0, Majority replicated index: 0, Committed index: 0, Last appended: 0.0, Last appended by leader: 0, Current term: 0, Majority size: -1, State: 0, Mode: NON_LEADER, active raft config: opid_index: -1 OBSOLETE_local: false peers { permanent_uuid: "2bd7955cb3d44a5391f1c5d28a553220" member_type: VOTER last_known_addr { host: "127.13.128.196" port: 45975 } } peers { permanent_uuid: "f91f92302cb745568c6615ace7407a2d" member_type: VOTER last_known_addr { host: "127.13.128.194" port: 40715 } } peers { permanent_uuid: "3a459bdea5aa4f2ea38a5efab587223b" member_type: VOTER last_known_addr { host: "127.13.128.193" port: 36101 } }
I20260601 13:23:39.632292 16991 tablet_bootstrap.cc:654] T 704308409ed24209a22d578a8b591ea9 P 44dcd27058934c9aaeaed6d099f6b12b: Neither blocks nor log segments found. Creating new log.
I20260601 13:23:39.632598 16982 ts_tablet_manager.cc:1434] T 02f88a74864b452c811340bfc14272b6 P 3a459bdea5aa4f2ea38a5efab587223b: Time spent starting tablet: real 0.001s	user 0.001s	sys 0.000s
I20260601 13:23:39.632750 16982 tablet_bootstrap.cc:492] T 541f78c28e53469f9aaea4e8be1b26d9 P 3a459bdea5aa4f2ea38a5efab587223b: Bootstrap starting.
I20260601 13:23:39.633397 16991 tablet_bootstrap.cc:492] T 704308409ed24209a22d578a8b591ea9 P 44dcd27058934c9aaeaed6d099f6b12b: No bootstrap required, opened a new log
I20260601 13:23:39.633484 16991 ts_tablet_manager.cc:1403] T 704308409ed24209a22d578a8b591ea9 P 44dcd27058934c9aaeaed6d099f6b12b: Time spent bootstrapping tablet: real 0.002s	user 0.001s	sys 0.001s
I20260601 13:23:39.633550 16983 tablet_bootstrap.cc:492] T 43fd539be68b415dbef3b7c26bf4bd83 P f91f92302cb745568c6615ace7407a2d: No bootstrap required, opened a new log
I20260601 13:23:39.633618 16983 ts_tablet_manager.cc:1403] T 43fd539be68b415dbef3b7c26bf4bd83 P f91f92302cb745568c6615ace7407a2d: Time spent bootstrapping tablet: real 0.006s	user 0.001s	sys 0.001s
I20260601 13:23:39.633715 16982 tablet_bootstrap.cc:654] T 541f78c28e53469f9aaea4e8be1b26d9 P 3a459bdea5aa4f2ea38a5efab587223b: Neither blocks nor log segments found. Creating new log.
I20260601 13:23:39.633882 16991 raft_consensus.cc:359] T 704308409ed24209a22d578a8b591ea9 P 44dcd27058934c9aaeaed6d099f6b12b [term 0 FOLLOWER]: Replica starting. Triggering 0 pending ops. Active config: opid_index: -1 OBSOLETE_local: false peers { permanent_uuid: "2bd7955cb3d44a5391f1c5d28a553220" member_type: VOTER last_known_addr { host: "127.13.128.196" port: 45975 } } peers { permanent_uuid: "44dcd27058934c9aaeaed6d099f6b12b" member_type: VOTER last_known_addr { host: "127.13.128.195" port: 37341 } } peers { permanent_uuid: "3a459bdea5aa4f2ea38a5efab587223b" member_type: VOTER last_known_addr { host: "127.13.128.193" port: 36101 } }
I20260601 13:23:39.633980 16983 raft_consensus.cc:359] T 43fd539be68b415dbef3b7c26bf4bd83 P f91f92302cb745568c6615ace7407a2d [term 0 FOLLOWER]: Replica starting. Triggering 0 pending ops. Active config: opid_index: -1 OBSOLETE_local: false peers { permanent_uuid: "2bd7955cb3d44a5391f1c5d28a553220" member_type: VOTER last_known_addr { host: "127.13.128.196" port: 45975 } } peers { permanent_uuid: "f91f92302cb745568c6615ace7407a2d" member_type: VOTER last_known_addr { host: "127.13.128.194" port: 40715 } } peers { permanent_uuid: "44dcd27058934c9aaeaed6d099f6b12b" member_type: VOTER last_known_addr { host: "127.13.128.195" port: 37341 } }
I20260601 13:23:39.633986 16991 raft_consensus.cc:385] T 704308409ed24209a22d578a8b591ea9 P 44dcd27058934c9aaeaed6d099f6b12b [term 0 FOLLOWER]: Consensus starting up: Expiring failure detector timer to make a prompt election more likely
I20260601 13:23:39.634085 16983 raft_consensus.cc:385] T 43fd539be68b415dbef3b7c26bf4bd83 P f91f92302cb745568c6615ace7407a2d [term 0 FOLLOWER]: Consensus starting up: Expiring failure detector timer to make a prompt election more likely
I20260601 13:23:39.634111 16991 raft_consensus.cc:740] T 704308409ed24209a22d578a8b591ea9 P 44dcd27058934c9aaeaed6d099f6b12b [term 0 FOLLOWER]: Becoming Follower/Learner. State: Replica: 44dcd27058934c9aaeaed6d099f6b12b, State: Initialized, Role: FOLLOWER
I20260601 13:23:39.634253 16991 consensus_queue.cc:260] T 704308409ed24209a22d578a8b591ea9 P 44dcd27058934c9aaeaed6d099f6b12b [NON_LEADER]: Queue going to NON_LEADER mode. State: All replicated index: 0, Majority replicated index: 0, Committed index: 0, Last appended: 0.0, Last appended by leader: 0, Current term: 0, Majority size: -1, State: 0, Mode: NON_LEADER, active raft config: opid_index: -1 OBSOLETE_local: false peers { permanent_uuid: "2bd7955cb3d44a5391f1c5d28a553220" member_type: VOTER last_known_addr { host: "127.13.128.196" port: 45975 } } peers { permanent_uuid: "44dcd27058934c9aaeaed6d099f6b12b" member_type: VOTER last_known_addr { host: "127.13.128.195" port: 37341 } } peers { permanent_uuid: "3a459bdea5aa4f2ea38a5efab587223b" member_type: VOTER last_known_addr { host: "127.13.128.193" port: 36101 } }
I20260601 13:23:39.634548 16991 ts_tablet_manager.cc:1434] T 704308409ed24209a22d578a8b591ea9 P 44dcd27058934c9aaeaed6d099f6b12b: Time spent starting tablet: real 0.001s	user 0.001s	sys 0.000s
I20260601 13:23:39.634675 17110 tablet_bootstrap.cc:492] T 43fd539be68b415dbef3b7c26bf4bd83 P 2bd7955cb3d44a5391f1c5d28a553220: No bootstrap required, opened a new log
I20260601 13:23:39.634747 17110 ts_tablet_manager.cc:1403] T 43fd539be68b415dbef3b7c26bf4bd83 P 2bd7955cb3d44a5391f1c5d28a553220: Time spent bootstrapping tablet: real 0.010s	user 0.002s	sys 0.000s
I20260601 13:23:39.634722 16991 tablet_bootstrap.cc:492] T 43fd539be68b415dbef3b7c26bf4bd83 P 44dcd27058934c9aaeaed6d099f6b12b: Bootstrap starting.
I20260601 13:23:39.634119 16983 raft_consensus.cc:740] T 43fd539be68b415dbef3b7c26bf4bd83 P f91f92302cb745568c6615ace7407a2d [term 0 FOLLOWER]: Becoming Follower/Learner. State: Replica: f91f92302cb745568c6615ace7407a2d, State: Initialized, Role: FOLLOWER
I20260601 13:23:39.635052 16983 consensus_queue.cc:260] T 43fd539be68b415dbef3b7c26bf4bd83 P f91f92302cb745568c6615ace7407a2d [NON_LEADER]: Queue going to NON_LEADER mode. State: All replicated index: 0, Majority replicated index: 0, Committed index: 0, Last appended: 0.0, Last appended by leader: 0, Current term: 0, Majority size: -1, State: 0, Mode: NON_LEADER, active raft config: opid_index: -1 OBSOLETE_local: false peers { permanent_uuid: "2bd7955cb3d44a5391f1c5d28a553220" member_type: VOTER last_known_addr { host: "127.13.128.196" port: 45975 } } peers { permanent_uuid: "f91f92302cb745568c6615ace7407a2d" member_type: VOTER last_known_addr { host: "127.13.128.194" port: 40715 } } peers { permanent_uuid: "44dcd27058934c9aaeaed6d099f6b12b" member_type: VOTER last_known_addr { host: "127.13.128.195" port: 37341 } }
I20260601 13:23:39.635150 17110 raft_consensus.cc:359] T 43fd539be68b415dbef3b7c26bf4bd83 P 2bd7955cb3d44a5391f1c5d28a553220 [term 0 FOLLOWER]: Replica starting. Triggering 0 pending ops. Active config: opid_index: -1 OBSOLETE_local: false peers { permanent_uuid: "2bd7955cb3d44a5391f1c5d28a553220" member_type: VOTER last_known_addr { host: "127.13.128.196" port: 45975 } } peers { permanent_uuid: "f91f92302cb745568c6615ace7407a2d" member_type: VOTER last_known_addr { host: "127.13.128.194" port: 40715 } } peers { permanent_uuid: "44dcd27058934c9aaeaed6d099f6b12b" member_type: VOTER last_known_addr { host: "127.13.128.195" port: 37341 } }
I20260601 13:23:39.635318 17110 raft_consensus.cc:385] T 43fd539be68b415dbef3b7c26bf4bd83 P 2bd7955cb3d44a5391f1c5d28a553220 [term 0 FOLLOWER]: Consensus starting up: Expiring failure detector timer to make a prompt election more likely
I20260601 13:23:39.635361 16983 ts_tablet_manager.cc:1434] T 43fd539be68b415dbef3b7c26bf4bd83 P f91f92302cb745568c6615ace7407a2d: Time spent starting tablet: real 0.002s	user 0.001s	sys 0.000s
I20260601 13:23:39.635401 17110 raft_consensus.cc:740] T 43fd539be68b415dbef3b7c26bf4bd83 P 2bd7955cb3d44a5391f1c5d28a553220 [term 0 FOLLOWER]: Becoming Follower/Learner. State: Replica: 2bd7955cb3d44a5391f1c5d28a553220, State: Initialized, Role: FOLLOWER
I20260601 13:23:39.635609 17110 consensus_queue.cc:260] T 43fd539be68b415dbef3b7c26bf4bd83 P 2bd7955cb3d44a5391f1c5d28a553220 [NON_LEADER]: Queue going to NON_LEADER mode. State: All replicated index: 0, Majority replicated index: 0, Committed index: 0, Last appended: 0.0, Last appended by leader: 0, Current term: 0, Majority size: -1, State: 0, Mode: NON_LEADER, active raft config: opid_index: -1 OBSOLETE_local: false peers { permanent_uuid: "2bd7955cb3d44a5391f1c5d28a553220" member_type: VOTER last_known_addr { host: "127.13.128.196" port: 45975 } } peers { permanent_uuid: "f91f92302cb745568c6615ace7407a2d" member_type: VOTER last_known_addr { host: "127.13.128.194" port: 40715 } } peers { permanent_uuid: "44dcd27058934c9aaeaed6d099f6b12b" member_type: VOTER last_known_addr { host: "127.13.128.195" port: 37341 } }
I20260601 13:23:39.636070 16991 tablet_bootstrap.cc:654] T 43fd539be68b415dbef3b7c26bf4bd83 P 44dcd27058934c9aaeaed6d099f6b12b: Neither blocks nor log segments found. Creating new log.
I20260601 13:23:39.636090 16982 tablet_bootstrap.cc:492] T 541f78c28e53469f9aaea4e8be1b26d9 P 3a459bdea5aa4f2ea38a5efab587223b: No bootstrap required, opened a new log
I20260601 13:23:39.636163 16982 ts_tablet_manager.cc:1403] T 541f78c28e53469f9aaea4e8be1b26d9 P 3a459bdea5aa4f2ea38a5efab587223b: Time spent bootstrapping tablet: real 0.003s	user 0.002s	sys 0.000s
I20260601 13:23:39.636344 17110 ts_tablet_manager.cc:1434] T 43fd539be68b415dbef3b7c26bf4bd83 P 2bd7955cb3d44a5391f1c5d28a553220: Time spent starting tablet: real 0.002s	user 0.001s	sys 0.000s
I20260601 13:23:39.634725 16680 catalog_manager.cc:5696] T 90380348ae434328ac1b53bc0de5b34c P f91f92302cb745568c6615ace7407a2d reported cstate change: term changed from 0 to 1, leader changed from <none> to f91f92302cb745568c6615ace7407a2d (127.13.128.194). New cstate: current_term: 1 leader_uuid: "f91f92302cb745568c6615ace7407a2d" committed_config { opid_index: -1 OBSOLETE_local: false peers { permanent_uuid: "2bd7955cb3d44a5391f1c5d28a553220" member_type: VOTER last_known_addr { host: "127.13.128.196" port: 45975 } health_report { overall_health: UNKNOWN } } peers { permanent_uuid: "f91f92302cb745568c6615ace7407a2d" member_type: VOTER last_known_addr { host: "127.13.128.194" port: 40715 } health_report { overall_health: HEALTHY } } peers { permanent_uuid: "44dcd27058934c9aaeaed6d099f6b12b" member_type: VOTER last_known_addr { host: "127.13.128.195" port: 37341 } health_report { overall_health: UNKNOWN } } }
I20260601 13:23:39.636616 16982 raft_consensus.cc:359] T 541f78c28e53469f9aaea4e8be1b26d9 P 3a459bdea5aa4f2ea38a5efab587223b [term 0 FOLLOWER]: Replica starting. Triggering 0 pending ops. Active config: opid_index: -1 OBSOLETE_local: false peers { permanent_uuid: "3a459bdea5aa4f2ea38a5efab587223b" member_type: VOTER last_known_addr { host: "127.13.128.193" port: 36101 } } peers { permanent_uuid: "44dcd27058934c9aaeaed6d099f6b12b" member_type: VOTER last_known_addr { host: "127.13.128.195" port: 37341 } } peers { permanent_uuid: "2bd7955cb3d44a5391f1c5d28a553220" member_type: VOTER last_known_addr { host: "127.13.128.196" port: 45975 } }
I20260601 13:23:39.636703 16982 raft_consensus.cc:385] T 541f78c28e53469f9aaea4e8be1b26d9 P 3a459bdea5aa4f2ea38a5efab587223b [term 0 FOLLOWER]: Consensus starting up: Expiring failure detector timer to make a prompt election more likely
I20260601 13:23:39.636735 16982 raft_consensus.cc:740] T 541f78c28e53469f9aaea4e8be1b26d9 P 3a459bdea5aa4f2ea38a5efab587223b [term 0 FOLLOWER]: Becoming Follower/Learner. State: Replica: 3a459bdea5aa4f2ea38a5efab587223b, State: Initialized, Role: FOLLOWER
I20260601 13:23:39.636838 16982 consensus_queue.cc:260] T 541f78c28e53469f9aaea4e8be1b26d9 P 3a459bdea5aa4f2ea38a5efab587223b [NON_LEADER]: Queue going to NON_LEADER mode. State: All replicated index: 0, Majority replicated index: 0, Committed index: 0, Last appended: 0.0, Last appended by leader: 0, Current term: 0, Majority size: -1, State: 0, Mode: NON_LEADER, active raft config: opid_index: -1 OBSOLETE_local: false peers { permanent_uuid: "3a459bdea5aa4f2ea38a5efab587223b" member_type: VOTER last_known_addr { host: "127.13.128.193" port: 36101 } } peers { permanent_uuid: "44dcd27058934c9aaeaed6d099f6b12b" member_type: VOTER last_known_addr { host: "127.13.128.195" port: 37341 } } peers { permanent_uuid: "2bd7955cb3d44a5391f1c5d28a553220" member_type: VOTER last_known_addr { host: "127.13.128.196" port: 45975 } }
I20260601 13:23:39.637051 17110 tablet_bootstrap.cc:492] T 02f88a74864b452c811340bfc14272b6 P 2bd7955cb3d44a5391f1c5d28a553220: Bootstrap starting.
I20260601 13:23:39.637081 16982 ts_tablet_manager.cc:1434] T 541f78c28e53469f9aaea4e8be1b26d9 P 3a459bdea5aa4f2ea38a5efab587223b: Time spent starting tablet: real 0.001s	user 0.001s	sys 0.000s
I20260601 13:23:39.637176 16991 tablet_bootstrap.cc:492] T 43fd539be68b415dbef3b7c26bf4bd83 P 44dcd27058934c9aaeaed6d099f6b12b: No bootstrap required, opened a new log
I20260601 13:23:39.637243 16991 ts_tablet_manager.cc:1403] T 43fd539be68b415dbef3b7c26bf4bd83 P 44dcd27058934c9aaeaed6d099f6b12b: Time spent bootstrapping tablet: real 0.003s	user 0.002s	sys 0.000s
I20260601 13:23:39.637269 16982 tablet_bootstrap.cc:492] T 629d5d7ca449495686a209a6e394a692 P 3a459bdea5aa4f2ea38a5efab587223b: Bootstrap starting.
I20260601 13:23:39.637676 16991 raft_consensus.cc:359] T 43fd539be68b415dbef3b7c26bf4bd83 P 44dcd27058934c9aaeaed6d099f6b12b [term 0 FOLLOWER]: Replica starting. Triggering 0 pending ops. Active config: opid_index: -1 OBSOLETE_local: false peers { permanent_uuid: "2bd7955cb3d44a5391f1c5d28a553220" member_type: VOTER last_known_addr { host: "127.13.128.196" port: 45975 } } peers { permanent_uuid: "f91f92302cb745568c6615ace7407a2d" member_type: VOTER last_known_addr { host: "127.13.128.194" port: 40715 } } peers { permanent_uuid: "44dcd27058934c9aaeaed6d099f6b12b" member_type: VOTER last_known_addr { host: "127.13.128.195" port: 37341 } }
I20260601 13:23:39.637771 16991 raft_consensus.cc:385] T 43fd539be68b415dbef3b7c26bf4bd83 P 44dcd27058934c9aaeaed6d099f6b12b [term 0 FOLLOWER]: Consensus starting up: Expiring failure detector timer to make a prompt election more likely
I20260601 13:23:39.637802 16991 raft_consensus.cc:740] T 43fd539be68b415dbef3b7c26bf4bd83 P 44dcd27058934c9aaeaed6d099f6b12b [term 0 FOLLOWER]: Becoming Follower/Learner. State: Replica: 44dcd27058934c9aaeaed6d099f6b12b, State: Initialized, Role: FOLLOWER
I20260601 13:23:39.637914 16991 consensus_queue.cc:260] T 43fd539be68b415dbef3b7c26bf4bd83 P 44dcd27058934c9aaeaed6d099f6b12b [NON_LEADER]: Queue going to NON_LEADER mode. State: All replicated index: 0, Majority replicated index: 0, Committed index: 0, Last appended: 0.0, Last appended by leader: 0, Current term: 0, Majority size: -1, State: 0, Mode: NON_LEADER, active raft config: opid_index: -1 OBSOLETE_local: false peers { permanent_uuid: "2bd7955cb3d44a5391f1c5d28a553220" member_type: VOTER last_known_addr { host: "127.13.128.196" port: 45975 } } peers { permanent_uuid: "f91f92302cb745568c6615ace7407a2d" member_type: VOTER last_known_addr { host: "127.13.128.194" port: 40715 } } peers { permanent_uuid: "44dcd27058934c9aaeaed6d099f6b12b" member_type: VOTER last_known_addr { host: "127.13.128.195" port: 37341 } }
I20260601 13:23:39.638056 17110 tablet_bootstrap.cc:654] T 02f88a74864b452c811340bfc14272b6 P 2bd7955cb3d44a5391f1c5d28a553220: Neither blocks nor log segments found. Creating new log.
I20260601 13:23:39.638255 16991 ts_tablet_manager.cc:1434] T 43fd539be68b415dbef3b7c26bf4bd83 P 44dcd27058934c9aaeaed6d099f6b12b: Time spent starting tablet: real 0.001s	user 0.000s	sys 0.000s
I20260601 13:23:39.638283 16982 tablet_bootstrap.cc:654] T 629d5d7ca449495686a209a6e394a692 P 3a459bdea5aa4f2ea38a5efab587223b: Neither blocks nor log segments found. Creating new log.
I20260601 13:23:39.638430 16991 tablet_bootstrap.cc:492] T 541f78c28e53469f9aaea4e8be1b26d9 P 44dcd27058934c9aaeaed6d099f6b12b: Bootstrap starting.
I20260601 13:23:39.639176 17110 tablet_bootstrap.cc:492] T 02f88a74864b452c811340bfc14272b6 P 2bd7955cb3d44a5391f1c5d28a553220: No bootstrap required, opened a new log
I20260601 13:23:39.639308 17110 ts_tablet_manager.cc:1403] T 02f88a74864b452c811340bfc14272b6 P 2bd7955cb3d44a5391f1c5d28a553220: Time spent bootstrapping tablet: real 0.002s	user 0.002s	sys 0.000s
I20260601 13:23:39.639430 16991 tablet_bootstrap.cc:654] T 541f78c28e53469f9aaea4e8be1b26d9 P 44dcd27058934c9aaeaed6d099f6b12b: Neither blocks nor log segments found. Creating new log.
I20260601 13:23:39.639919 17110 raft_consensus.cc:359] T 02f88a74864b452c811340bfc14272b6 P 2bd7955cb3d44a5391f1c5d28a553220 [term 0 FOLLOWER]: Replica starting. Triggering 0 pending ops. Active config: opid_index: -1 OBSOLETE_local: false peers { permanent_uuid: "2bd7955cb3d44a5391f1c5d28a553220" member_type: VOTER last_known_addr { host: "127.13.128.196" port: 45975 } } peers { permanent_uuid: "f91f92302cb745568c6615ace7407a2d" member_type: VOTER last_known_addr { host: "127.13.128.194" port: 40715 } } peers { permanent_uuid: "3a459bdea5aa4f2ea38a5efab587223b" member_type: VOTER last_known_addr { host: "127.13.128.193" port: 36101 } }
I20260601 13:23:39.640031 17110 raft_consensus.cc:385] T 02f88a74864b452c811340bfc14272b6 P 2bd7955cb3d44a5391f1c5d28a553220 [term 0 FOLLOWER]: Consensus starting up: Expiring failure detector timer to make a prompt election more likely
I20260601 13:23:39.640064 17110 raft_consensus.cc:740] T 02f88a74864b452c811340bfc14272b6 P 2bd7955cb3d44a5391f1c5d28a553220 [term 0 FOLLOWER]: Becoming Follower/Learner. State: Replica: 2bd7955cb3d44a5391f1c5d28a553220, State: Initialized, Role: FOLLOWER
I20260601 13:23:39.640196 17110 consensus_queue.cc:260] T 02f88a74864b452c811340bfc14272b6 P 2bd7955cb3d44a5391f1c5d28a553220 [NON_LEADER]: Queue going to NON_LEADER mode. State: All replicated index: 0, Majority replicated index: 0, Committed index: 0, Last appended: 0.0, Last appended by leader: 0, Current term: 0, Majority size: -1, State: 0, Mode: NON_LEADER, active raft config: opid_index: -1 OBSOLETE_local: false peers { permanent_uuid: "2bd7955cb3d44a5391f1c5d28a553220" member_type: VOTER last_known_addr { host: "127.13.128.196" port: 45975 } } peers { permanent_uuid: "f91f92302cb745568c6615ace7407a2d" member_type: VOTER last_known_addr { host: "127.13.128.194" port: 40715 } } peers { permanent_uuid: "3a459bdea5aa4f2ea38a5efab587223b" member_type: VOTER last_known_addr { host: "127.13.128.193" port: 36101 } }
I20260601 13:23:39.640537 17110 ts_tablet_manager.cc:1434] T 02f88a74864b452c811340bfc14272b6 P 2bd7955cb3d44a5391f1c5d28a553220: Time spent starting tablet: real 0.001s	user 0.001s	sys 0.000s
I20260601 13:23:39.640739 17110 tablet_bootstrap.cc:492] T 541f78c28e53469f9aaea4e8be1b26d9 P 2bd7955cb3d44a5391f1c5d28a553220: Bootstrap starting.
I20260601 13:23:39.641749 17110 tablet_bootstrap.cc:654] T 541f78c28e53469f9aaea4e8be1b26d9 P 2bd7955cb3d44a5391f1c5d28a553220: Neither blocks nor log segments found. Creating new log.
I20260601 13:23:39.643023 16982 tablet_bootstrap.cc:492] T 629d5d7ca449495686a209a6e394a692 P 3a459bdea5aa4f2ea38a5efab587223b: No bootstrap required, opened a new log
I20260601 13:23:39.643134 16982 ts_tablet_manager.cc:1403] T 629d5d7ca449495686a209a6e394a692 P 3a459bdea5aa4f2ea38a5efab587223b: Time spent bootstrapping tablet: real 0.006s	user 0.002s	sys 0.000s
I20260601 13:23:39.643523 16991 tablet_bootstrap.cc:492] T 541f78c28e53469f9aaea4e8be1b26d9 P 44dcd27058934c9aaeaed6d099f6b12b: No bootstrap required, opened a new log
I20260601 13:23:39.643608 16991 ts_tablet_manager.cc:1403] T 541f78c28e53469f9aaea4e8be1b26d9 P 44dcd27058934c9aaeaed6d099f6b12b: Time spent bootstrapping tablet: real 0.005s	user 0.000s	sys 0.002s
I20260601 13:23:39.643760 17110 tablet_bootstrap.cc:492] T 541f78c28e53469f9aaea4e8be1b26d9 P 2bd7955cb3d44a5391f1c5d28a553220: No bootstrap required, opened a new log
I20260601 13:23:39.643838 17110 ts_tablet_manager.cc:1403] T 541f78c28e53469f9aaea4e8be1b26d9 P 2bd7955cb3d44a5391f1c5d28a553220: Time spent bootstrapping tablet: real 0.003s	user 0.002s	sys 0.000s
I20260601 13:23:39.643882 16982 raft_consensus.cc:359] T 629d5d7ca449495686a209a6e394a692 P 3a459bdea5aa4f2ea38a5efab587223b [term 0 FOLLOWER]: Replica starting. Triggering 0 pending ops. Active config: opid_index: -1 OBSOLETE_local: false peers { permanent_uuid: "2bd7955cb3d44a5391f1c5d28a553220" member_type: VOTER last_known_addr { host: "127.13.128.196" port: 45975 } } peers { permanent_uuid: "f91f92302cb745568c6615ace7407a2d" member_type: VOTER last_known_addr { host: "127.13.128.194" port: 40715 } } peers { permanent_uuid: "3a459bdea5aa4f2ea38a5efab587223b" member_type: VOTER last_known_addr { host: "127.13.128.193" port: 36101 } }
I20260601 13:23:39.643985 16982 raft_consensus.cc:385] T 629d5d7ca449495686a209a6e394a692 P 3a459bdea5aa4f2ea38a5efab587223b [term 0 FOLLOWER]: Consensus starting up: Expiring failure detector timer to make a prompt election more likely
I20260601 13:23:39.644017 16982 raft_consensus.cc:740] T 629d5d7ca449495686a209a6e394a692 P 3a459bdea5aa4f2ea38a5efab587223b [term 0 FOLLOWER]: Becoming Follower/Learner. State: Replica: 3a459bdea5aa4f2ea38a5efab587223b, State: Initialized, Role: FOLLOWER
I20260601 13:23:39.643967 16991 raft_consensus.cc:359] T 541f78c28e53469f9aaea4e8be1b26d9 P 44dcd27058934c9aaeaed6d099f6b12b [term 0 FOLLOWER]: Replica starting. Triggering 0 pending ops. Active config: opid_index: -1 OBSOLETE_local: false peers { permanent_uuid: "3a459bdea5aa4f2ea38a5efab587223b" member_type: VOTER last_known_addr { host: "127.13.128.193" port: 36101 } } peers { permanent_uuid: "44dcd27058934c9aaeaed6d099f6b12b" member_type: VOTER last_known_addr { host: "127.13.128.195" port: 37341 } } peers { permanent_uuid: "2bd7955cb3d44a5391f1c5d28a553220" member_type: VOTER last_known_addr { host: "127.13.128.196" port: 45975 } }
I20260601 13:23:39.644063 16991 raft_consensus.cc:385] T 541f78c28e53469f9aaea4e8be1b26d9 P 44dcd27058934c9aaeaed6d099f6b12b [term 0 FOLLOWER]: Consensus starting up: Expiring failure detector timer to make a prompt election more likely
I20260601 13:23:39.644098 16991 raft_consensus.cc:740] T 541f78c28e53469f9aaea4e8be1b26d9 P 44dcd27058934c9aaeaed6d099f6b12b [term 0 FOLLOWER]: Becoming Follower/Learner. State: Replica: 44dcd27058934c9aaeaed6d099f6b12b, State: Initialized, Role: FOLLOWER
I20260601 13:23:39.644204 17110 raft_consensus.cc:359] T 541f78c28e53469f9aaea4e8be1b26d9 P 2bd7955cb3d44a5391f1c5d28a553220 [term 0 FOLLOWER]: Replica starting. Triggering 0 pending ops. Active config: opid_index: -1 OBSOLETE_local: false peers { permanent_uuid: "3a459bdea5aa4f2ea38a5efab587223b" member_type: VOTER last_known_addr { host: "127.13.128.193" port: 36101 } } peers { permanent_uuid: "44dcd27058934c9aaeaed6d099f6b12b" member_type: VOTER last_known_addr { host: "127.13.128.195" port: 37341 } } peers { permanent_uuid: "2bd7955cb3d44a5391f1c5d28a553220" member_type: VOTER last_known_addr { host: "127.13.128.196" port: 45975 } }
I20260601 13:23:39.644203 16991 consensus_queue.cc:260] T 541f78c28e53469f9aaea4e8be1b26d9 P 44dcd27058934c9aaeaed6d099f6b12b [NON_LEADER]: Queue going to NON_LEADER mode. State: All replicated index: 0, Majority replicated index: 0, Committed index: 0, Last appended: 0.0, Last appended by leader: 0, Current term: 0, Majority size: -1, State: 0, Mode: NON_LEADER, active raft config: opid_index: -1 OBSOLETE_local: false peers { permanent_uuid: "3a459bdea5aa4f2ea38a5efab587223b" member_type: VOTER last_known_addr { host: "127.13.128.193" port: 36101 } } peers { permanent_uuid: "44dcd27058934c9aaeaed6d099f6b12b" member_type: VOTER last_known_addr { host: "127.13.128.195" port: 37341 } } peers { permanent_uuid: "2bd7955cb3d44a5391f1c5d28a553220" member_type: VOTER last_known_addr { host: "127.13.128.196" port: 45975 } }
I20260601 13:23:39.644367 17110 raft_consensus.cc:385] T 541f78c28e53469f9aaea4e8be1b26d9 P 2bd7955cb3d44a5391f1c5d28a553220 [term 0 FOLLOWER]: Consensus starting up: Expiring failure detector timer to make a prompt election more likely
I20260601 13:23:39.644203 16982 consensus_queue.cc:260] T 629d5d7ca449495686a209a6e394a692 P 3a459bdea5aa4f2ea38a5efab587223b [NON_LEADER]: Queue going to NON_LEADER mode. State: All replicated index: 0, Majority replicated index: 0, Committed index: 0, Last appended: 0.0, Last appended by leader: 0, Current term: 0, Majority size: -1, State: 0, Mode: NON_LEADER, active raft config: opid_index: -1 OBSOLETE_local: false peers { permanent_uuid: "2bd7955cb3d44a5391f1c5d28a553220" member_type: VOTER last_known_addr { host: "127.13.128.196" port: 45975 } } peers { permanent_uuid: "f91f92302cb745568c6615ace7407a2d" member_type: VOTER last_known_addr { host: "127.13.128.194" port: 40715 } } peers { permanent_uuid: "3a459bdea5aa4f2ea38a5efab587223b" member_type: VOTER last_known_addr { host: "127.13.128.193" port: 36101 } }
I20260601 13:23:39.644454 17110 raft_consensus.cc:740] T 541f78c28e53469f9aaea4e8be1b26d9 P 2bd7955cb3d44a5391f1c5d28a553220 [term 0 FOLLOWER]: Becoming Follower/Learner. State: Replica: 2bd7955cb3d44a5391f1c5d28a553220, State: Initialized, Role: FOLLOWER
I20260601 13:23:39.644593 16991 ts_tablet_manager.cc:1434] T 541f78c28e53469f9aaea4e8be1b26d9 P 44dcd27058934c9aaeaed6d099f6b12b: Time spent starting tablet: real 0.001s	user 0.000s	sys 0.001s
I20260601 13:23:39.644695 16982 ts_tablet_manager.cc:1434] T 629d5d7ca449495686a209a6e394a692 P 3a459bdea5aa4f2ea38a5efab587223b: Time spent starting tablet: real 0.001s	user 0.001s	sys 0.000s
I20260601 13:23:39.644872 16982 tablet_bootstrap.cc:492] T 98bc20a154b34ffca95bd9deb2f384ba P 3a459bdea5aa4f2ea38a5efab587223b: Bootstrap starting.
I20260601 13:23:39.646136 16982 tablet_bootstrap.cc:654] T 98bc20a154b34ffca95bd9deb2f384ba P 3a459bdea5aa4f2ea38a5efab587223b: Neither blocks nor log segments found. Creating new log.
I20260601 13:23:39.644989 17110 consensus_queue.cc:260] T 541f78c28e53469f9aaea4e8be1b26d9 P 2bd7955cb3d44a5391f1c5d28a553220 [NON_LEADER]: Queue going to NON_LEADER mode. State: All replicated index: 0, Majority replicated index: 0, Committed index: 0, Last appended: 0.0, Last appended by leader: 0, Current term: 0, Majority size: -1, State: 0, Mode: NON_LEADER, active raft config: opid_index: -1 OBSOLETE_local: false peers { permanent_uuid: "3a459bdea5aa4f2ea38a5efab587223b" member_type: VOTER last_known_addr { host: "127.13.128.193" port: 36101 } } peers { permanent_uuid: "44dcd27058934c9aaeaed6d099f6b12b" member_type: VOTER last_known_addr { host: "127.13.128.195" port: 37341 } } peers { permanent_uuid: "2bd7955cb3d44a5391f1c5d28a553220" member_type: VOTER last_known_addr { host: "127.13.128.196" port: 45975 } }
I20260601 13:23:39.646958 17110 ts_tablet_manager.cc:1434] T 541f78c28e53469f9aaea4e8be1b26d9 P 2bd7955cb3d44a5391f1c5d28a553220: Time spent starting tablet: real 0.003s	user 0.001s	sys 0.000s
I20260601 13:23:39.647466 16982 tablet_bootstrap.cc:492] T 98bc20a154b34ffca95bd9deb2f384ba P 3a459bdea5aa4f2ea38a5efab587223b: No bootstrap required, opened a new log
I20260601 13:23:39.647562 16982 ts_tablet_manager.cc:1403] T 98bc20a154b34ffca95bd9deb2f384ba P 3a459bdea5aa4f2ea38a5efab587223b: Time spent bootstrapping tablet: real 0.003s	user 0.002s	sys 0.000s
I20260601 13:23:39.647949 16982 raft_consensus.cc:359] T 98bc20a154b34ffca95bd9deb2f384ba P 3a459bdea5aa4f2ea38a5efab587223b [term 0 FOLLOWER]: Replica starting. Triggering 0 pending ops. Active config: opid_index: -1 OBSOLETE_local: false peers { permanent_uuid: "f91f92302cb745568c6615ace7407a2d" member_type: VOTER last_known_addr { host: "127.13.128.194" port: 40715 } } peers { permanent_uuid: "2bd7955cb3d44a5391f1c5d28a553220" member_type: VOTER last_known_addr { host: "127.13.128.196" port: 45975 } } peers { permanent_uuid: "3a459bdea5aa4f2ea38a5efab587223b" member_type: VOTER last_known_addr { host: "127.13.128.193" port: 36101 } }
I20260601 13:23:39.648097 16982 raft_consensus.cc:385] T 98bc20a154b34ffca95bd9deb2f384ba P 3a459bdea5aa4f2ea38a5efab587223b [term 0 FOLLOWER]: Consensus starting up: Expiring failure detector timer to make a prompt election more likely
I20260601 13:23:39.648191 16982 raft_consensus.cc:740] T 98bc20a154b34ffca95bd9deb2f384ba P 3a459bdea5aa4f2ea38a5efab587223b [term 0 FOLLOWER]: Becoming Follower/Learner. State: Replica: 3a459bdea5aa4f2ea38a5efab587223b, State: Initialized, Role: FOLLOWER
I20260601 13:23:39.648336 16982 consensus_queue.cc:260] T 98bc20a154b34ffca95bd9deb2f384ba P 3a459bdea5aa4f2ea38a5efab587223b [NON_LEADER]: Queue going to NON_LEADER mode. State: All replicated index: 0, Majority replicated index: 0, Committed index: 0, Last appended: 0.0, Last appended by leader: 0, Current term: 0, Majority size: -1, State: 0, Mode: NON_LEADER, active raft config: opid_index: -1 OBSOLETE_local: false peers { permanent_uuid: "f91f92302cb745568c6615ace7407a2d" member_type: VOTER last_known_addr { host: "127.13.128.194" port: 40715 } } peers { permanent_uuid: "2bd7955cb3d44a5391f1c5d28a553220" member_type: VOTER last_known_addr { host: "127.13.128.196" port: 45975 } } peers { permanent_uuid: "3a459bdea5aa4f2ea38a5efab587223b" member_type: VOTER last_known_addr { host: "127.13.128.193" port: 36101 } }
I20260601 13:23:39.648648 16982 ts_tablet_manager.cc:1434] T 98bc20a154b34ffca95bd9deb2f384ba P 3a459bdea5aa4f2ea38a5efab587223b: Time spent starting tablet: real 0.001s	user 0.001s	sys 0.000s
I20260601 13:23:39.661952 16994 raft_consensus.cc:493] T f44ffbcc37564865a9f16e2430fd8ff8 P 44dcd27058934c9aaeaed6d099f6b12b [term 0 FOLLOWER]: Starting pre-election (no leader contacted us within the election timeout)
I20260601 13:23:39.662077 16994 raft_consensus.cc:515] T f44ffbcc37564865a9f16e2430fd8ff8 P 44dcd27058934c9aaeaed6d099f6b12b [term 0 FOLLOWER]: Starting pre-election with config: opid_index: -1 OBSOLETE_local: false peers { permanent_uuid: "44dcd27058934c9aaeaed6d099f6b12b" member_type: VOTER last_known_addr { host: "127.13.128.195" port: 37341 } } peers { permanent_uuid: "2bd7955cb3d44a5391f1c5d28a553220" member_type: VOTER last_known_addr { host: "127.13.128.196" port: 45975 } } peers { permanent_uuid: "3a459bdea5aa4f2ea38a5efab587223b" member_type: VOTER last_known_addr { host: "127.13.128.193" port: 36101 } }
I20260601 13:23:39.662659 16994 leader_election.cc:290] T f44ffbcc37564865a9f16e2430fd8ff8 P 44dcd27058934c9aaeaed6d099f6b12b [CANDIDATE]: Term 1 pre-election: Requested pre-vote from peers 2bd7955cb3d44a5391f1c5d28a553220 (127.13.128.196:45975), 3a459bdea5aa4f2ea38a5efab587223b (127.13.128.193:36101)
I20260601 13:23:39.663206 16785 tablet_service.cc:1917] Received RequestConsensusVote() RPC: tablet_id: "f44ffbcc37564865a9f16e2430fd8ff8" candidate_uuid: "44dcd27058934c9aaeaed6d099f6b12b" candidate_term: 1 candidate_status { last_received { term: 0 index: 0 } } ignore_live_leader: false dest_uuid: "3a459bdea5aa4f2ea38a5efab587223b" is_pre_election: true
I20260601 13:23:39.663345 16785 raft_consensus.cc:2468] T f44ffbcc37564865a9f16e2430fd8ff8 P 3a459bdea5aa4f2ea38a5efab587223b [term 0 FOLLOWER]: Leader pre-election vote request: Granting yes vote for candidate 44dcd27058934c9aaeaed6d099f6b12b in term 0.
I20260601 13:23:39.663650 16900 leader_election.cc:304] T f44ffbcc37564865a9f16e2430fd8ff8 P 44dcd27058934c9aaeaed6d099f6b12b [CANDIDATE]: Term 1 pre-election: Election decided. Result: candidate won. Election summary: received 2 responses out of 3 voters: 2 yes votes; 0 no votes. yes voters: 3a459bdea5aa4f2ea38a5efab587223b, 44dcd27058934c9aaeaed6d099f6b12b; no voters: 
I20260601 13:23:39.663857 16994 raft_consensus.cc:2804] T f44ffbcc37564865a9f16e2430fd8ff8 P 44dcd27058934c9aaeaed6d099f6b12b [term 0 FOLLOWER]: Leader pre-election won for term 1
I20260601 13:23:39.663956 16994 raft_consensus.cc:493] T f44ffbcc37564865a9f16e2430fd8ff8 P 44dcd27058934c9aaeaed6d099f6b12b [term 0 FOLLOWER]: Starting leader election (no leader contacted us within the election timeout)
I20260601 13:23:39.664012 16994 raft_consensus.cc:3060] T f44ffbcc37564865a9f16e2430fd8ff8 P 44dcd27058934c9aaeaed6d099f6b12b [term 0 FOLLOWER]: Advancing to term 1
I20260601 13:23:39.664868 16994 raft_consensus.cc:515] T f44ffbcc37564865a9f16e2430fd8ff8 P 44dcd27058934c9aaeaed6d099f6b12b [term 1 FOLLOWER]: Starting leader election with config: opid_index: -1 OBSOLETE_local: false peers { permanent_uuid: "44dcd27058934c9aaeaed6d099f6b12b" member_type: VOTER last_known_addr { host: "127.13.128.195" port: 37341 } } peers { permanent_uuid: "2bd7955cb3d44a5391f1c5d28a553220" member_type: VOTER last_known_addr { host: "127.13.128.196" port: 45975 } } peers { permanent_uuid: "3a459bdea5aa4f2ea38a5efab587223b" member_type: VOTER last_known_addr { host: "127.13.128.193" port: 36101 } }
I20260601 13:23:39.665292 16994 leader_election.cc:290] T f44ffbcc37564865a9f16e2430fd8ff8 P 44dcd27058934c9aaeaed6d099f6b12b [CANDIDATE]: Term 1 election: Requested vote from peers 2bd7955cb3d44a5391f1c5d28a553220 (127.13.128.196:45975), 3a459bdea5aa4f2ea38a5efab587223b (127.13.128.193:36101)
I20260601 13:23:39.665751 16785 tablet_service.cc:1917] Received RequestConsensusVote() RPC: tablet_id: "f44ffbcc37564865a9f16e2430fd8ff8" candidate_uuid: "44dcd27058934c9aaeaed6d099f6b12b" candidate_term: 1 candidate_status { last_received { term: 0 index: 0 } } ignore_live_leader: false dest_uuid: "3a459bdea5aa4f2ea38a5efab587223b"
I20260601 13:23:39.665881 16785 raft_consensus.cc:3060] T f44ffbcc37564865a9f16e2430fd8ff8 P 3a459bdea5aa4f2ea38a5efab587223b [term 0 FOLLOWER]: Advancing to term 1
I20260601 13:23:39.666198 17076 tablet_service.cc:1917] Received RequestConsensusVote() RPC: tablet_id: "f44ffbcc37564865a9f16e2430fd8ff8" candidate_uuid: "44dcd27058934c9aaeaed6d099f6b12b" candidate_term: 1 candidate_status { last_received { term: 0 index: 0 } } ignore_live_leader: false dest_uuid: "2bd7955cb3d44a5391f1c5d28a553220" is_pre_election: true
I20260601 13:23:39.666306 17076 raft_consensus.cc:2468] T f44ffbcc37564865a9f16e2430fd8ff8 P 2bd7955cb3d44a5391f1c5d28a553220 [term 0 FOLLOWER]: Leader pre-election vote request: Granting yes vote for candidate 44dcd27058934c9aaeaed6d099f6b12b in term 0.
I20260601 13:23:39.666263 17075 tablet_service.cc:1917] Received RequestConsensusVote() RPC: tablet_id: "f44ffbcc37564865a9f16e2430fd8ff8" candidate_uuid: "44dcd27058934c9aaeaed6d099f6b12b" candidate_term: 1 candidate_status { last_received { term: 0 index: 0 } } ignore_live_leader: false dest_uuid: "2bd7955cb3d44a5391f1c5d28a553220"
I20260601 13:23:39.666415 17075 raft_consensus.cc:3060] T f44ffbcc37564865a9f16e2430fd8ff8 P 2bd7955cb3d44a5391f1c5d28a553220 [term 0 FOLLOWER]: Advancing to term 1
I20260601 13:23:39.666812 16785 raft_consensus.cc:2468] T f44ffbcc37564865a9f16e2430fd8ff8 P 3a459bdea5aa4f2ea38a5efab587223b [term 1 FOLLOWER]: Leader election vote request: Granting yes vote for candidate 44dcd27058934c9aaeaed6d099f6b12b in term 1.
I20260601 13:23:39.667078 16900 leader_election.cc:304] T f44ffbcc37564865a9f16e2430fd8ff8 P 44dcd27058934c9aaeaed6d099f6b12b [CANDIDATE]: Term 1 election: Election decided. Result: candidate won. Election summary: received 2 responses out of 3 voters: 2 yes votes; 0 no votes. yes voters: 3a459bdea5aa4f2ea38a5efab587223b, 44dcd27058934c9aaeaed6d099f6b12b; no voters: 
I20260601 13:23:39.667255 16994 raft_consensus.cc:2804] T f44ffbcc37564865a9f16e2430fd8ff8 P 44dcd27058934c9aaeaed6d099f6b12b [term 1 FOLLOWER]: Leader election won for term 1
I20260601 13:23:39.667326 17075 raft_consensus.cc:2468] T f44ffbcc37564865a9f16e2430fd8ff8 P 2bd7955cb3d44a5391f1c5d28a553220 [term 1 FOLLOWER]: Leader election vote request: Granting yes vote for candidate 44dcd27058934c9aaeaed6d099f6b12b in term 1.
I20260601 13:23:39.667361 16994 raft_consensus.cc:697] T f44ffbcc37564865a9f16e2430fd8ff8 P 44dcd27058934c9aaeaed6d099f6b12b [term 1 LEADER]: Becoming Leader. State: Replica: 44dcd27058934c9aaeaed6d099f6b12b, State: Running, Role: LEADER
I20260601 13:23:39.667533 16994 consensus_queue.cc:237] T f44ffbcc37564865a9f16e2430fd8ff8 P 44dcd27058934c9aaeaed6d099f6b12b [LEADER]: Queue going to LEADER mode. State: All replicated index: 0, Majority replicated index: 0, Committed index: 0, Last appended: 0.0, Last appended by leader: 0, Current term: 1, Majority size: 2, State: 0, Mode: LEADER, active raft config: opid_index: -1 OBSOLETE_local: false peers { permanent_uuid: "44dcd27058934c9aaeaed6d099f6b12b" member_type: VOTER last_known_addr { host: "127.13.128.195" port: 37341 } } peers { permanent_uuid: "2bd7955cb3d44a5391f1c5d28a553220" member_type: VOTER last_known_addr { host: "127.13.128.196" port: 45975 } } peers { permanent_uuid: "3a459bdea5aa4f2ea38a5efab587223b" member_type: VOTER last_known_addr { host: "127.13.128.193" port: 36101 } }
I20260601 13:23:39.667852 17020 raft_consensus.cc:493] T 704308409ed24209a22d578a8b591ea9 P 44dcd27058934c9aaeaed6d099f6b12b [term 0 FOLLOWER]: Starting pre-election (no leader contacted us within the election timeout)
I20260601 13:23:39.667963 17020 raft_consensus.cc:515] T 704308409ed24209a22d578a8b591ea9 P 44dcd27058934c9aaeaed6d099f6b12b [term 0 FOLLOWER]: Starting pre-election with config: opid_index: -1 OBSOLETE_local: false peers { permanent_uuid: "2bd7955cb3d44a5391f1c5d28a553220" member_type: VOTER last_known_addr { host: "127.13.128.196" port: 45975 } } peers { permanent_uuid: "44dcd27058934c9aaeaed6d099f6b12b" member_type: VOTER last_known_addr { host: "127.13.128.195" port: 37341 } } peers { permanent_uuid: "3a459bdea5aa4f2ea38a5efab587223b" member_type: VOTER last_known_addr { host: "127.13.128.193" port: 36101 } }
I20260601 13:23:39.668347 17020 leader_election.cc:290] T 704308409ed24209a22d578a8b591ea9 P 44dcd27058934c9aaeaed6d099f6b12b [CANDIDATE]: Term 1 pre-election: Requested pre-vote from peers 2bd7955cb3d44a5391f1c5d28a553220 (127.13.128.196:45975), 3a459bdea5aa4f2ea38a5efab587223b (127.13.128.193:36101)
I20260601 13:23:39.668596 17075 tablet_service.cc:1917] Received RequestConsensusVote() RPC: tablet_id: "704308409ed24209a22d578a8b591ea9" candidate_uuid: "44dcd27058934c9aaeaed6d099f6b12b" candidate_term: 1 candidate_status { last_received { term: 0 index: 0 } } ignore_live_leader: false dest_uuid: "2bd7955cb3d44a5391f1c5d28a553220" is_pre_election: true
I20260601 13:23:39.668664 16785 tablet_service.cc:1917] Received RequestConsensusVote() RPC: tablet_id: "704308409ed24209a22d578a8b591ea9" candidate_uuid: "44dcd27058934c9aaeaed6d099f6b12b" candidate_term: 1 candidate_status { last_received { term: 0 index: 0 } } ignore_live_leader: false dest_uuid: "3a459bdea5aa4f2ea38a5efab587223b" is_pre_election: true
I20260601 13:23:39.668697 17075 raft_consensus.cc:2468] T 704308409ed24209a22d578a8b591ea9 P 2bd7955cb3d44a5391f1c5d28a553220 [term 0 FOLLOWER]: Leader pre-election vote request: Granting yes vote for candidate 44dcd27058934c9aaeaed6d099f6b12b in term 0.
I20260601 13:23:39.668738 16785 raft_consensus.cc:2468] T 704308409ed24209a22d578a8b591ea9 P 3a459bdea5aa4f2ea38a5efab587223b [term 0 FOLLOWER]: Leader pre-election vote request: Granting yes vote for candidate 44dcd27058934c9aaeaed6d099f6b12b in term 0.
I20260601 13:23:39.668972 16902 leader_election.cc:304] T 704308409ed24209a22d578a8b591ea9 P 44dcd27058934c9aaeaed6d099f6b12b [CANDIDATE]: Term 1 pre-election: Election decided. Result: candidate won. Election summary: received 2 responses out of 3 voters: 2 yes votes; 0 no votes. yes voters: 2bd7955cb3d44a5391f1c5d28a553220, 44dcd27058934c9aaeaed6d099f6b12b; no voters: 
I20260601 13:23:39.669209 17020 raft_consensus.cc:2804] T 704308409ed24209a22d578a8b591ea9 P 44dcd27058934c9aaeaed6d099f6b12b [term 0 FOLLOWER]: Leader pre-election won for term 1
I20260601 13:23:39.669273 17020 raft_consensus.cc:493] T 704308409ed24209a22d578a8b591ea9 P 44dcd27058934c9aaeaed6d099f6b12b [term 0 FOLLOWER]: Starting leader election (no leader contacted us within the election timeout)
I20260601 13:23:39.669349 17020 raft_consensus.cc:3060] T 704308409ed24209a22d578a8b591ea9 P 44dcd27058934c9aaeaed6d099f6b12b [term 0 FOLLOWER]: Advancing to term 1
I20260601 13:23:39.669257 16681 catalog_manager.cc:5696] T f44ffbcc37564865a9f16e2430fd8ff8 P 44dcd27058934c9aaeaed6d099f6b12b reported cstate change: term changed from 0 to 1, leader changed from <none> to 44dcd27058934c9aaeaed6d099f6b12b (127.13.128.195). New cstate: current_term: 1 leader_uuid: "44dcd27058934c9aaeaed6d099f6b12b" committed_config { opid_index: -1 OBSOLETE_local: false peers { permanent_uuid: "44dcd27058934c9aaeaed6d099f6b12b" member_type: VOTER last_known_addr { host: "127.13.128.195" port: 37341 } health_report { overall_health: HEALTHY } } peers { permanent_uuid: "2bd7955cb3d44a5391f1c5d28a553220" member_type: VOTER last_known_addr { host: "127.13.128.196" port: 45975 } health_report { overall_health: UNKNOWN } } peers { permanent_uuid: "3a459bdea5aa4f2ea38a5efab587223b" member_type: VOTER last_known_addr { host: "127.13.128.193" port: 36101 } health_report { overall_health: UNKNOWN } } }
I20260601 13:23:39.670120 17020 raft_consensus.cc:515] T 704308409ed24209a22d578a8b591ea9 P 44dcd27058934c9aaeaed6d099f6b12b [term 1 FOLLOWER]: Starting leader election with config: opid_index: -1 OBSOLETE_local: false peers { permanent_uuid: "2bd7955cb3d44a5391f1c5d28a553220" member_type: VOTER last_known_addr { host: "127.13.128.196" port: 45975 } } peers { permanent_uuid: "44dcd27058934c9aaeaed6d099f6b12b" member_type: VOTER last_known_addr { host: "127.13.128.195" port: 37341 } } peers { permanent_uuid: "3a459bdea5aa4f2ea38a5efab587223b" member_type: VOTER last_known_addr { host: "127.13.128.193" port: 36101 } }
I20260601 13:23:39.670463 17020 leader_election.cc:290] T 704308409ed24209a22d578a8b591ea9 P 44dcd27058934c9aaeaed6d099f6b12b [CANDIDATE]: Term 1 election: Requested vote from peers 2bd7955cb3d44a5391f1c5d28a553220 (127.13.128.196:45975), 3a459bdea5aa4f2ea38a5efab587223b (127.13.128.193:36101)
I20260601 13:23:39.670768 17075 tablet_service.cc:1917] Received RequestConsensusVote() RPC: tablet_id: "704308409ed24209a22d578a8b591ea9" candidate_uuid: "44dcd27058934c9aaeaed6d099f6b12b" candidate_term: 1 candidate_status { last_received { term: 0 index: 0 } } ignore_live_leader: false dest_uuid: "2bd7955cb3d44a5391f1c5d28a553220"
I20260601 13:23:39.670878 17075 raft_consensus.cc:3060] T 704308409ed24209a22d578a8b591ea9 P 2bd7955cb3d44a5391f1c5d28a553220 [term 0 FOLLOWER]: Advancing to term 1
I20260601 13:23:39.671070 16785 tablet_service.cc:1917] Received RequestConsensusVote() RPC: tablet_id: "704308409ed24209a22d578a8b591ea9" candidate_uuid: "44dcd27058934c9aaeaed6d099f6b12b" candidate_term: 1 candidate_status { last_received { term: 0 index: 0 } } ignore_live_leader: false dest_uuid: "3a459bdea5aa4f2ea38a5efab587223b"
I20260601 13:23:39.671166 16785 raft_consensus.cc:3060] T 704308409ed24209a22d578a8b591ea9 P 3a459bdea5aa4f2ea38a5efab587223b [term 0 FOLLOWER]: Advancing to term 1
I20260601 13:23:39.671751 17075 raft_consensus.cc:2468] T 704308409ed24209a22d578a8b591ea9 P 2bd7955cb3d44a5391f1c5d28a553220 [term 1 FOLLOWER]: Leader election vote request: Granting yes vote for candidate 44dcd27058934c9aaeaed6d099f6b12b in term 1.
I20260601 13:23:39.672043 16785 raft_consensus.cc:2468] T 704308409ed24209a22d578a8b591ea9 P 3a459bdea5aa4f2ea38a5efab587223b [term 1 FOLLOWER]: Leader election vote request: Granting yes vote for candidate 44dcd27058934c9aaeaed6d099f6b12b in term 1.
I20260601 13:23:39.672056 16902 leader_election.cc:304] T 704308409ed24209a22d578a8b591ea9 P 44dcd27058934c9aaeaed6d099f6b12b [CANDIDATE]: Term 1 election: Election decided. Result: candidate won. Election summary: received 2 responses out of 3 voters: 2 yes votes; 0 no votes. yes voters: 2bd7955cb3d44a5391f1c5d28a553220, 44dcd27058934c9aaeaed6d099f6b12b; no voters: 
I20260601 13:23:39.672278 17020 raft_consensus.cc:2804] T 704308409ed24209a22d578a8b591ea9 P 44dcd27058934c9aaeaed6d099f6b12b [term 1 FOLLOWER]: Leader election won for term 1
