I20260601 13:21:53.915831  7298 raft_consensus.cc:1275] T 151ea9ce1906408180cd85190f183800 P 9e429d4a62d8422b9a8bba75089f9ff2 [term 1 FOLLOWER]: Refusing update from remote peer e16905333e7748b994dd775993db0fe0: Log matching property violated. Preceding OpId in replica: term: 1 index: 3. Preceding OpId from leader: term: 1 index: 4. (index mismatch)
I20260601 13:21:53.916234  7692 consensus_queue.cc:1048] T 151ea9ce1906408180cd85190f183800 P e16905333e7748b994dd775993db0fe0 [LEADER]: Connected to new peer: Peer: permanent_uuid: "9e429d4a62d8422b9a8bba75089f9ff2" member_type: VOTER last_known_addr { host: "127.4.35.194" port: 37905 } attrs { promote: false }, Status: LMP_MISMATCH, Last received: 0.0, Next index: 4, Last known committed idx: 3, Time since last communication: 0.000s
I20260601 13:21:53.916407  7698 consensus_queue.cc:1048] T 151ea9ce1906408180cd85190f183800 P e16905333e7748b994dd775993db0fe0 [LEADER]: Connected to new peer: Peer: permanent_uuid: "19082fdeda3a41f1a3eea43bd5ec75df" member_type: VOTER last_known_addr { host: "127.4.35.193" port: 37687 }, Status: LMP_MISMATCH, Last received: 0.0, Next index: 4, Last known committed idx: 3, Time since last communication: 0.000s
I20260601 13:21:53.917989  7432 raft_consensus.cc:2955] T 151ea9ce1906408180cd85190f183800 P e16905333e7748b994dd775993db0fe0 [term 1 LEADER]: Committing config change with OpId 1.4: config changed from index 3 to 4, VOTER 809f39cfdda3425e90845dfc04648375 (127.4.35.196) evicted. New config: { opid_index: 4 OBSOLETE_local: false peers { permanent_uuid: "e16905333e7748b994dd775993db0fe0" member_type: VOTER last_known_addr { host: "127.4.35.195" port: 40983 } } peers { permanent_uuid: "19082fdeda3a41f1a3eea43bd5ec75df" member_type: VOTER last_known_addr { host: "127.4.35.193" port: 37687 } } peers { permanent_uuid: "9e429d4a62d8422b9a8bba75089f9ff2" member_type: VOTER last_known_addr { host: "127.4.35.194" port: 37905 } attrs { promote: false } } }
I20260601 13:21:53.918548  7298 raft_consensus.cc:2955] T 151ea9ce1906408180cd85190f183800 P 9e429d4a62d8422b9a8bba75089f9ff2 [term 1 FOLLOWER]: Committing config change with OpId 1.4: config changed from index 3 to 4, VOTER 809f39cfdda3425e90845dfc04648375 (127.4.35.196) evicted. New config: { opid_index: 4 OBSOLETE_local: false peers { permanent_uuid: "e16905333e7748b994dd775993db0fe0" member_type: VOTER last_known_addr { host: "127.4.35.195" port: 40983 } } peers { permanent_uuid: "19082fdeda3a41f1a3eea43bd5ec75df" member_type: VOTER last_known_addr { host: "127.4.35.193" port: 37687 } } peers { permanent_uuid: "9e429d4a62d8422b9a8bba75089f9ff2" member_type: VOTER last_known_addr { host: "127.4.35.194" port: 37905 } attrs { promote: false } } }
I20260601 13:21:53.919924  7105 catalog_manager.cc:5209] ChangeConfig:REMOVE_PEER RPC for tablet 151ea9ce1906408180cd85190f183800 with cas_config_opid_index 3: ChangeConfig:REMOVE_PEER succeeded (attempt 1)
I20260601 13:21:53.920866  7118 catalog_manager.cc:5696] T 151ea9ce1906408180cd85190f183800 P e16905333e7748b994dd775993db0fe0 reported cstate change: config changed from index 3 to 4, VOTER 809f39cfdda3425e90845dfc04648375 (127.4.35.196) evicted. New cstate: current_term: 1 leader_uuid: "e16905333e7748b994dd775993db0fe0" committed_config { opid_index: 4 OBSOLETE_local: false peers { permanent_uuid: "e16905333e7748b994dd775993db0fe0" member_type: VOTER last_known_addr { host: "127.4.35.195" port: 40983 } health_report { overall_health: HEALTHY } } peers { permanent_uuid: "19082fdeda3a41f1a3eea43bd5ec75df" member_type: VOTER last_known_addr { host: "127.4.35.193" port: 37687 } health_report { overall_health: HEALTHY } } peers { permanent_uuid: "9e429d4a62d8422b9a8bba75089f9ff2" member_type: VOTER last_known_addr { host: "127.4.35.194" port: 37905 } attrs { promote: false } health_report { overall_health: HEALTHY } } }
I20260601 13:21:53.920877  7222 raft_consensus.cc:2955] T 151ea9ce1906408180cd85190f183800 P 19082fdeda3a41f1a3eea43bd5ec75df [term 1 FOLLOWER]: Committing config change with OpId 1.4: config changed from index 3 to 4, VOTER 809f39cfdda3425e90845dfc04648375 (127.4.35.196) evicted. New config: { opid_index: 4 OBSOLETE_local: false peers { permanent_uuid: "e16905333e7748b994dd775993db0fe0" member_type: VOTER last_known_addr { host: "127.4.35.195" port: 40983 } } peers { permanent_uuid: "19082fdeda3a41f1a3eea43bd5ec75df" member_type: VOTER last_known_addr { host: "127.4.35.193" port: 37687 } } peers { permanent_uuid: "9e429d4a62d8422b9a8bba75089f9ff2" member_type: VOTER last_known_addr { host: "127.4.35.194" port: 37905 } attrs { promote: false } } }
I20260601 13:21:53.924191  7497 tablet_service.cc:1558] Processing DeleteTablet for tablet 151ea9ce1906408180cd85190f183800 with delete_type TABLET_DATA_TOMBSTONED (TS 809f39cfdda3425e90845dfc04648375 not found in new config with opid_index 4) from {username='slave'} at 127.0.0.1:46242
I20260601 13:21:53.925031  7701 tablet_replica.cc:333] T 151ea9ce1906408180cd85190f183800 P 809f39cfdda3425e90845dfc04648375: stopping tablet replica
I20260601 13:21:53.925246  7701 raft_consensus.cc:2243] T 151ea9ce1906408180cd85190f183800 P 809f39cfdda3425e90845dfc04648375 [term 1 FOLLOWER]: Raft consensus shutting down.
I20260601 13:21:53.925417  7701 raft_consensus.cc:2272] T 151ea9ce1906408180cd85190f183800 P 809f39cfdda3425e90845dfc04648375 [term 1 FOLLOWER]: Raft consensus is shut down!
I20260601 13:21:53.926060  7701 ts_tablet_manager.cc:1916] T 151ea9ce1906408180cd85190f183800 P 809f39cfdda3425e90845dfc04648375: Deleting tablet data with delete state TABLET_DATA_TOMBSTONED
I20260601 13:21:53.928637  7701 ts_tablet_manager.cc:1929] T 151ea9ce1906408180cd85190f183800 P 809f39cfdda3425e90845dfc04648375: tablet deleted with delete type TABLET_DATA_TOMBSTONED: last-logged OpId 1.3
I20260601 13:21:53.928732  7701 log.cc:1199] T 151ea9ce1906408180cd85190f183800 P 809f39cfdda3425e90845dfc04648375: Deleting WAL directory at /tmp/dist-test-taskktyNtJ/test-tmp/auto_rebalancer-test.0.AutoRebalancerTest.RangeAwareRebalancesNewRangeReplicas.1780320038315330-4239-0/minicluster-data/ts-3-root/wals/151ea9ce1906408180cd85190f183800
I20260601 13:21:53.929382  7106 catalog_manager.cc:5027] TS 809f39cfdda3425e90845dfc04648375 (127.4.35.196:40207): tablet 151ea9ce1906408180cd85190f183800 (table range_aware_rebalance_new_range [id=afcd06b7327445a0b37137d77ccfa7ec]) successfully deleted
I20260601 13:21:54.009405  7174 auto_leader_rebalancer.cc:140] leader rebalance for table range_aware_rebalance_new_range
I20260601 13:21:54.016121  7298 tablet_service.cc:2072] Received LeaderStepDown RPC: tablet_id: "6375aa378e3348698404ec9beea0ad30"
dest_uuid: "9e429d4a62d8422b9a8bba75089f9ff2"
mode: GRACEFUL
new_leader_uuid: "809f39cfdda3425e90845dfc04648375"
 from {username='slave'} at 127.0.0.1:34808
I20260601 13:21:54.016319  7298 raft_consensus.cc:606] T 6375aa378e3348698404ec9beea0ad30 P 9e429d4a62d8422b9a8bba75089f9ff2 [term 1 LEADER]: Received request to transfer leadership to TS 809f39cfdda3425e90845dfc04648375
I20260601 13:21:54.016944  7174 auto_leader_rebalancer.cc:388] table: range_aware_rebalance_new_range, leader rebalance finish, leader transfer count: 1
I20260601 13:21:54.017125  7174 auto_leader_rebalancer.cc:451] All tables' leader rebalancing finished this round
I20260601 13:21:54.042932  7580 raft_consensus.cc:1064] T 6a51aa6d459645bf97f307304e993ff8 P 19082fdeda3a41f1a3eea43bd5ec75df: attempting to promote NON_VOTER 809f39cfdda3425e90845dfc04648375 to VOTER
I20260601 13:21:54.043426  7580 consensus_queue.cc:237] T 6a51aa6d459645bf97f307304e993ff8 P 19082fdeda3a41f1a3eea43bd5ec75df [LEADER]: Queue going to LEADER mode. State: All replicated index: 0, Majority replicated index: 3, Committed index: 3, Last appended: 2.3, Last appended by leader: 1, Current term: 2, Majority size: 3, State: 0, Mode: LEADER, active raft config: opid_index: 4 OBSOLETE_local: false peers { permanent_uuid: "9e429d4a62d8422b9a8bba75089f9ff2" member_type: VOTER last_known_addr { host: "127.4.35.194" port: 37905 } attrs { replace: true } } peers { permanent_uuid: "19082fdeda3a41f1a3eea43bd5ec75df" member_type: VOTER last_known_addr { host: "127.4.35.193" port: 37687 } } peers { permanent_uuid: "e16905333e7748b994dd775993db0fe0" member_type: VOTER last_known_addr { host: "127.4.35.195" port: 40983 } } peers { permanent_uuid: "809f39cfdda3425e90845dfc04648375" member_type: VOTER last_known_addr { host: "127.4.35.196" port: 40207 } attrs { promote: false } }
I20260601 13:21:54.045050  7512 raft_consensus.cc:1275] T 6a51aa6d459645bf97f307304e993ff8 P 809f39cfdda3425e90845dfc04648375 [term 2 LEARNER]: Refusing update from remote peer 19082fdeda3a41f1a3eea43bd5ec75df: Log matching property violated. Preceding OpId in replica: term: 2 index: 3. Preceding OpId from leader: term: 2 index: 4. (index mismatch)
I20260601 13:21:54.045050  7298 raft_consensus.cc:1275] T 6a51aa6d459645bf97f307304e993ff8 P 9e429d4a62d8422b9a8bba75089f9ff2 [term 2 FOLLOWER]: Refusing update from remote peer 19082fdeda3a41f1a3eea43bd5ec75df: Log matching property violated. Preceding OpId in replica: term: 2 index: 3. Preceding OpId from leader: term: 2 index: 4. (index mismatch)
I20260601 13:21:54.045176  7374 raft_consensus.cc:1275] T 6a51aa6d459645bf97f307304e993ff8 P e16905333e7748b994dd775993db0fe0 [term 2 FOLLOWER]: Refusing update from remote peer 19082fdeda3a41f1a3eea43bd5ec75df: Log matching property violated. Preceding OpId in replica: term: 2 index: 3. Preceding OpId from leader: term: 2 index: 4. (index mismatch)
I20260601 13:21:54.045529  7705 consensus_queue.cc:1048] T 6a51aa6d459645bf97f307304e993ff8 P 19082fdeda3a41f1a3eea43bd5ec75df [LEADER]: Connected to new peer: Peer: permanent_uuid: "809f39cfdda3425e90845dfc04648375" member_type: VOTER last_known_addr { host: "127.4.35.196" port: 40207 } attrs { promote: false }, Status: LMP_MISMATCH, Last received: 0.0, Next index: 4, Last known committed idx: 3, Time since last communication: 0.000s
I20260601 13:21:54.045855  7706 consensus_queue.cc:1048] T 6a51aa6d459645bf97f307304e993ff8 P 19082fdeda3a41f1a3eea43bd5ec75df [LEADER]: Connected to new peer: Peer: permanent_uuid: "e16905333e7748b994dd775993db0fe0" member_type: VOTER last_known_addr { host: "127.4.35.195" port: 40983 }, Status: LMP_MISMATCH, Last received: 0.0, Next index: 4, Last known committed idx: 3, Time since last communication: 0.000s
I20260601 13:21:54.046060  7688 consensus_queue.cc:1048] T 6a51aa6d459645bf97f307304e993ff8 P 19082fdeda3a41f1a3eea43bd5ec75df [LEADER]: Connected to new peer: Peer: permanent_uuid: "9e429d4a62d8422b9a8bba75089f9ff2" member_type: VOTER last_known_addr { host: "127.4.35.194" port: 37905 } attrs { replace: true }, Status: LMP_MISMATCH, Last received: 0.0, Next index: 4, Last known committed idx: 3, Time since last communication: 0.000s
I20260601 13:21:54.048321  7688 raft_consensus.cc:2955] T 6a51aa6d459645bf97f307304e993ff8 P 19082fdeda3a41f1a3eea43bd5ec75df [term 2 LEADER]: Committing config change with OpId 2.4: config changed from index 3 to 4, 809f39cfdda3425e90845dfc04648375 (127.4.35.196) changed from NON_VOTER to VOTER. New config: { opid_index: 4 OBSOLETE_local: false peers { permanent_uuid: "9e429d4a62d8422b9a8bba75089f9ff2" member_type: VOTER last_known_addr { host: "127.4.35.194" port: 37905 } attrs { replace: true } } peers { permanent_uuid: "19082fdeda3a41f1a3eea43bd5ec75df" member_type: VOTER last_known_addr { host: "127.4.35.193" port: 37687 } } peers { permanent_uuid: "e16905333e7748b994dd775993db0fe0" member_type: VOTER last_known_addr { host: "127.4.35.195" port: 40983 } } peers { permanent_uuid: "809f39cfdda3425e90845dfc04648375" member_type: VOTER last_known_addr { host: "127.4.35.196" port: 40207 } attrs { promote: false } } }
I20260601 13:21:54.048794  7512 raft_consensus.cc:2955] T 6a51aa6d459645bf97f307304e993ff8 P 809f39cfdda3425e90845dfc04648375 [term 2 FOLLOWER]: Committing config change with OpId 2.4: config changed from index 3 to 4, 809f39cfdda3425e90845dfc04648375 (127.4.35.196) changed from NON_VOTER to VOTER. New config: { opid_index: 4 OBSOLETE_local: false peers { permanent_uuid: "9e429d4a62d8422b9a8bba75089f9ff2" member_type: VOTER last_known_addr { host: "127.4.35.194" port: 37905 } attrs { replace: true } } peers { permanent_uuid: "19082fdeda3a41f1a3eea43bd5ec75df" member_type: VOTER last_known_addr { host: "127.4.35.193" port: 37687 } } peers { permanent_uuid: "e16905333e7748b994dd775993db0fe0" member_type: VOTER last_known_addr { host: "127.4.35.195" port: 40983 } } peers { permanent_uuid: "809f39cfdda3425e90845dfc04648375" member_type: VOTER last_known_addr { host: "127.4.35.196" port: 40207 } attrs { promote: false } } }
I20260601 13:21:54.051081  7120 catalog_manager.cc:5696] T 6a51aa6d459645bf97f307304e993ff8 P 19082fdeda3a41f1a3eea43bd5ec75df reported cstate change: config changed from index 3 to 4, 809f39cfdda3425e90845dfc04648375 (127.4.35.196) changed from NON_VOTER to VOTER. New cstate: current_term: 2 leader_uuid: "19082fdeda3a41f1a3eea43bd5ec75df" committed_config { opid_index: 4 OBSOLETE_local: false peers { permanent_uuid: "9e429d4a62d8422b9a8bba75089f9ff2" member_type: VOTER last_known_addr { host: "127.4.35.194" port: 37905 } attrs { replace: true } health_report { overall_health: HEALTHY } } peers { permanent_uuid: "19082fdeda3a41f1a3eea43bd5ec75df" member_type: VOTER last_known_addr { host: "127.4.35.193" port: 37687 } health_report { overall_health: HEALTHY } } peers { permanent_uuid: "e16905333e7748b994dd775993db0fe0" member_type: VOTER last_known_addr { host: "127.4.35.195" port: 40983 } health_report { overall_health: UNKNOWN } } peers { permanent_uuid: "809f39cfdda3425e90845dfc04648375" member_type: VOTER last_known_addr { host: "127.4.35.196" port: 40207 } attrs { promote: false } health_report { overall_health: HEALTHY } } }
I20260601 13:21:54.051295  7374 raft_consensus.cc:2955] T 6a51aa6d459645bf97f307304e993ff8 P e16905333e7748b994dd775993db0fe0 [term 2 FOLLOWER]: Committing config change with OpId 2.4: config changed from index 3 to 4, 809f39cfdda3425e90845dfc04648375 (127.4.35.196) changed from NON_VOTER to VOTER. New config: { opid_index: 4 OBSOLETE_local: false peers { permanent_uuid: "9e429d4a62d8422b9a8bba75089f9ff2" member_type: VOTER last_known_addr { host: "127.4.35.194" port: 37905 } attrs { replace: true } } peers { permanent_uuid: "19082fdeda3a41f1a3eea43bd5ec75df" member_type: VOTER last_known_addr { host: "127.4.35.193" port: 37687 } } peers { permanent_uuid: "e16905333e7748b994dd775993db0fe0" member_type: VOTER last_known_addr { host: "127.4.35.195" port: 40983 } } peers { permanent_uuid: "809f39cfdda3425e90845dfc04648375" member_type: VOTER last_known_addr { host: "127.4.35.196" port: 40207 } attrs { promote: false } } }
I20260601 13:21:54.051332  7298 raft_consensus.cc:2955] T 6a51aa6d459645bf97f307304e993ff8 P 9e429d4a62d8422b9a8bba75089f9ff2 [term 2 FOLLOWER]: Committing config change with OpId 2.4: config changed from index 3 to 4, 809f39cfdda3425e90845dfc04648375 (127.4.35.196) changed from NON_VOTER to VOTER. New config: { opid_index: 4 OBSOLETE_local: false peers { permanent_uuid: "9e429d4a62d8422b9a8bba75089f9ff2" member_type: VOTER last_known_addr { host: "127.4.35.194" port: 37905 } attrs { replace: true } } peers { permanent_uuid: "19082fdeda3a41f1a3eea43bd5ec75df" member_type: VOTER last_known_addr { host: "127.4.35.193" port: 37687 } } peers { permanent_uuid: "e16905333e7748b994dd775993db0fe0" member_type: VOTER last_known_addr { host: "127.4.35.195" port: 40983 } } peers { permanent_uuid: "809f39cfdda3425e90845dfc04648375" member_type: VOTER last_known_addr { host: "127.4.35.196" port: 40207 } attrs { promote: false } } }
I20260601 13:21:54.056463  7222 consensus_queue.cc:237] T 6a51aa6d459645bf97f307304e993ff8 P 19082fdeda3a41f1a3eea43bd5ec75df [LEADER]: Queue going to LEADER mode. State: All replicated index: 0, Majority replicated index: 4, Committed index: 4, Last appended: 2.4, Last appended by leader: 1, Current term: 2, Majority size: 2, State: 0, Mode: LEADER, active raft config: opid_index: 5 OBSOLETE_local: false peers { permanent_uuid: "19082fdeda3a41f1a3eea43bd5ec75df" member_type: VOTER last_known_addr { host: "127.4.35.193" port: 37687 } } peers { permanent_uuid: "e16905333e7748b994dd775993db0fe0" member_type: VOTER last_known_addr { host: "127.4.35.195" port: 40983 } } peers { permanent_uuid: "809f39cfdda3425e90845dfc04648375" member_type: VOTER last_known_addr { host: "127.4.35.196" port: 40207 } attrs { promote: false } }
I20260601 13:21:54.057883  7374 raft_consensus.cc:1275] T 6a51aa6d459645bf97f307304e993ff8 P e16905333e7748b994dd775993db0fe0 [term 2 FOLLOWER]: Refusing update from remote peer 19082fdeda3a41f1a3eea43bd5ec75df: Log matching property violated. Preceding OpId in replica: term: 2 index: 4. Preceding OpId from leader: term: 2 index: 5. (index mismatch)
I20260601 13:21:54.058168  7512 raft_consensus.cc:1275] T 6a51aa6d459645bf97f307304e993ff8 P 809f39cfdda3425e90845dfc04648375 [term 2 FOLLOWER]: Refusing update from remote peer 19082fdeda3a41f1a3eea43bd5ec75df: Log matching property violated. Preceding OpId in replica: term: 2 index: 4. Preceding OpId from leader: term: 2 index: 5. (index mismatch)
I20260601 13:21:54.058281  7688 consensus_queue.cc:1048] T 6a51aa6d459645bf97f307304e993ff8 P 19082fdeda3a41f1a3eea43bd5ec75df [LEADER]: Connected to new peer: Peer: permanent_uuid: "e16905333e7748b994dd775993db0fe0" member_type: VOTER last_known_addr { host: "127.4.35.195" port: 40983 }, Status: LMP_MISMATCH, Last received: 0.0, Next index: 5, Last known committed idx: 4, Time since last communication: 0.000s
I20260601 13:21:54.058544  7580 consensus_queue.cc:1048] T 6a51aa6d459645bf97f307304e993ff8 P 19082fdeda3a41f1a3eea43bd5ec75df [LEADER]: Connected to new peer: Peer: permanent_uuid: "809f39cfdda3425e90845dfc04648375" member_type: VOTER last_known_addr { host: "127.4.35.196" port: 40207 } attrs { promote: false }, Status: LMP_MISMATCH, Last received: 0.0, Next index: 5, Last known committed idx: 4, Time since last communication: 0.000s
I20260601 13:21:54.059872  7705 raft_consensus.cc:2955] T 6a51aa6d459645bf97f307304e993ff8 P 19082fdeda3a41f1a3eea43bd5ec75df [term 2 LEADER]: Committing config change with OpId 2.5: config changed from index 4 to 5, VOTER 9e429d4a62d8422b9a8bba75089f9ff2 (127.4.35.194) evicted. New config: { opid_index: 5 OBSOLETE_local: false peers { permanent_uuid: "19082fdeda3a41f1a3eea43bd5ec75df" member_type: VOTER last_known_addr { host: "127.4.35.193" port: 37687 } } peers { permanent_uuid: "e16905333e7748b994dd775993db0fe0" member_type: VOTER last_known_addr { host: "127.4.35.195" port: 40983 } } peers { permanent_uuid: "809f39cfdda3425e90845dfc04648375" member_type: VOTER last_known_addr { host: "127.4.35.196" port: 40207 } attrs { promote: false } } }
I20260601 13:21:54.060242  7374 raft_consensus.cc:2955] T 6a51aa6d459645bf97f307304e993ff8 P e16905333e7748b994dd775993db0fe0 [term 2 FOLLOWER]: Committing config change with OpId 2.5: config changed from index 4 to 5, VOTER 9e429d4a62d8422b9a8bba75089f9ff2 (127.4.35.194) evicted. New config: { opid_index: 5 OBSOLETE_local: false peers { permanent_uuid: "19082fdeda3a41f1a3eea43bd5ec75df" member_type: VOTER last_known_addr { host: "127.4.35.193" port: 37687 } } peers { permanent_uuid: "e16905333e7748b994dd775993db0fe0" member_type: VOTER last_known_addr { host: "127.4.35.195" port: 40983 } } peers { permanent_uuid: "809f39cfdda3425e90845dfc04648375" member_type: VOTER last_known_addr { host: "127.4.35.196" port: 40207 } attrs { promote: false } } }
I20260601 13:21:54.062091  7104 catalog_manager.cc:5209] ChangeConfig:REMOVE_PEER RPC for tablet 6a51aa6d459645bf97f307304e993ff8 with cas_config_opid_index 4: ChangeConfig:REMOVE_PEER succeeded (attempt 1)
I20260601 13:21:54.062825  7512 raft_consensus.cc:2955] T 6a51aa6d459645bf97f307304e993ff8 P 809f39cfdda3425e90845dfc04648375 [term 2 FOLLOWER]: Committing config change with OpId 2.5: config changed from index 4 to 5, VOTER 9e429d4a62d8422b9a8bba75089f9ff2 (127.4.35.194) evicted. New config: { opid_index: 5 OBSOLETE_local: false peers { permanent_uuid: "19082fdeda3a41f1a3eea43bd5ec75df" member_type: VOTER last_known_addr { host: "127.4.35.193" port: 37687 } } peers { permanent_uuid: "e16905333e7748b994dd775993db0fe0" member_type: VOTER last_known_addr { host: "127.4.35.195" port: 40983 } } peers { permanent_uuid: "809f39cfdda3425e90845dfc04648375" member_type: VOTER last_known_addr { host: "127.4.35.196" port: 40207 } attrs { promote: false } } }
I20260601 13:21:54.062894  7117 catalog_manager.cc:5696] T 6a51aa6d459645bf97f307304e993ff8 P e16905333e7748b994dd775993db0fe0 reported cstate change: config changed from index 4 to 5, VOTER 9e429d4a62d8422b9a8bba75089f9ff2 (127.4.35.194) evicted. New cstate: current_term: 2 leader_uuid: "19082fdeda3a41f1a3eea43bd5ec75df" committed_config { opid_index: 5 OBSOLETE_local: false peers { permanent_uuid: "19082fdeda3a41f1a3eea43bd5ec75df" member_type: VOTER last_known_addr { host: "127.4.35.193" port: 37687 } } peers { permanent_uuid: "e16905333e7748b994dd775993db0fe0" member_type: VOTER last_known_addr { host: "127.4.35.195" port: 40983 } } peers { permanent_uuid: "809f39cfdda3425e90845dfc04648375" member_type: VOTER last_known_addr { host: "127.4.35.196" port: 40207 } attrs { promote: false } } }
I20260601 13:21:54.065938  7288 tablet_service.cc:1558] Processing DeleteTablet for tablet 6a51aa6d459645bf97f307304e993ff8 with delete_type TABLET_DATA_TOMBSTONED (TS 9e429d4a62d8422b9a8bba75089f9ff2 not found in new config with opid_index 5) from {username='slave'} at 127.0.0.1:34770
I20260601 13:21:54.066593  7710 tablet_replica.cc:333] T 6a51aa6d459645bf97f307304e993ff8 P 9e429d4a62d8422b9a8bba75089f9ff2: stopping tablet replica
I20260601 13:21:54.066820  7710 raft_consensus.cc:2243] T 6a51aa6d459645bf97f307304e993ff8 P 9e429d4a62d8422b9a8bba75089f9ff2 [term 2 FOLLOWER]: Raft consensus shutting down.
I20260601 13:21:54.067004  7710 raft_consensus.cc:2272] T 6a51aa6d459645bf97f307304e993ff8 P 9e429d4a62d8422b9a8bba75089f9ff2 [term 2 FOLLOWER]: Raft consensus is shut down!
I20260601 13:21:54.067916  7710 ts_tablet_manager.cc:1916] T 6a51aa6d459645bf97f307304e993ff8 P 9e429d4a62d8422b9a8bba75089f9ff2: Deleting tablet data with delete state TABLET_DATA_TOMBSTONED
I20260601 13:21:54.070150  7710 ts_tablet_manager.cc:1929] T 6a51aa6d459645bf97f307304e993ff8 P 9e429d4a62d8422b9a8bba75089f9ff2: tablet deleted with delete type TABLET_DATA_TOMBSTONED: last-logged OpId 2.4
I20260601 13:21:54.070298  7710 log.cc:1199] T 6a51aa6d459645bf97f307304e993ff8 P 9e429d4a62d8422b9a8bba75089f9ff2: Deleting WAL directory at /tmp/dist-test-taskktyNtJ/test-tmp/auto_rebalancer-test.0.AutoRebalancerTest.RangeAwareRebalancesNewRangeReplicas.1780320038315330-4239-0/minicluster-data/ts-1-root/wals/6a51aa6d459645bf97f307304e993ff8
I20260601 13:21:54.071056  7105 catalog_manager.cc:5027] TS 9e429d4a62d8422b9a8bba75089f9ff2 (127.4.35.194:37905): tablet 6a51aa6d459645bf97f307304e993ff8 (table range_aware_rebalance_new_range [id=afcd06b7327445a0b37137d77ccfa7ec]) successfully deleted
I20260601 13:21:54.256659  7711 raft_consensus.cc:1064] T 6375aa378e3348698404ec9beea0ad30 P 9e429d4a62d8422b9a8bba75089f9ff2: attempting to promote NON_VOTER e16905333e7748b994dd775993db0fe0 to VOTER
W20260601 13:21:54.256820  7711 raft_consensus.cc:1067] T 6375aa378e3348698404ec9beea0ad30 P 9e429d4a62d8422b9a8bba75089f9ff2: Unable to promote non-voter e16905333e7748b994dd775993db0fe0: Service unavailable: leader transfer in progress
I20260601 13:21:54.303186  7670 raft_consensus.cc:993] T 6375aa378e3348698404ec9beea0ad30 P 9e429d4a62d8422b9a8bba75089f9ff2: : Instructing follower 809f39cfdda3425e90845dfc04648375 to start an election
I20260601 13:21:54.303340  7670 raft_consensus.cc:1081] T 6375aa378e3348698404ec9beea0ad30 P 9e429d4a62d8422b9a8bba75089f9ff2 [term 1 LEADER]: Signalling peer 809f39cfdda3425e90845dfc04648375 to start an election
I20260601 13:21:54.303980  7512 tablet_service.cc:2044] Received Run Leader Election RPC: tablet_id: "6375aa378e3348698404ec9beea0ad30"
dest_uuid: "809f39cfdda3425e90845dfc04648375"
 from {username='slave'} at 127.0.0.1:46274
I20260601 13:21:54.304118  7512 raft_consensus.cc:493] T 6375aa378e3348698404ec9beea0ad30 P 809f39cfdda3425e90845dfc04648375 [term 1 FOLLOWER]: Starting forced leader election (received explicit request)
I20260601 13:21:54.304229  7512 raft_consensus.cc:3060] T 6375aa378e3348698404ec9beea0ad30 P 809f39cfdda3425e90845dfc04648375 [term 1 FOLLOWER]: Advancing to term 2
I20260601 13:21:54.305318  7512 raft_consensus.cc:515] T 6375aa378e3348698404ec9beea0ad30 P 809f39cfdda3425e90845dfc04648375 [term 2 FOLLOWER]: Starting forced leader election with config: opid_index: 2 OBSOLETE_local: false peers { permanent_uuid: "19082fdeda3a41f1a3eea43bd5ec75df" member_type: VOTER last_known_addr { host: "127.4.35.193" port: 37687 } } peers { permanent_uuid: "9e429d4a62d8422b9a8bba75089f9ff2" member_type: VOTER last_known_addr { host: "127.4.35.194" port: 37905 } } peers { permanent_uuid: "809f39cfdda3425e90845dfc04648375" member_type: VOTER last_known_addr { host: "127.4.35.196" port: 40207 } attrs { replace: true } } peers { permanent_uuid: "e16905333e7748b994dd775993db0fe0" member_type: NON_VOTER last_known_addr { host: "127.4.35.195" port: 40983 } attrs { promote: true } }
I20260601 13:21:54.305768  7512 leader_election.cc:290] T 6375aa378e3348698404ec9beea0ad30 P 809f39cfdda3425e90845dfc04648375 [CANDIDATE]: Term 2 election: Requested vote from peers 19082fdeda3a41f1a3eea43bd5ec75df (127.4.35.193:37687), 9e429d4a62d8422b9a8bba75089f9ff2 (127.4.35.194:37905)
I20260601 13:21:54.306079  7222 tablet_service.cc:1917] Received RequestConsensusVote() RPC: tablet_id: "6375aa378e3348698404ec9beea0ad30" candidate_uuid: "809f39cfdda3425e90845dfc04648375" candidate_term: 2 candidate_status { last_received { term: 1 index: 2 } } ignore_live_leader: true dest_uuid: "19082fdeda3a41f1a3eea43bd5ec75df"
I20260601 13:21:54.306205  7222 raft_consensus.cc:3060] T 6375aa378e3348698404ec9beea0ad30 P 19082fdeda3a41f1a3eea43bd5ec75df [term 1 FOLLOWER]: Advancing to term 2
I20260601 13:21:54.306222  7298 tablet_service.cc:1917] Received RequestConsensusVote() RPC: tablet_id: "6375aa378e3348698404ec9beea0ad30" candidate_uuid: "809f39cfdda3425e90845dfc04648375" candidate_term: 2 candidate_status { last_received { term: 1 index: 2 } } ignore_live_leader: true dest_uuid: "9e429d4a62d8422b9a8bba75089f9ff2"
I20260601 13:21:54.306299  7298 raft_consensus.cc:3055] T 6375aa378e3348698404ec9beea0ad30 P 9e429d4a62d8422b9a8bba75089f9ff2 [term 1 LEADER]: Stepping down as leader of term 1
I20260601 13:21:54.306335  7298 raft_consensus.cc:740] T 6375aa378e3348698404ec9beea0ad30 P 9e429d4a62d8422b9a8bba75089f9ff2 [term 1 LEADER]: Becoming Follower/Learner. State: Replica: 9e429d4a62d8422b9a8bba75089f9ff2, State: Running, Role: LEADER
I20260601 13:21:54.306480  7298 consensus_queue.cc:260] T 6375aa378e3348698404ec9beea0ad30 P 9e429d4a62d8422b9a8bba75089f9ff2 [NON_LEADER]: Queue going to NON_LEADER mode. State: All replicated index: 0, Majority replicated index: 2, Committed index: 2, Last appended: 1.2, Last appended by leader: 2, Current term: 1, Majority size: -1, State: 0, Mode: NON_LEADER, active raft config: opid_index: 2 OBSOLETE_local: false peers { permanent_uuid: "19082fdeda3a41f1a3eea43bd5ec75df" member_type: VOTER last_known_addr { host: "127.4.35.193" port: 37687 } } peers { permanent_uuid: "9e429d4a62d8422b9a8bba75089f9ff2" member_type: VOTER last_known_addr { host: "127.4.35.194" port: 37905 } } peers { permanent_uuid: "809f39cfdda3425e90845dfc04648375" member_type: VOTER last_known_addr { host: "127.4.35.196" port: 40207 } attrs { replace: true } } peers { permanent_uuid: "e16905333e7748b994dd775993db0fe0" member_type: NON_VOTER last_known_addr { host: "127.4.35.195" port: 40983 } attrs { promote: true } }
I20260601 13:21:54.306663  7298 raft_consensus.cc:3060] T 6375aa378e3348698404ec9beea0ad30 P 9e429d4a62d8422b9a8bba75089f9ff2 [term 1 FOLLOWER]: Advancing to term 2
I20260601 13:21:54.307245  7222 raft_consensus.cc:2468] T 6375aa378e3348698404ec9beea0ad30 P 19082fdeda3a41f1a3eea43bd5ec75df [term 2 FOLLOWER]: Leader election vote request: Granting yes vote for candidate 809f39cfdda3425e90845dfc04648375 in term 2.
I20260601 13:21:54.307585  7476 leader_election.cc:304] T 6375aa378e3348698404ec9beea0ad30 P 809f39cfdda3425e90845dfc04648375 [CANDIDATE]: Term 2 election: Election decided. Result: candidate won. Election summary: received 2 responses out of 3 voters: 2 yes votes; 0 no votes. yes voters: 19082fdeda3a41f1a3eea43bd5ec75df, 809f39cfdda3425e90845dfc04648375; no voters: 
I20260601 13:21:54.307667  7298 raft_consensus.cc:2468] T 6375aa378e3348698404ec9beea0ad30 P 9e429d4a62d8422b9a8bba75089f9ff2 [term 2 FOLLOWER]: Leader election vote request: Granting yes vote for candidate 809f39cfdda3425e90845dfc04648375 in term 2.
I20260601 13:21:54.307772  7575 raft_consensus.cc:2804] T 6375aa378e3348698404ec9beea0ad30 P 809f39cfdda3425e90845dfc04648375 [term 2 FOLLOWER]: Leader election won for term 2
I20260601 13:21:54.308002  7575 raft_consensus.cc:697] T 6375aa378e3348698404ec9beea0ad30 P 809f39cfdda3425e90845dfc04648375 [term 2 LEADER]: Becoming Leader. State: Replica: 809f39cfdda3425e90845dfc04648375, State: Running, Role: LEADER
I20260601 13:21:54.308156  7575 consensus_queue.cc:237] T 6375aa378e3348698404ec9beea0ad30 P 809f39cfdda3425e90845dfc04648375 [LEADER]: Queue going to LEADER mode. State: All replicated index: 0, Majority replicated index: 2, Committed index: 2, Last appended: 1.2, Last appended by leader: 2, Current term: 2, Majority size: 2, State: 0, Mode: LEADER, active raft config: opid_index: 2 OBSOLETE_local: false peers { permanent_uuid: "19082fdeda3a41f1a3eea43bd5ec75df" member_type: VOTER last_known_addr { host: "127.4.35.193" port: 37687 } } peers { permanent_uuid: "9e429d4a62d8422b9a8bba75089f9ff2" member_type: VOTER last_known_addr { host: "127.4.35.194" port: 37905 } } peers { permanent_uuid: "809f39cfdda3425e90845dfc04648375" member_type: VOTER last_known_addr { host: "127.4.35.196" port: 40207 } attrs { replace: true } } peers { permanent_uuid: "e16905333e7748b994dd775993db0fe0" member_type: NON_VOTER last_known_addr { host: "127.4.35.195" port: 40983 } attrs { promote: true } }
I20260601 13:21:54.310021  7118 catalog_manager.cc:5696] T 6375aa378e3348698404ec9beea0ad30 P 809f39cfdda3425e90845dfc04648375 reported cstate change: term changed from 1 to 2, leader changed from 9e429d4a62d8422b9a8bba75089f9ff2 (127.4.35.194) to 809f39cfdda3425e90845dfc04648375 (127.4.35.196). New cstate: current_term: 2 leader_uuid: "809f39cfdda3425e90845dfc04648375" committed_config { opid_index: 2 OBSOLETE_local: false peers { permanent_uuid: "19082fdeda3a41f1a3eea43bd5ec75df" member_type: VOTER last_known_addr { host: "127.4.35.193" port: 37687 } health_report { overall_health: UNKNOWN } } peers { permanent_uuid: "9e429d4a62d8422b9a8bba75089f9ff2" member_type: VOTER last_known_addr { host: "127.4.35.194" port: 37905 } health_report { overall_health: UNKNOWN } } peers { permanent_uuid: "809f39cfdda3425e90845dfc04648375" member_type: VOTER last_known_addr { host: "127.4.35.196" port: 40207 } attrs { replace: true } health_report { overall_health: HEALTHY } } peers { permanent_uuid: "e16905333e7748b994dd775993db0fe0" member_type: NON_VOTER last_known_addr { host: "127.4.35.195" port: 40983 } attrs { promote: true } health_report { overall_health: UNKNOWN } } }
I20260601 13:21:54.312690  7512 tablet_service.cc:2072] Received LeaderStepDown RPC: tablet_id: "6375aa378e3348698404ec9beea0ad30"
dest_uuid: "809f39cfdda3425e90845dfc04648375"
mode: GRACEFUL
 from {username='slave'} at 127.0.0.1:46242
I20260601 13:21:54.312851  7512 raft_consensus.cc:606] T 6375aa378e3348698404ec9beea0ad30 P 809f39cfdda3425e90845dfc04648375 [term 2 LEADER]: Received request to transfer leadership
I20260601 13:21:54.313802  7512 tablet_service.cc:2072] Received LeaderStepDown RPC: tablet_id: "6375aa378e3348698404ec9beea0ad30"
dest_uuid: "809f39cfdda3425e90845dfc04648375"
mode: GRACEFUL
 from {username='slave'} at 127.0.0.1:46242
I20260601 13:21:54.313899  7512 raft_consensus.cc:606] T 6375aa378e3348698404ec9beea0ad30 P 809f39cfdda3425e90845dfc04648375 [term 2 LEADER]: Received request to transfer leadership
W20260601 13:21:54.314250  7106 proxy.cc:239] Call had error, refreshing address and retrying: Remote error: Service unavailable: leadership transfer for 6375aa378e3348698404ec9beea0ad30 already in progress [suppressed 1 similar messages]
I20260601 13:21:54.315114  7512 tablet_service.cc:2072] Received LeaderStepDown RPC: tablet_id: "6375aa378e3348698404ec9beea0ad30"
dest_uuid: "809f39cfdda3425e90845dfc04648375"
mode: GRACEFUL
 from {username='slave'} at 127.0.0.1:46242
I20260601 13:21:54.315212  7512 raft_consensus.cc:606] T 6375aa378e3348698404ec9beea0ad30 P 809f39cfdda3425e90845dfc04648375 [term 2 LEADER]: Received request to transfer leadership
W20260601 13:21:54.319969  7167 auto_rebalancer.cc:855] Removing replace marker failed: Service unavailable: leader transfer in progress
W20260601 13:21:54.320081  7167 auto_rebalancer.cc:863] Could not move replica: Remote error: Service unavailable: leadership transfer for 6375aa378e3348698404ec9beea0ad30 already in progress
W20260601 13:21:54.320133  7167 auto_rebalancer.cc:300] scheduled replica move failed to complete: Remote error: Service unavailable: leadership transfer for 6375aa378e3348698404ec9beea0ad30 already in progress
I20260601 13:21:54.720311  7374 raft_consensus.cc:3060] T 6375aa378e3348698404ec9beea0ad30 P e16905333e7748b994dd775993db0fe0 [term 1 LEARNER]: Advancing to term 2
I20260601 13:21:54.721397  7374 raft_consensus.cc:1275] T 6375aa378e3348698404ec9beea0ad30 P e16905333e7748b994dd775993db0fe0 [term 2 LEARNER]: Refusing update from remote peer 809f39cfdda3425e90845dfc04648375: Log matching property violated. Preceding OpId in replica: term: 1 index: 2. Preceding OpId from leader: term: 2 index: 3. (index mismatch)
I20260601 13:21:54.722123  7575 consensus_queue.cc:1048] T 6375aa378e3348698404ec9beea0ad30 P 809f39cfdda3425e90845dfc04648375 [LEADER]: Connected to new peer: Peer: permanent_uuid: "e16905333e7748b994dd775993db0fe0" member_type: NON_VOTER last_known_addr { host: "127.4.35.195" port: 40983 } attrs { promote: true }, Status: LMP_MISMATCH, Last received: 0.0, Next index: 3, Last known committed idx: 2, Time since last communication: 0.000s
I20260601 13:21:54.724644  7575 raft_consensus.cc:1064] T 6375aa378e3348698404ec9beea0ad30 P 809f39cfdda3425e90845dfc04648375: attempting to promote NON_VOTER e16905333e7748b994dd775993db0fe0 to VOTER
W20260601 13:21:54.724736  7575 raft_consensus.cc:1067] T 6375aa378e3348698404ec9beea0ad30 P 809f39cfdda3425e90845dfc04648375: Unable to promote non-voter e16905333e7748b994dd775993db0fe0: Service unavailable: leader transfer in progress
I20260601 13:21:54.844053  7298 raft_consensus.cc:1275] T 6375aa378e3348698404ec9beea0ad30 P 9e429d4a62d8422b9a8bba75089f9ff2 [term 2 FOLLOWER]: Refusing update from remote peer 809f39cfdda3425e90845dfc04648375: Log matching property violated. Preceding OpId in replica: term: 1 index: 2. Preceding OpId from leader: term: 2 index: 3. (index mismatch)
I20260601 13:21:54.844615  7575 consensus_queue.cc:1048] T 6375aa378e3348698404ec9beea0ad30 P 809f39cfdda3425e90845dfc04648375 [LEADER]: Connected to new peer: Peer: permanent_uuid: "9e429d4a62d8422b9a8bba75089f9ff2" member_type: VOTER last_known_addr { host: "127.4.35.194" port: 37905 }, Status: LMP_MISMATCH, Last received: 0.0, Next index: 3, Last known committed idx: 2, Time since last communication: 0.000s
I20260601 13:21:54.846393  7712 raft_consensus.cc:993] T 6375aa378e3348698404ec9beea0ad30 P 809f39cfdda3425e90845dfc04648375: : Instructing follower 9e429d4a62d8422b9a8bba75089f9ff2 to start an election
I20260601 13:21:54.846578  7712 raft_consensus.cc:1081] T 6375aa378e3348698404ec9beea0ad30 P 809f39cfdda3425e90845dfc04648375 [term 2 LEADER]: Signalling peer 9e429d4a62d8422b9a8bba75089f9ff2 to start an election
I20260601 13:21:54.847334  7299 tablet_service.cc:2044] Received Run Leader Election RPC: tablet_id: "6375aa378e3348698404ec9beea0ad30"
dest_uuid: "9e429d4a62d8422b9a8bba75089f9ff2"
 from {username='slave'} at 127.0.0.1:34794
I20260601 13:21:54.847476  7299 raft_consensus.cc:493] T 6375aa378e3348698404ec9beea0ad30 P 9e429d4a62d8422b9a8bba75089f9ff2 [term 2 FOLLOWER]: Starting forced leader election (received explicit request)
I20260601 13:21:54.847559  7299 raft_consensus.cc:3060] T 6375aa378e3348698404ec9beea0ad30 P 9e429d4a62d8422b9a8bba75089f9ff2 [term 2 FOLLOWER]: Advancing to term 3
I20260601 13:21:54.848249  7222 raft_consensus.cc:1275] T 6375aa378e3348698404ec9beea0ad30 P 19082fdeda3a41f1a3eea43bd5ec75df [term 2 FOLLOWER]: Refusing update from remote peer 809f39cfdda3425e90845dfc04648375: Log matching property violated. Preceding OpId in replica: term: 1 index: 2. Preceding OpId from leader: term: 2 index: 3. (index mismatch)
I20260601 13:21:54.848680  7712 consensus_queue.cc:1048] T 6375aa378e3348698404ec9beea0ad30 P 809f39cfdda3425e90845dfc04648375 [LEADER]: Connected to new peer: Peer: permanent_uuid: "19082fdeda3a41f1a3eea43bd5ec75df" member_type: VOTER last_known_addr { host: "127.4.35.193" port: 37687 }, Status: LMP_MISMATCH, Last received: 0.0, Next index: 3, Last known committed idx: 2, Time since last communication: 0.000s
I20260601 13:21:54.848730  7299 raft_consensus.cc:515] T 6375aa378e3348698404ec9beea0ad30 P 9e429d4a62d8422b9a8bba75089f9ff2 [term 3 FOLLOWER]: Starting forced leader election with config: opid_index: 2 OBSOLETE_local: false peers { permanent_uuid: "19082fdeda3a41f1a3eea43bd5ec75df" member_type: VOTER last_known_addr { host: "127.4.35.193" port: 37687 } } peers { permanent_uuid: "9e429d4a62d8422b9a8bba75089f9ff2" member_type: VOTER last_known_addr { host: "127.4.35.194" port: 37905 } } peers { permanent_uuid: "809f39cfdda3425e90845dfc04648375" member_type: VOTER last_known_addr { host: "127.4.35.196" port: 40207 } attrs { replace: true } } peers { permanent_uuid: "e16905333e7748b994dd775993db0fe0" member_type: NON_VOTER last_known_addr { host: "127.4.35.195" port: 40983 } attrs { promote: true } }
I20260601 13:21:54.849171  7299 leader_election.cc:290] T 6375aa378e3348698404ec9beea0ad30 P 9e429d4a62d8422b9a8bba75089f9ff2 [CANDIDATE]: Term 3 election: Requested vote from peers 19082fdeda3a41f1a3eea43bd5ec75df (127.4.35.193:37687), 809f39cfdda3425e90845dfc04648375 (127.4.35.196:40207)
I20260601 13:21:54.849490  7575 raft_consensus.cc:1064] T 6375aa378e3348698404ec9beea0ad30 P 809f39cfdda3425e90845dfc04648375: attempting to promote NON_VOTER e16905333e7748b994dd775993db0fe0 to VOTER
W20260601 13:21:54.849578  7575 raft_consensus.cc:1067] T 6375aa378e3348698404ec9beea0ad30 P 809f39cfdda3425e90845dfc04648375: Unable to promote non-voter e16905333e7748b994dd775993db0fe0: Service unavailable: leader transfer in progress
I20260601 13:21:54.849906  7512 tablet_service.cc:1917] Received RequestConsensusVote() RPC: tablet_id: "6375aa378e3348698404ec9beea0ad30" candidate_uuid: "9e429d4a62d8422b9a8bba75089f9ff2" candidate_term: 3 candidate_status { last_received { term: 2 index: 3 } } ignore_live_leader: true dest_uuid: "809f39cfdda3425e90845dfc04648375"
I20260601 13:21:54.849997  7223 tablet_service.cc:1917] Received RequestConsensusVote() RPC: tablet_id: "6375aa378e3348698404ec9beea0ad30" candidate_uuid: "9e429d4a62d8422b9a8bba75089f9ff2" candidate_term: 3 candidate_status { last_received { term: 2 index: 3 } } ignore_live_leader: true dest_uuid: "19082fdeda3a41f1a3eea43bd5ec75df"
I20260601 13:21:54.850018  7512 raft_consensus.cc:3055] T 6375aa378e3348698404ec9beea0ad30 P 809f39cfdda3425e90845dfc04648375 [term 2 LEADER]: Stepping down as leader of term 2
I20260601 13:21:54.850356  7512 raft_consensus.cc:740] T 6375aa378e3348698404ec9beea0ad30 P 809f39cfdda3425e90845dfc04648375 [term 2 LEADER]: Becoming Follower/Learner. State: Replica: 809f39cfdda3425e90845dfc04648375, State: Running, Role: LEADER
I20260601 13:21:54.850553  7512 consensus_queue.cc:260] T 6375aa378e3348698404ec9beea0ad30 P 809f39cfdda3425e90845dfc04648375 [NON_LEADER]: Queue going to NON_LEADER mode. State: All replicated index: 0, Majority replicated index: 3, Committed index: 3, Last appended: 2.3, Last appended by leader: 3, Current term: 2, Majority size: -1, State: 0, Mode: NON_LEADER, active raft config: opid_index: 2 OBSOLETE_local: false peers { permanent_uuid: "19082fdeda3a41f1a3eea43bd5ec75df" member_type: VOTER last_known_addr { host: "127.4.35.193" port: 37687 } } peers { permanent_uuid: "9e429d4a62d8422b9a8bba75089f9ff2" member_type: VOTER last_known_addr { host: "127.4.35.194" port: 37905 } } peers { permanent_uuid: "809f39cfdda3425e90845dfc04648375" member_type: VOTER last_known_addr { host: "127.4.35.196" port: 40207 } attrs { replace: true } } peers { permanent_uuid: "e16905333e7748b994dd775993db0fe0" member_type: NON_VOTER last_known_addr { host: "127.4.35.195" port: 40983 } attrs { promote: true } }
I20260601 13:21:54.850700  7512 raft_consensus.cc:3060] T 6375aa378e3348698404ec9beea0ad30 P 809f39cfdda3425e90845dfc04648375 [term 2 FOLLOWER]: Advancing to term 3
I20260601 13:21:54.851785  7512 raft_consensus.cc:2468] T 6375aa378e3348698404ec9beea0ad30 P 809f39cfdda3425e90845dfc04648375 [term 3 FOLLOWER]: Leader election vote request: Granting yes vote for candidate 9e429d4a62d8422b9a8bba75089f9ff2 in term 3.
I20260601 13:21:54.852118  7264 leader_election.cc:304] T 6375aa378e3348698404ec9beea0ad30 P 9e429d4a62d8422b9a8bba75089f9ff2 [CANDIDATE]: Term 3 election: Election decided. Result: candidate won. Election summary: received 3 responses out of 3 voters: 2 yes votes; 1 no votes. yes voters: 809f39cfdda3425e90845dfc04648375, 9e429d4a62d8422b9a8bba75089f9ff2; no voters: 19082fdeda3a41f1a3eea43bd5ec75df
I20260601 13:21:54.852370  7670 raft_consensus.cc:2804] T 6375aa378e3348698404ec9beea0ad30 P 9e429d4a62d8422b9a8bba75089f9ff2 [term 3 FOLLOWER]: Leader election won for term 3
I20260601 13:21:54.852581  7670 raft_consensus.cc:697] T 6375aa378e3348698404ec9beea0ad30 P 9e429d4a62d8422b9a8bba75089f9ff2 [term 3 LEADER]: Becoming Leader. State: Replica: 9e429d4a62d8422b9a8bba75089f9ff2, State: Running, Role: LEADER
I20260601 13:21:54.852723  7670 consensus_queue.cc:237] T 6375aa378e3348698404ec9beea0ad30 P 9e429d4a62d8422b9a8bba75089f9ff2 [LEADER]: Queue going to LEADER mode. State: All replicated index: 0, Majority replicated index: 3, Committed index: 3, Last appended: 2.3, Last appended by leader: 3, Current term: 3, Majority size: 2, State: 0, Mode: LEADER, active raft config: opid_index: 2 OBSOLETE_local: false peers { permanent_uuid: "19082fdeda3a41f1a3eea43bd5ec75df" member_type: VOTER last_known_addr { host: "127.4.35.193" port: 37687 } } peers { permanent_uuid: "9e429d4a62d8422b9a8bba75089f9ff2" member_type: VOTER last_known_addr { host: "127.4.35.194" port: 37905 } } peers { permanent_uuid: "809f39cfdda3425e90845dfc04648375" member_type: VOTER last_known_addr { host: "127.4.35.196" port: 40207 } attrs { replace: true } } peers { permanent_uuid: "e16905333e7748b994dd775993db0fe0" member_type: NON_VOTER last_known_addr { host: "127.4.35.195" port: 40983 } attrs { promote: true } }
I20260601 13:21:54.854386  7119 catalog_manager.cc:5696] T 6375aa378e3348698404ec9beea0ad30 P 9e429d4a62d8422b9a8bba75089f9ff2 reported cstate change: term changed from 2 to 3, leader changed from 809f39cfdda3425e90845dfc04648375 (127.4.35.196) to 9e429d4a62d8422b9a8bba75089f9ff2 (127.4.35.194). New cstate: current_term: 3 leader_uuid: "9e429d4a62d8422b9a8bba75089f9ff2" committed_config { opid_index: 2 OBSOLETE_local: false peers { permanent_uuid: "19082fdeda3a41f1a3eea43bd5ec75df" member_type: VOTER last_known_addr { host: "127.4.35.193" port: 37687 } health_report { overall_health: UNKNOWN } } peers { permanent_uuid: "9e429d4a62d8422b9a8bba75089f9ff2" member_type: VOTER last_known_addr { host: "127.4.35.194" port: 37905 } health_report { overall_health: HEALTHY } } peers { permanent_uuid: "809f39cfdda3425e90845dfc04648375" member_type: VOTER last_known_addr { host: "127.4.35.196" port: 40207 } attrs { replace: true } health_report { overall_health: UNKNOWN } } peers { permanent_uuid: "e16905333e7748b994dd775993db0fe0" member_type: NON_VOTER last_known_addr { host: "127.4.35.195" port: 40983 } attrs { promote: true } health_report { overall_health: UNKNOWN } } }
I20260601 13:21:55.232420  7223 raft_consensus.cc:3060] T 6375aa378e3348698404ec9beea0ad30 P 19082fdeda3a41f1a3eea43bd5ec75df [term 2 FOLLOWER]: Advancing to term 3
I20260601 13:21:55.233465  7223 raft_consensus.cc:1275] T 6375aa378e3348698404ec9beea0ad30 P 19082fdeda3a41f1a3eea43bd5ec75df [term 3 FOLLOWER]: Refusing update from remote peer 9e429d4a62d8422b9a8bba75089f9ff2: Log matching property violated. Preceding OpId in replica: term: 2 index: 3. Preceding OpId from leader: term: 3 index: 4. (index mismatch)
I20260601 13:21:55.234109  7670 consensus_queue.cc:1048] T 6375aa378e3348698404ec9beea0ad30 P 9e429d4a62d8422b9a8bba75089f9ff2 [LEADER]: Connected to new peer: Peer: permanent_uuid: "19082fdeda3a41f1a3eea43bd5ec75df" member_type: VOTER last_known_addr { host: "127.4.35.193" port: 37687 }, Status: LMP_MISMATCH, Last received: 0.0, Next index: 4, Last known committed idx: 3, Time since last communication: 0.000s
I20260601 13:21:55.237200  7512 raft_consensus.cc:1275] T 6375aa378e3348698404ec9beea0ad30 P 809f39cfdda3425e90845dfc04648375 [term 3 FOLLOWER]: Refusing update from remote peer 9e429d4a62d8422b9a8bba75089f9ff2: Log matching property violated. Preceding OpId in replica: term: 2 index: 3. Preceding OpId from leader: term: 3 index: 4. (index mismatch)
I20260601 13:21:55.237242  7374 raft_consensus.cc:3060] T 6375aa378e3348698404ec9beea0ad30 P e16905333e7748b994dd775993db0fe0 [term 2 LEARNER]: Advancing to term 3
I20260601 13:21:55.237705  7729 consensus_queue.cc:1048] T 6375aa378e3348698404ec9beea0ad30 P 9e429d4a62d8422b9a8bba75089f9ff2 [LEADER]: Connected to new peer: Peer: permanent_uuid: "809f39cfdda3425e90845dfc04648375" member_type: VOTER last_known_addr { host: "127.4.35.196" port: 40207 } attrs { replace: true }, Status: LMP_MISMATCH, Last received: 0.0, Next index: 4, Last known committed idx: 3, Time since last communication: 0.000s
I20260601 13:21:55.239220  7374 raft_consensus.cc:1275] T 6375aa378e3348698404ec9beea0ad30 P e16905333e7748b994dd775993db0fe0 [term 3 LEARNER]: Refusing update from remote peer 9e429d4a62d8422b9a8bba75089f9ff2: Log matching property violated. Preceding OpId in replica: term: 2 index: 3. Preceding OpId from leader: term: 3 index: 4. (index mismatch)
I20260601 13:21:55.239691  7729 consensus_queue.cc:1048] T 6375aa378e3348698404ec9beea0ad30 P 9e429d4a62d8422b9a8bba75089f9ff2 [LEADER]: Connected to new peer: Peer: permanent_uuid: "e16905333e7748b994dd775993db0fe0" member_type: NON_VOTER last_known_addr { host: "127.4.35.195" port: 40983 } attrs { promote: true }, Status: LMP_MISMATCH, Last received: 0.0, Next index: 4, Last known committed idx: 3, Time since last communication: 0.000s
I20260601 13:21:55.241461  7725 raft_consensus.cc:1064] T 6375aa378e3348698404ec9beea0ad30 P 9e429d4a62d8422b9a8bba75089f9ff2: attempting to promote NON_VOTER e16905333e7748b994dd775993db0fe0 to VOTER
I20260601 13:21:55.241974  7725 consensus_queue.cc:237] T 6375aa378e3348698404ec9beea0ad30 P 9e429d4a62d8422b9a8bba75089f9ff2 [LEADER]: Queue going to LEADER mode. State: All replicated index: 0, Majority replicated index: 4, Committed index: 4, Last appended: 3.4, Last appended by leader: 3, Current term: 3, Majority size: 3, State: 0, Mode: LEADER, active raft config: opid_index: 5 OBSOLETE_local: false peers { permanent_uuid: "19082fdeda3a41f1a3eea43bd5ec75df" member_type: VOTER last_known_addr { host: "127.4.35.193" port: 37687 } } peers { permanent_uuid: "9e429d4a62d8422b9a8bba75089f9ff2" member_type: VOTER last_known_addr { host: "127.4.35.194" port: 37905 } } peers { permanent_uuid: "809f39cfdda3425e90845dfc04648375" member_type: VOTER last_known_addr { host: "127.4.35.196" port: 40207 } attrs { replace: true } } peers { permanent_uuid: "e16905333e7748b994dd775993db0fe0" member_type: VOTER last_known_addr { host: "127.4.35.195" port: 40983 } attrs { promote: false } }
I20260601 13:21:55.243471  7374 raft_consensus.cc:1275] T 6375aa378e3348698404ec9beea0ad30 P e16905333e7748b994dd775993db0fe0 [term 3 LEARNER]: Refusing update from remote peer 9e429d4a62d8422b9a8bba75089f9ff2: Log matching property violated. Preceding OpId in replica: term: 3 index: 4. Preceding OpId from leader: term: 3 index: 5. (index mismatch)
I20260601 13:21:55.243737  7223 raft_consensus.cc:1275] T 6375aa378e3348698404ec9beea0ad30 P 19082fdeda3a41f1a3eea43bd5ec75df [term 3 FOLLOWER]: Refusing update from remote peer 9e429d4a62d8422b9a8bba75089f9ff2: Log matching property violated. Preceding OpId in replica: term: 3 index: 4. Preceding OpId from leader: term: 3 index: 5. (index mismatch)
I20260601 13:21:55.243834  7512 raft_consensus.cc:1275] T 6375aa378e3348698404ec9beea0ad30 P 809f39cfdda3425e90845dfc04648375 [term 3 FOLLOWER]: Refusing update from remote peer 9e429d4a62d8422b9a8bba75089f9ff2: Log matching property violated. Preceding OpId in replica: term: 3 index: 4. Preceding OpId from leader: term: 3 index: 5. (index mismatch)
I20260601 13:21:55.243922  7730 consensus_queue.cc:1048] T 6375aa378e3348698404ec9beea0ad30 P 9e429d4a62d8422b9a8bba75089f9ff2 [LEADER]: Connected to new peer: Peer: permanent_uuid: "e16905333e7748b994dd775993db0fe0" member_type: VOTER last_known_addr { host: "127.4.35.195" port: 40983 } attrs { promote: false }, Status: LMP_MISMATCH, Last received: 0.0, Next index: 5, Last known committed idx: 4, Time since last communication: 0.000s
