I20260601 13:22:29.572696  8675 raft_consensus.cc:2955] T d8b84a10af7c499bb7f8533e3f724f1d P b1975a60ec8942768d2e497f3382efce [term 1 FOLLOWER]: Committing config change with OpId 1.28: config changed from index 27 to 28, VOTER 7ece99709de249a2a1fa0f2b1a161f57 (127.4.35.194) evicted. New config: { opid_index: 28 OBSOLETE_local: false peers { permanent_uuid: "b1975a60ec8942768d2e497f3382efce" member_type: VOTER last_known_addr { host: "127.4.35.193" port: 45289 } } peers { permanent_uuid: "57be40140b064faaacdd2e5e606779f3" member_type: VOTER last_known_addr { host: "127.4.35.195" port: 40107 } } peers { permanent_uuid: "dc055eb66e5542dbabc3e31b886d4ecd" member_type: VOTER last_known_addr { host: "127.4.35.196" port: 44631 } attrs { promote: false } } }
I20260601 13:22:29.574745  8565 catalog_manager.cc:5209] ChangeConfig:REMOVE_PEER RPC for tablet d8b84a10af7c499bb7f8533e3f724f1d with cas_config_opid_index 27: ChangeConfig:REMOVE_PEER succeeded (attempt 1)
I20260601 13:22:29.575542  8580 catalog_manager.cc:5696] T d8b84a10af7c499bb7f8533e3f724f1d P b1975a60ec8942768d2e497f3382efce reported cstate change: config changed from index 27 to 28, VOTER 7ece99709de249a2a1fa0f2b1a161f57 (127.4.35.194) evicted. New cstate: current_term: 1 leader_uuid: "57be40140b064faaacdd2e5e606779f3" committed_config { opid_index: 28 OBSOLETE_local: false peers { permanent_uuid: "b1975a60ec8942768d2e497f3382efce" member_type: VOTER last_known_addr { host: "127.4.35.193" port: 45289 } } peers { permanent_uuid: "57be40140b064faaacdd2e5e606779f3" member_type: VOTER last_known_addr { host: "127.4.35.195" port: 40107 } } peers { permanent_uuid: "dc055eb66e5542dbabc3e31b886d4ecd" member_type: VOTER last_known_addr { host: "127.4.35.196" port: 44631 } attrs { promote: false } } }
I20260601 13:22:29.578436  8742 tablet_service.cc:1558] Processing DeleteTablet for tablet d8b84a10af7c499bb7f8533e3f724f1d with delete_type TABLET_DATA_TOMBSTONED (TS 7ece99709de249a2a1fa0f2b1a161f57 not found in new config with opid_index 28) from {username='slave'} at 127.0.0.1:32818
I20260601 13:22:29.579399  9324 tablet_replica.cc:333] T d8b84a10af7c499bb7f8533e3f724f1d P 7ece99709de249a2a1fa0f2b1a161f57: stopping tablet replica
I20260601 13:22:29.579545  9324 raft_consensus.cc:2243] T d8b84a10af7c499bb7f8533e3f724f1d P 7ece99709de249a2a1fa0f2b1a161f57 [term 1 FOLLOWER]: Raft consensus shutting down.
I20260601 13:22:29.579686  9324 raft_consensus.cc:2272] T d8b84a10af7c499bb7f8533e3f724f1d P 7ece99709de249a2a1fa0f2b1a161f57 [term 1 FOLLOWER]: Raft consensus is shut down!
I20260601 13:22:29.580271  9324 ts_tablet_manager.cc:1916] T d8b84a10af7c499bb7f8533e3f724f1d P 7ece99709de249a2a1fa0f2b1a161f57: Deleting tablet data with delete state TABLET_DATA_TOMBSTONED
I20260601 13:22:29.582240  9324 ts_tablet_manager.cc:1929] T d8b84a10af7c499bb7f8533e3f724f1d P 7ece99709de249a2a1fa0f2b1a161f57: tablet deleted with delete type TABLET_DATA_TOMBSTONED: last-logged OpId 1.27
I20260601 13:22:29.582309  9324 log.cc:1199] T d8b84a10af7c499bb7f8533e3f724f1d P 7ece99709de249a2a1fa0f2b1a161f57: Deleting WAL directory at /tmp/dist-test-taskktyNtJ/test-tmp/auto_rebalancer-test.0.AutoRebalancerTest.TestMaxMovesPerServer.1780320038315330-4239-0/minicluster-data/ts-1-root/wals/d8b84a10af7c499bb7f8533e3f724f1d
I20260601 13:22:29.582823  8565 catalog_manager.cc:5027] TS 7ece99709de249a2a1fa0f2b1a161f57 (127.4.35.194:42631): tablet d8b84a10af7c499bb7f8533e3f724f1d (table test-workload [id=edba654613974076ae8b3694156ed21d]) successfully deleted
I20260601 13:22:29.592558  9326 raft_consensus.cc:1064] T 08326baf256c4245a981ec0fc43b6d19 P 7ece99709de249a2a1fa0f2b1a161f57: attempting to promote NON_VOTER c0b94237fe6548918911cc3810a8ea85 to VOTER
I20260601 13:22:29.593055  9326 consensus_queue.cc:237] T 08326baf256c4245a981ec0fc43b6d19 P 7ece99709de249a2a1fa0f2b1a161f57 [LEADER]: Queue going to LEADER mode. State: All replicated index: 0, Majority replicated index: 25, Committed index: 25, Last appended: 1.25, Last appended by leader: 0, Current term: 1, Majority size: 3, State: 0, Mode: LEADER, active raft config: opid_index: 26 OBSOLETE_local: false peers { permanent_uuid: "b1975a60ec8942768d2e497f3382efce" member_type: VOTER last_known_addr { host: "127.4.35.193" port: 45289 } } peers { permanent_uuid: "7ece99709de249a2a1fa0f2b1a161f57" member_type: VOTER last_known_addr { host: "127.4.35.194" port: 42631 } } peers { permanent_uuid: "57be40140b064faaacdd2e5e606779f3" member_type: VOTER last_known_addr { host: "127.4.35.195" port: 40107 } attrs { replace: true } } peers { permanent_uuid: "c0b94237fe6548918911cc3810a8ea85" member_type: VOTER last_known_addr { host: "127.4.35.197" port: 40557 } attrs { promote: false } }
I20260601 13:22:29.594589  8830 raft_consensus.cc:1275] T 08326baf256c4245a981ec0fc43b6d19 P 57be40140b064faaacdd2e5e606779f3 [term 1 FOLLOWER]: Refusing update from remote peer 7ece99709de249a2a1fa0f2b1a161f57: Log matching property violated. Preceding OpId in replica: term: 1 index: 25. Preceding OpId from leader: term: 1 index: 26. (index mismatch)
I20260601 13:22:29.594782  9158 raft_consensus.cc:1275] T 08326baf256c4245a981ec0fc43b6d19 P c0b94237fe6548918911cc3810a8ea85 [term 1 LEARNER]: Refusing update from remote peer 7ece99709de249a2a1fa0f2b1a161f57: Log matching property violated. Preceding OpId in replica: term: 1 index: 25. Preceding OpId from leader: term: 1 index: 26. (index mismatch)
I20260601 13:22:29.595160  9328 consensus_queue.cc:1048] T 08326baf256c4245a981ec0fc43b6d19 P 7ece99709de249a2a1fa0f2b1a161f57 [LEADER]: Connected to new peer: Peer: permanent_uuid: "57be40140b064faaacdd2e5e606779f3" member_type: VOTER last_known_addr { host: "127.4.35.195" port: 40107 } attrs { replace: true }, Status: LMP_MISMATCH, Last received: 0.0, Next index: 26, Last known committed idx: 25, Time since last communication: 0.000s
I20260601 13:22:29.595259  8675 raft_consensus.cc:1275] T 08326baf256c4245a981ec0fc43b6d19 P b1975a60ec8942768d2e497f3382efce [term 1 FOLLOWER]: Refusing update from remote peer 7ece99709de249a2a1fa0f2b1a161f57: Log matching property violated. Preceding OpId in replica: term: 1 index: 25. Preceding OpId from leader: term: 1 index: 26. (index mismatch)
I20260601 13:22:29.595605  9326 consensus_queue.cc:1048] T 08326baf256c4245a981ec0fc43b6d19 P 7ece99709de249a2a1fa0f2b1a161f57 [LEADER]: Connected to new peer: Peer: permanent_uuid: "c0b94237fe6548918911cc3810a8ea85" member_type: VOTER last_known_addr { host: "127.4.35.197" port: 40557 } attrs { promote: false }, Status: LMP_MISMATCH, Last received: 0.0, Next index: 26, Last known committed idx: 25, Time since last communication: 0.000s
I20260601 13:22:29.595772  9328 consensus_queue.cc:1048] T 08326baf256c4245a981ec0fc43b6d19 P 7ece99709de249a2a1fa0f2b1a161f57 [LEADER]: Connected to new peer: Peer: permanent_uuid: "b1975a60ec8942768d2e497f3382efce" member_type: VOTER last_known_addr { host: "127.4.35.193" port: 45289 }, Status: LMP_MISMATCH, Last received: 0.0, Next index: 26, Last known committed idx: 25, Time since last communication: 0.000s
I20260601 13:22:29.597681  9328 raft_consensus.cc:2955] T 08326baf256c4245a981ec0fc43b6d19 P 7ece99709de249a2a1fa0f2b1a161f57 [term 1 LEADER]: Committing config change with OpId 1.26: config changed from index 25 to 26, c0b94237fe6548918911cc3810a8ea85 (127.4.35.197) changed from NON_VOTER to VOTER. New config: { opid_index: 26 OBSOLETE_local: false peers { permanent_uuid: "b1975a60ec8942768d2e497f3382efce" member_type: VOTER last_known_addr { host: "127.4.35.193" port: 45289 } } peers { permanent_uuid: "7ece99709de249a2a1fa0f2b1a161f57" member_type: VOTER last_known_addr { host: "127.4.35.194" port: 42631 } } peers { permanent_uuid: "57be40140b064faaacdd2e5e606779f3" member_type: VOTER last_known_addr { host: "127.4.35.195" port: 40107 } attrs { replace: true } } peers { permanent_uuid: "c0b94237fe6548918911cc3810a8ea85" member_type: VOTER last_known_addr { host: "127.4.35.197" port: 40557 } attrs { promote: false } } }
I20260601 13:22:29.598109  8675 raft_consensus.cc:2955] T 08326baf256c4245a981ec0fc43b6d19 P b1975a60ec8942768d2e497f3382efce [term 1 FOLLOWER]: Committing config change with OpId 1.26: config changed from index 25 to 26, c0b94237fe6548918911cc3810a8ea85 (127.4.35.197) changed from NON_VOTER to VOTER. New config: { opid_index: 26 OBSOLETE_local: false peers { permanent_uuid: "b1975a60ec8942768d2e497f3382efce" member_type: VOTER last_known_addr { host: "127.4.35.193" port: 45289 } } peers { permanent_uuid: "7ece99709de249a2a1fa0f2b1a161f57" member_type: VOTER last_known_addr { host: "127.4.35.194" port: 42631 } } peers { permanent_uuid: "57be40140b064faaacdd2e5e606779f3" member_type: VOTER last_known_addr { host: "127.4.35.195" port: 40107 } attrs { replace: true } } peers { permanent_uuid: "c0b94237fe6548918911cc3810a8ea85" member_type: VOTER last_known_addr { host: "127.4.35.197" port: 40557 } attrs { promote: false } } }
I20260601 13:22:29.598503  9158 raft_consensus.cc:2955] T 08326baf256c4245a981ec0fc43b6d19 P c0b94237fe6548918911cc3810a8ea85 [term 1 FOLLOWER]: Committing config change with OpId 1.26: config changed from index 25 to 26, c0b94237fe6548918911cc3810a8ea85 (127.4.35.197) changed from NON_VOTER to VOTER. New config: { opid_index: 26 OBSOLETE_local: false peers { permanent_uuid: "b1975a60ec8942768d2e497f3382efce" member_type: VOTER last_known_addr { host: "127.4.35.193" port: 45289 } } peers { permanent_uuid: "7ece99709de249a2a1fa0f2b1a161f57" member_type: VOTER last_known_addr { host: "127.4.35.194" port: 42631 } } peers { permanent_uuid: "57be40140b064faaacdd2e5e606779f3" member_type: VOTER last_known_addr { host: "127.4.35.195" port: 40107 } attrs { replace: true } } peers { permanent_uuid: "c0b94237fe6548918911cc3810a8ea85" member_type: VOTER last_known_addr { host: "127.4.35.197" port: 40557 } attrs { promote: false } } }
I20260601 13:22:29.600987  8571 catalog_manager.cc:5696] T 08326baf256c4245a981ec0fc43b6d19 P b1975a60ec8942768d2e497f3382efce reported cstate change: config changed from index 25 to 26, c0b94237fe6548918911cc3810a8ea85 (127.4.35.197) changed from NON_VOTER to VOTER. New cstate: current_term: 1 leader_uuid: "7ece99709de249a2a1fa0f2b1a161f57" committed_config { opid_index: 26 OBSOLETE_local: false peers { permanent_uuid: "b1975a60ec8942768d2e497f3382efce" member_type: VOTER last_known_addr { host: "127.4.35.193" port: 45289 } } peers { permanent_uuid: "7ece99709de249a2a1fa0f2b1a161f57" member_type: VOTER last_known_addr { host: "127.4.35.194" port: 42631 } } peers { permanent_uuid: "57be40140b064faaacdd2e5e606779f3" member_type: VOTER last_known_addr { host: "127.4.35.195" port: 40107 } attrs { replace: true } } peers { permanent_uuid: "c0b94237fe6548918911cc3810a8ea85" member_type: VOTER last_known_addr { host: "127.4.35.197" port: 40557 } attrs { promote: false } } }
I20260601 13:22:29.602599  8833 raft_consensus.cc:2955] T 08326baf256c4245a981ec0fc43b6d19 P 57be40140b064faaacdd2e5e606779f3 [term 1 FOLLOWER]: Committing config change with OpId 1.26: config changed from index 25 to 26, c0b94237fe6548918911cc3810a8ea85 (127.4.35.197) changed from NON_VOTER to VOTER. New config: { opid_index: 26 OBSOLETE_local: false peers { permanent_uuid: "b1975a60ec8942768d2e497f3382efce" member_type: VOTER last_known_addr { host: "127.4.35.193" port: 45289 } } peers { permanent_uuid: "7ece99709de249a2a1fa0f2b1a161f57" member_type: VOTER last_known_addr { host: "127.4.35.194" port: 42631 } } peers { permanent_uuid: "57be40140b064faaacdd2e5e606779f3" member_type: VOTER last_known_addr { host: "127.4.35.195" port: 40107 } attrs { replace: true } } peers { permanent_uuid: "c0b94237fe6548918911cc3810a8ea85" member_type: VOTER last_known_addr { host: "127.4.35.197" port: 40557 } attrs { promote: false } } }
I20260601 13:22:29.606112  8757 consensus_queue.cc:237] T 08326baf256c4245a981ec0fc43b6d19 P 7ece99709de249a2a1fa0f2b1a161f57 [LEADER]: Queue going to LEADER mode. State: All replicated index: 0, Majority replicated index: 26, Committed index: 26, Last appended: 1.26, Last appended by leader: 0, Current term: 1, Majority size: 2, State: 0, Mode: LEADER, active raft config: opid_index: 27 OBSOLETE_local: false peers { permanent_uuid: "b1975a60ec8942768d2e497f3382efce" member_type: VOTER last_known_addr { host: "127.4.35.193" port: 45289 } } peers { permanent_uuid: "7ece99709de249a2a1fa0f2b1a161f57" member_type: VOTER last_known_addr { host: "127.4.35.194" port: 42631 } } peers { permanent_uuid: "c0b94237fe6548918911cc3810a8ea85" member_type: VOTER last_known_addr { host: "127.4.35.197" port: 40557 } attrs { promote: false } }
I20260601 13:22:29.607266  9158 raft_consensus.cc:1275] T 08326baf256c4245a981ec0fc43b6d19 P c0b94237fe6548918911cc3810a8ea85 [term 1 FOLLOWER]: Refusing update from remote peer 7ece99709de249a2a1fa0f2b1a161f57: Log matching property violated. Preceding OpId in replica: term: 1 index: 26. Preceding OpId from leader: term: 1 index: 27. (index mismatch)
I20260601 13:22:29.607439  8675 raft_consensus.cc:1275] T 08326baf256c4245a981ec0fc43b6d19 P b1975a60ec8942768d2e497f3382efce [term 1 FOLLOWER]: Refusing update from remote peer 7ece99709de249a2a1fa0f2b1a161f57: Log matching property violated. Preceding OpId in replica: term: 1 index: 26. Preceding OpId from leader: term: 1 index: 27. (index mismatch)
I20260601 13:22:29.607616  9328 consensus_queue.cc:1048] T 08326baf256c4245a981ec0fc43b6d19 P 7ece99709de249a2a1fa0f2b1a161f57 [LEADER]: Connected to new peer: Peer: permanent_uuid: "c0b94237fe6548918911cc3810a8ea85" member_type: VOTER last_known_addr { host: "127.4.35.197" port: 40557 } attrs { promote: false }, Status: LMP_MISMATCH, Last received: 0.0, Next index: 27, Last known committed idx: 26, Time since last communication: 0.000s
I20260601 13:22:29.607772  9326 consensus_queue.cc:1048] T 08326baf256c4245a981ec0fc43b6d19 P 7ece99709de249a2a1fa0f2b1a161f57 [LEADER]: Connected to new peer: Peer: permanent_uuid: "b1975a60ec8942768d2e497f3382efce" member_type: VOTER last_known_addr { host: "127.4.35.193" port: 45289 }, Status: LMP_MISMATCH, Last received: 0.0, Next index: 27, Last known committed idx: 26, Time since last communication: 0.000s
I20260601 13:22:29.609191  9328 raft_consensus.cc:2955] T 08326baf256c4245a981ec0fc43b6d19 P 7ece99709de249a2a1fa0f2b1a161f57 [term 1 LEADER]: Committing config change with OpId 1.27: config changed from index 26 to 27, VOTER 57be40140b064faaacdd2e5e606779f3 (127.4.35.195) evicted. New config: { opid_index: 27 OBSOLETE_local: false peers { permanent_uuid: "b1975a60ec8942768d2e497f3382efce" member_type: VOTER last_known_addr { host: "127.4.35.193" port: 45289 } } peers { permanent_uuid: "7ece99709de249a2a1fa0f2b1a161f57" member_type: VOTER last_known_addr { host: "127.4.35.194" port: 42631 } } peers { permanent_uuid: "c0b94237fe6548918911cc3810a8ea85" member_type: VOTER last_known_addr { host: "127.4.35.197" port: 40557 } attrs { promote: false } } }
I20260601 13:22:29.609833  8675 raft_consensus.cc:2955] T 08326baf256c4245a981ec0fc43b6d19 P b1975a60ec8942768d2e497f3382efce [term 1 FOLLOWER]: Committing config change with OpId 1.27: config changed from index 26 to 27, VOTER 57be40140b064faaacdd2e5e606779f3 (127.4.35.195) evicted. New config: { opid_index: 27 OBSOLETE_local: false peers { permanent_uuid: "b1975a60ec8942768d2e497f3382efce" member_type: VOTER last_known_addr { host: "127.4.35.193" port: 45289 } } peers { permanent_uuid: "7ece99709de249a2a1fa0f2b1a161f57" member_type: VOTER last_known_addr { host: "127.4.35.194" port: 42631 } } peers { permanent_uuid: "c0b94237fe6548918911cc3810a8ea85" member_type: VOTER last_known_addr { host: "127.4.35.197" port: 40557 } attrs { promote: false } } }
I20260601 13:22:29.610414  9158 raft_consensus.cc:2955] T 08326baf256c4245a981ec0fc43b6d19 P c0b94237fe6548918911cc3810a8ea85 [term 1 FOLLOWER]: Committing config change with OpId 1.27: config changed from index 26 to 27, VOTER 57be40140b064faaacdd2e5e606779f3 (127.4.35.195) evicted. New config: { opid_index: 27 OBSOLETE_local: false peers { permanent_uuid: "b1975a60ec8942768d2e497f3382efce" member_type: VOTER last_known_addr { host: "127.4.35.193" port: 45289 } } peers { permanent_uuid: "7ece99709de249a2a1fa0f2b1a161f57" member_type: VOTER last_known_addr { host: "127.4.35.194" port: 42631 } } peers { permanent_uuid: "c0b94237fe6548918911cc3810a8ea85" member_type: VOTER last_known_addr { host: "127.4.35.197" port: 40557 } attrs { promote: false } } }
I20260601 13:22:29.611276  8565 catalog_manager.cc:5209] ChangeConfig:REMOVE_PEER RPC for tablet 08326baf256c4245a981ec0fc43b6d19 with cas_config_opid_index 26: ChangeConfig:REMOVE_PEER succeeded (attempt 1)
I20260601 13:22:29.612848  8580 catalog_manager.cc:5696] T 08326baf256c4245a981ec0fc43b6d19 P b1975a60ec8942768d2e497f3382efce reported cstate change: config changed from index 26 to 27, VOTER 57be40140b064faaacdd2e5e606779f3 (127.4.35.195) evicted. New cstate: current_term: 1 leader_uuid: "7ece99709de249a2a1fa0f2b1a161f57" committed_config { opid_index: 27 OBSOLETE_local: false peers { permanent_uuid: "b1975a60ec8942768d2e497f3382efce" member_type: VOTER last_known_addr { host: "127.4.35.193" port: 45289 } } peers { permanent_uuid: "7ece99709de249a2a1fa0f2b1a161f57" member_type: VOTER last_known_addr { host: "127.4.35.194" port: 42631 } } peers { permanent_uuid: "c0b94237fe6548918911cc3810a8ea85" member_type: VOTER last_known_addr { host: "127.4.35.197" port: 40557 } attrs { promote: false } } }
I20260601 13:22:29.616369  8824 tablet_service.cc:1558] Processing DeleteTablet for tablet 08326baf256c4245a981ec0fc43b6d19 with delete_type TABLET_DATA_TOMBSTONED (TS 57be40140b064faaacdd2e5e606779f3 not found in new config with opid_index 27) from {username='slave'} at 127.0.0.1:37954
I20260601 13:22:29.616779  9332 tablet_replica.cc:333] T 08326baf256c4245a981ec0fc43b6d19 P 57be40140b064faaacdd2e5e606779f3: stopping tablet replica
I20260601 13:22:29.616968  9332 raft_consensus.cc:2243] T 08326baf256c4245a981ec0fc43b6d19 P 57be40140b064faaacdd2e5e606779f3 [term 1 FOLLOWER]: Raft consensus shutting down.
I20260601 13:22:29.617167  9332 raft_consensus.cc:2272] T 08326baf256c4245a981ec0fc43b6d19 P 57be40140b064faaacdd2e5e606779f3 [term 1 FOLLOWER]: Raft consensus is shut down!
I20260601 13:22:29.617779  9332 ts_tablet_manager.cc:1916] T 08326baf256c4245a981ec0fc43b6d19 P 57be40140b064faaacdd2e5e606779f3: Deleting tablet data with delete state TABLET_DATA_TOMBSTONED
I20260601 13:22:29.619933  9332 ts_tablet_manager.cc:1929] T 08326baf256c4245a981ec0fc43b6d19 P 57be40140b064faaacdd2e5e606779f3: tablet deleted with delete type TABLET_DATA_TOMBSTONED: last-logged OpId 1.26
I20260601 13:22:29.620069  9332 log.cc:1199] T 08326baf256c4245a981ec0fc43b6d19 P 57be40140b064faaacdd2e5e606779f3: Deleting WAL directory at /tmp/dist-test-taskktyNtJ/test-tmp/auto_rebalancer-test.0.AutoRebalancerTest.TestMaxMovesPerServer.1780320038315330-4239-0/minicluster-data/ts-2-root/wals/08326baf256c4245a981ec0fc43b6d19
I20260601 13:22:29.620712  8565 catalog_manager.cc:5027] TS 57be40140b064faaacdd2e5e606779f3 (127.4.35.195:40107): tablet 08326baf256c4245a981ec0fc43b6d19 (table test-workload [id=edba654613974076ae8b3694156ed21d]) successfully deleted
I20260601 13:22:29.667860  9082 raft_consensus.cc:1217] T 4287026cc83a44fe8b4831428a6f89c8 P dc055eb66e5542dbabc3e31b886d4ecd [term 1 LEARNER]: Deduplicated request from leader. Original: 1.25->[1.26-1.26]   Dedup: 1.26->[]
I20260601 13:22:29.889317  9314 raft_consensus.cc:1064] T 0864ff59c2bc46058a6463c20c839f16 P 57be40140b064faaacdd2e5e606779f3: attempting to promote NON_VOTER c0b94237fe6548918911cc3810a8ea85 to VOTER
I20260601 13:22:29.889895  9314 consensus_queue.cc:237] T 0864ff59c2bc46058a6463c20c839f16 P 57be40140b064faaacdd2e5e606779f3 [LEADER]: Queue going to LEADER mode. State: All replicated index: 0, Majority replicated index: 24, Committed index: 24, Last appended: 1.24, Last appended by leader: 0, Current term: 1, Majority size: 3, State: 0, Mode: LEADER, active raft config: opid_index: 25 OBSOLETE_local: false peers { permanent_uuid: "b1975a60ec8942768d2e497f3382efce" member_type: VOTER last_known_addr { host: "127.4.35.193" port: 45289 } attrs { replace: true } } peers { permanent_uuid: "7ece99709de249a2a1fa0f2b1a161f57" member_type: VOTER last_known_addr { host: "127.4.35.194" port: 42631 } } peers { permanent_uuid: "57be40140b064faaacdd2e5e606779f3" member_type: VOTER last_known_addr { host: "127.4.35.195" port: 40107 } } peers { permanent_uuid: "c0b94237fe6548918911cc3810a8ea85" member_type: VOTER last_known_addr { host: "127.4.35.197" port: 40557 } attrs { promote: false } }
I20260601 13:22:29.891530  8757 raft_consensus.cc:1275] T 0864ff59c2bc46058a6463c20c839f16 P 7ece99709de249a2a1fa0f2b1a161f57 [term 1 FOLLOWER]: Refusing update from remote peer 57be40140b064faaacdd2e5e606779f3: Log matching property violated. Preceding OpId in replica: term: 1 index: 24. Preceding OpId from leader: term: 1 index: 25. (index mismatch)
I20260601 13:22:29.891530  9158 raft_consensus.cc:1275] T 0864ff59c2bc46058a6463c20c839f16 P c0b94237fe6548918911cc3810a8ea85 [term 1 LEARNER]: Refusing update from remote peer 57be40140b064faaacdd2e5e606779f3: Log matching property violated. Preceding OpId in replica: term: 1 index: 24. Preceding OpId from leader: term: 1 index: 25. (index mismatch)
I20260601 13:22:29.891777  8675 raft_consensus.cc:1275] T 0864ff59c2bc46058a6463c20c839f16 P b1975a60ec8942768d2e497f3382efce [term 1 FOLLOWER]: Refusing update from remote peer 57be40140b064faaacdd2e5e606779f3: Log matching property violated. Preceding OpId in replica: term: 1 index: 24. Preceding OpId from leader: term: 1 index: 25. (index mismatch)
I20260601 13:22:29.891943  9316 consensus_queue.cc:1048] T 0864ff59c2bc46058a6463c20c839f16 P 57be40140b064faaacdd2e5e606779f3 [LEADER]: Connected to new peer: Peer: permanent_uuid: "c0b94237fe6548918911cc3810a8ea85" member_type: VOTER last_known_addr { host: "127.4.35.197" port: 40557 } attrs { promote: false }, Status: LMP_MISMATCH, Last received: 0.0, Next index: 25, Last known committed idx: 24, Time since last communication: 0.000s
I20260601 13:22:29.892127  9303 consensus_queue.cc:1048] T 0864ff59c2bc46058a6463c20c839f16 P 57be40140b064faaacdd2e5e606779f3 [LEADER]: Connected to new peer: Peer: permanent_uuid: "7ece99709de249a2a1fa0f2b1a161f57" member_type: VOTER last_known_addr { host: "127.4.35.194" port: 42631 }, Status: LMP_MISMATCH, Last received: 0.0, Next index: 25, Last known committed idx: 24, Time since last communication: 0.000s
I20260601 13:22:29.892501  9303 consensus_queue.cc:1048] T 0864ff59c2bc46058a6463c20c839f16 P 57be40140b064faaacdd2e5e606779f3 [LEADER]: Connected to new peer: Peer: permanent_uuid: "b1975a60ec8942768d2e497f3382efce" member_type: VOTER last_known_addr { host: "127.4.35.193" port: 45289 } attrs { replace: true }, Status: LMP_MISMATCH, Last received: 0.0, Next index: 25, Last known committed idx: 24, Time since last communication: 0.000s
I20260601 13:22:29.894253  9316 raft_consensus.cc:2955] T 0864ff59c2bc46058a6463c20c839f16 P 57be40140b064faaacdd2e5e606779f3 [term 1 LEADER]: Committing config change with OpId 1.25: config changed from index 24 to 25, c0b94237fe6548918911cc3810a8ea85 (127.4.35.197) changed from NON_VOTER to VOTER. New config: { opid_index: 25 OBSOLETE_local: false peers { permanent_uuid: "b1975a60ec8942768d2e497f3382efce" member_type: VOTER last_known_addr { host: "127.4.35.193" port: 45289 } attrs { replace: true } } peers { permanent_uuid: "7ece99709de249a2a1fa0f2b1a161f57" member_type: VOTER last_known_addr { host: "127.4.35.194" port: 42631 } } peers { permanent_uuid: "57be40140b064faaacdd2e5e606779f3" member_type: VOTER last_known_addr { host: "127.4.35.195" port: 40107 } } peers { permanent_uuid: "c0b94237fe6548918911cc3810a8ea85" member_type: VOTER last_known_addr { host: "127.4.35.197" port: 40557 } attrs { promote: false } } }
I20260601 13:22:29.894658  8757 raft_consensus.cc:2955] T 0864ff59c2bc46058a6463c20c839f16 P 7ece99709de249a2a1fa0f2b1a161f57 [term 1 FOLLOWER]: Committing config change with OpId 1.25: config changed from index 24 to 25, c0b94237fe6548918911cc3810a8ea85 (127.4.35.197) changed from NON_VOTER to VOTER. New config: { opid_index: 25 OBSOLETE_local: false peers { permanent_uuid: "b1975a60ec8942768d2e497f3382efce" member_type: VOTER last_known_addr { host: "127.4.35.193" port: 45289 } attrs { replace: true } } peers { permanent_uuid: "7ece99709de249a2a1fa0f2b1a161f57" member_type: VOTER last_known_addr { host: "127.4.35.194" port: 42631 } } peers { permanent_uuid: "57be40140b064faaacdd2e5e606779f3" member_type: VOTER last_known_addr { host: "127.4.35.195" port: 40107 } } peers { permanent_uuid: "c0b94237fe6548918911cc3810a8ea85" member_type: VOTER last_known_addr { host: "127.4.35.197" port: 40557 } attrs { promote: false } } }
I20260601 13:22:29.894783  8675 raft_consensus.cc:2955] T 0864ff59c2bc46058a6463c20c839f16 P b1975a60ec8942768d2e497f3382efce [term 1 FOLLOWER]: Committing config change with OpId 1.25: config changed from index 24 to 25, c0b94237fe6548918911cc3810a8ea85 (127.4.35.197) changed from NON_VOTER to VOTER. New config: { opid_index: 25 OBSOLETE_local: false peers { permanent_uuid: "b1975a60ec8942768d2e497f3382efce" member_type: VOTER last_known_addr { host: "127.4.35.193" port: 45289 } attrs { replace: true } } peers { permanent_uuid: "7ece99709de249a2a1fa0f2b1a161f57" member_type: VOTER last_known_addr { host: "127.4.35.194" port: 42631 } } peers { permanent_uuid: "57be40140b064faaacdd2e5e606779f3" member_type: VOTER last_known_addr { host: "127.4.35.195" port: 40107 } } peers { permanent_uuid: "c0b94237fe6548918911cc3810a8ea85" member_type: VOTER last_known_addr { host: "127.4.35.197" port: 40557 } attrs { promote: false } } }
I20260601 13:22:29.897387  8571 catalog_manager.cc:5696] T 0864ff59c2bc46058a6463c20c839f16 P 57be40140b064faaacdd2e5e606779f3 reported cstate change: config changed from index 24 to 25, c0b94237fe6548918911cc3810a8ea85 (127.4.35.197) changed from NON_VOTER to VOTER. New cstate: current_term: 1 leader_uuid: "57be40140b064faaacdd2e5e606779f3" committed_config { opid_index: 25 OBSOLETE_local: false peers { permanent_uuid: "b1975a60ec8942768d2e497f3382efce" member_type: VOTER last_known_addr { host: "127.4.35.193" port: 45289 } attrs { replace: true } health_report { overall_health: HEALTHY } } peers { permanent_uuid: "7ece99709de249a2a1fa0f2b1a161f57" member_type: VOTER last_known_addr { host: "127.4.35.194" port: 42631 } health_report { overall_health: HEALTHY } } peers { permanent_uuid: "57be40140b064faaacdd2e5e606779f3" member_type: VOTER last_known_addr { host: "127.4.35.195" port: 40107 } health_report { overall_health: HEALTHY } } peers { permanent_uuid: "c0b94237fe6548918911cc3810a8ea85" member_type: VOTER last_known_addr { host: "127.4.35.197" port: 40557 } attrs { promote: false } health_report { overall_health: HEALTHY } } }
I20260601 13:22:29.897830  9158 raft_consensus.cc:2955] T 0864ff59c2bc46058a6463c20c839f16 P c0b94237fe6548918911cc3810a8ea85 [term 1 FOLLOWER]: Committing config change with OpId 1.25: config changed from index 24 to 25, c0b94237fe6548918911cc3810a8ea85 (127.4.35.197) changed from NON_VOTER to VOTER. New config: { opid_index: 25 OBSOLETE_local: false peers { permanent_uuid: "b1975a60ec8942768d2e497f3382efce" member_type: VOTER last_known_addr { host: "127.4.35.193" port: 45289 } attrs { replace: true } } peers { permanent_uuid: "7ece99709de249a2a1fa0f2b1a161f57" member_type: VOTER last_known_addr { host: "127.4.35.194" port: 42631 } } peers { permanent_uuid: "57be40140b064faaacdd2e5e606779f3" member_type: VOTER last_known_addr { host: "127.4.35.195" port: 40107 } } peers { permanent_uuid: "c0b94237fe6548918911cc3810a8ea85" member_type: VOTER last_known_addr { host: "127.4.35.197" port: 40557 } attrs { promote: false } } }
I20260601 13:22:29.900609  8833 consensus_queue.cc:237] T 0864ff59c2bc46058a6463c20c839f16 P 57be40140b064faaacdd2e5e606779f3 [LEADER]: Queue going to LEADER mode. State: All replicated index: 0, Majority replicated index: 25, Committed index: 25, Last appended: 1.25, Last appended by leader: 0, Current term: 1, Majority size: 2, State: 0, Mode: LEADER, active raft config: opid_index: 26 OBSOLETE_local: false peers { permanent_uuid: "7ece99709de249a2a1fa0f2b1a161f57" member_type: VOTER last_known_addr { host: "127.4.35.194" port: 42631 } } peers { permanent_uuid: "57be40140b064faaacdd2e5e606779f3" member_type: VOTER last_known_addr { host: "127.4.35.195" port: 40107 } } peers { permanent_uuid: "c0b94237fe6548918911cc3810a8ea85" member_type: VOTER last_known_addr { host: "127.4.35.197" port: 40557 } attrs { promote: false } }
I20260601 13:22:29.901855  8757 raft_consensus.cc:1275] T 0864ff59c2bc46058a6463c20c839f16 P 7ece99709de249a2a1fa0f2b1a161f57 [term 1 FOLLOWER]: Refusing update from remote peer 57be40140b064faaacdd2e5e606779f3: Log matching property violated. Preceding OpId in replica: term: 1 index: 25. Preceding OpId from leader: term: 1 index: 26. (index mismatch)
I20260601 13:22:29.902158  9158 raft_consensus.cc:1275] T 0864ff59c2bc46058a6463c20c839f16 P c0b94237fe6548918911cc3810a8ea85 [term 1 FOLLOWER]: Refusing update from remote peer 57be40140b064faaacdd2e5e606779f3: Log matching property violated. Preceding OpId in replica: term: 1 index: 25. Preceding OpId from leader: term: 1 index: 26. (index mismatch)
I20260601 13:22:29.902326  9314 consensus_queue.cc:1048] T 0864ff59c2bc46058a6463c20c839f16 P 57be40140b064faaacdd2e5e606779f3 [LEADER]: Connected to new peer: Peer: permanent_uuid: "7ece99709de249a2a1fa0f2b1a161f57" member_type: VOTER last_known_addr { host: "127.4.35.194" port: 42631 }, Status: LMP_MISMATCH, Last received: 0.0, Next index: 26, Last known committed idx: 25, Time since last communication: 0.000s
I20260601 13:22:29.902648  9314 consensus_queue.cc:1048] T 0864ff59c2bc46058a6463c20c839f16 P 57be40140b064faaacdd2e5e606779f3 [LEADER]: Connected to new peer: Peer: permanent_uuid: "c0b94237fe6548918911cc3810a8ea85" member_type: VOTER last_known_addr { host: "127.4.35.197" port: 40557 } attrs { promote: false }, Status: LMP_MISMATCH, Last received: 0.0, Next index: 26, Last known committed idx: 25, Time since last communication: 0.000s
I20260601 13:22:29.903836  9314 raft_consensus.cc:2955] T 0864ff59c2bc46058a6463c20c839f16 P 57be40140b064faaacdd2e5e606779f3 [term 1 LEADER]: Committing config change with OpId 1.26: config changed from index 25 to 26, VOTER b1975a60ec8942768d2e497f3382efce (127.4.35.193) evicted. New config: { opid_index: 26 OBSOLETE_local: false peers { permanent_uuid: "7ece99709de249a2a1fa0f2b1a161f57" member_type: VOTER last_known_addr { host: "127.4.35.194" port: 42631 } } peers { permanent_uuid: "57be40140b064faaacdd2e5e606779f3" member_type: VOTER last_known_addr { host: "127.4.35.195" port: 40107 } } peers { permanent_uuid: "c0b94237fe6548918911cc3810a8ea85" member_type: VOTER last_known_addr { host: "127.4.35.197" port: 40557 } attrs { promote: false } } }
I20260601 13:22:29.904245  8757 raft_consensus.cc:2955] T 0864ff59c2bc46058a6463c20c839f16 P 7ece99709de249a2a1fa0f2b1a161f57 [term 1 FOLLOWER]: Committing config change with OpId 1.26: config changed from index 25 to 26, VOTER b1975a60ec8942768d2e497f3382efce (127.4.35.193) evicted. New config: { opid_index: 26 OBSOLETE_local: false peers { permanent_uuid: "7ece99709de249a2a1fa0f2b1a161f57" member_type: VOTER last_known_addr { host: "127.4.35.194" port: 42631 } } peers { permanent_uuid: "57be40140b064faaacdd2e5e606779f3" member_type: VOTER last_known_addr { host: "127.4.35.195" port: 40107 } } peers { permanent_uuid: "c0b94237fe6548918911cc3810a8ea85" member_type: VOTER last_known_addr { host: "127.4.35.197" port: 40557 } attrs { promote: false } } }
I20260601 13:22:29.904688  9158 raft_consensus.cc:2955] T 0864ff59c2bc46058a6463c20c839f16 P c0b94237fe6548918911cc3810a8ea85 [term 1 FOLLOWER]: Committing config change with OpId 1.26: config changed from index 25 to 26, VOTER b1975a60ec8942768d2e497f3382efce (127.4.35.193) evicted. New config: { opid_index: 26 OBSOLETE_local: false peers { permanent_uuid: "7ece99709de249a2a1fa0f2b1a161f57" member_type: VOTER last_known_addr { host: "127.4.35.194" port: 42631 } } peers { permanent_uuid: "57be40140b064faaacdd2e5e606779f3" member_type: VOTER last_known_addr { host: "127.4.35.195" port: 40107 } } peers { permanent_uuid: "c0b94237fe6548918911cc3810a8ea85" member_type: VOTER last_known_addr { host: "127.4.35.197" port: 40557 } attrs { promote: false } } }
I20260601 13:22:29.905517  8565 catalog_manager.cc:5209] ChangeConfig:REMOVE_PEER RPC for tablet 0864ff59c2bc46058a6463c20c839f16 with cas_config_opid_index 25: ChangeConfig:REMOVE_PEER succeeded (attempt 1)
I20260601 13:22:29.906989  8580 catalog_manager.cc:5696] T 0864ff59c2bc46058a6463c20c839f16 P 57be40140b064faaacdd2e5e606779f3 reported cstate change: config changed from index 25 to 26, VOTER b1975a60ec8942768d2e497f3382efce (127.4.35.193) evicted. New cstate: current_term: 1 leader_uuid: "57be40140b064faaacdd2e5e606779f3" committed_config { opid_index: 26 OBSOLETE_local: false peers { permanent_uuid: "7ece99709de249a2a1fa0f2b1a161f57" member_type: VOTER last_known_addr { host: "127.4.35.194" port: 42631 } health_report { overall_health: HEALTHY } } peers { permanent_uuid: "57be40140b064faaacdd2e5e606779f3" member_type: VOTER last_known_addr { host: "127.4.35.195" port: 40107 } health_report { overall_health: HEALTHY } } peers { permanent_uuid: "c0b94237fe6548918911cc3810a8ea85" member_type: VOTER last_known_addr { host: "127.4.35.197" port: 40557 } attrs { promote: false } health_report { overall_health: HEALTHY } } }
I20260601 13:22:29.909669  8673 tablet_service.cc:1558] Processing DeleteTablet for tablet 0864ff59c2bc46058a6463c20c839f16 with delete_type TABLET_DATA_TOMBSTONED (TS b1975a60ec8942768d2e497f3382efce not found in new config with opid_index 26) from {username='slave'} at 127.0.0.1:37588
I20260601 13:22:29.910270  9337 tablet_replica.cc:333] T 0864ff59c2bc46058a6463c20c839f16 P b1975a60ec8942768d2e497f3382efce: stopping tablet replica
I20260601 13:22:29.910439  9337 raft_consensus.cc:2243] T 0864ff59c2bc46058a6463c20c839f16 P b1975a60ec8942768d2e497f3382efce [term 1 FOLLOWER]: Raft consensus shutting down.
I20260601 13:22:29.910632  9337 raft_consensus.cc:2272] T 0864ff59c2bc46058a6463c20c839f16 P b1975a60ec8942768d2e497f3382efce [term 1 FOLLOWER]: Raft consensus is shut down!
I20260601 13:22:29.911192  9337 ts_tablet_manager.cc:1916] T 0864ff59c2bc46058a6463c20c839f16 P b1975a60ec8942768d2e497f3382efce: Deleting tablet data with delete state TABLET_DATA_TOMBSTONED
I20260601 13:22:29.913033  9337 ts_tablet_manager.cc:1929] T 0864ff59c2bc46058a6463c20c839f16 P b1975a60ec8942768d2e497f3382efce: tablet deleted with delete type TABLET_DATA_TOMBSTONED: last-logged OpId 1.25
I20260601 13:22:29.913098  9337 log.cc:1199] T 0864ff59c2bc46058a6463c20c839f16 P b1975a60ec8942768d2e497f3382efce: Deleting WAL directory at /tmp/dist-test-taskktyNtJ/test-tmp/auto_rebalancer-test.0.AutoRebalancerTest.TestMaxMovesPerServer.1780320038315330-4239-0/minicluster-data/ts-0-root/wals/0864ff59c2bc46058a6463c20c839f16
I20260601 13:22:29.913657  8565 catalog_manager.cc:5027] TS b1975a60ec8942768d2e497f3382efce (127.4.35.193:45289): tablet 0864ff59c2bc46058a6463c20c839f16 (table test-workload [id=edba654613974076ae8b3694156ed21d]) successfully deleted
I20260601 13:22:29.918953  9264 raft_consensus.cc:1064] T 647e0cbf88c2471384d014788ef06f3b P 7ece99709de249a2a1fa0f2b1a161f57: attempting to promote NON_VOTER af2d54128abe4cf6aa081e7b9a412ceb to VOTER
I20260601 13:22:29.919378  9264 consensus_queue.cc:237] T 647e0cbf88c2471384d014788ef06f3b P 7ece99709de249a2a1fa0f2b1a161f57 [LEADER]: Queue going to LEADER mode. State: All replicated index: 0, Majority replicated index: 26, Committed index: 26, Last appended: 1.26, Last appended by leader: 0, Current term: 1, Majority size: 3, State: 0, Mode: LEADER, active raft config: opid_index: 27 OBSOLETE_local: false peers { permanent_uuid: "b1975a60ec8942768d2e497f3382efce" member_type: VOTER last_known_addr { host: "127.4.35.193" port: 45289 } attrs { replace: true } } peers { permanent_uuid: "7ece99709de249a2a1fa0f2b1a161f57" member_type: VOTER last_known_addr { host: "127.4.35.194" port: 42631 } } peers { permanent_uuid: "57be40140b064faaacdd2e5e606779f3" member_type: VOTER last_known_addr { host: "127.4.35.195" port: 40107 } } peers { permanent_uuid: "af2d54128abe4cf6aa081e7b9a412ceb" member_type: VOTER last_known_addr { host: "127.4.35.198" port: 43035 } attrs { promote: false } }
I20260601 13:22:29.920907  8833 raft_consensus.cc:1275] T 647e0cbf88c2471384d014788ef06f3b P 57be40140b064faaacdd2e5e606779f3 [term 1 FOLLOWER]: Refusing update from remote peer 7ece99709de249a2a1fa0f2b1a161f57: Log matching property violated. Preceding OpId in replica: term: 1 index: 26. Preceding OpId from leader: term: 1 index: 27. (index mismatch)
I20260601 13:22:29.920924  9233 raft_consensus.cc:1275] T 647e0cbf88c2471384d014788ef06f3b P af2d54128abe4cf6aa081e7b9a412ceb [term 1 LEARNER]: Refusing update from remote peer 7ece99709de249a2a1fa0f2b1a161f57: Log matching property violated. Preceding OpId in replica: term: 1 index: 26. Preceding OpId from leader: term: 1 index: 27. (index mismatch)
I20260601 13:22:29.921258  9328 consensus_queue.cc:1048] T 647e0cbf88c2471384d014788ef06f3b P 7ece99709de249a2a1fa0f2b1a161f57 [LEADER]: Connected to new peer: Peer: permanent_uuid: "57be40140b064faaacdd2e5e606779f3" member_type: VOTER last_known_addr { host: "127.4.35.195" port: 40107 }, Status: LMP_MISMATCH, Last received: 0.0, Next index: 27, Last known committed idx: 26, Time since last communication: 0.000s
I20260601 13:22:29.921339  8675 raft_consensus.cc:1275] T 647e0cbf88c2471384d014788ef06f3b P b1975a60ec8942768d2e497f3382efce [term 1 FOLLOWER]: Refusing update from remote peer 7ece99709de249a2a1fa0f2b1a161f57: Log matching property violated. Preceding OpId in replica: term: 1 index: 26. Preceding OpId from leader: term: 1 index: 27. (index mismatch)
I20260601 13:22:29.921794  9328 consensus_queue.cc:1048] T 647e0cbf88c2471384d014788ef06f3b P 7ece99709de249a2a1fa0f2b1a161f57 [LEADER]: Connected to new peer: Peer: permanent_uuid: "b1975a60ec8942768d2e497f3382efce" member_type: VOTER last_known_addr { host: "127.4.35.193" port: 45289 } attrs { replace: true }, Status: LMP_MISMATCH, Last received: 0.0, Next index: 27, Last known committed idx: 26, Time since last communication: 0.000s
I20260601 13:22:29.921958  9325 consensus_queue.cc:1048] T 647e0cbf88c2471384d014788ef06f3b P 7ece99709de249a2a1fa0f2b1a161f57 [LEADER]: Connected to new peer: Peer: permanent_uuid: "af2d54128abe4cf6aa081e7b9a412ceb" member_type: VOTER last_known_addr { host: "127.4.35.198" port: 43035 } attrs { promote: false }, Status: LMP_MISMATCH, Last received: 0.0, Next index: 27, Last known committed idx: 26, Time since last communication: 0.000s
I20260601 13:22:29.923784  9325 raft_consensus.cc:2955] T 647e0cbf88c2471384d014788ef06f3b P 7ece99709de249a2a1fa0f2b1a161f57 [term 1 LEADER]: Committing config change with OpId 1.27: config changed from index 26 to 27, af2d54128abe4cf6aa081e7b9a412ceb (127.4.35.198) changed from NON_VOTER to VOTER. New config: { opid_index: 27 OBSOLETE_local: false peers { permanent_uuid: "b1975a60ec8942768d2e497f3382efce" member_type: VOTER last_known_addr { host: "127.4.35.193" port: 45289 } attrs { replace: true } } peers { permanent_uuid: "7ece99709de249a2a1fa0f2b1a161f57" member_type: VOTER last_known_addr { host: "127.4.35.194" port: 42631 } } peers { permanent_uuid: "57be40140b064faaacdd2e5e606779f3" member_type: VOTER last_known_addr { host: "127.4.35.195" port: 40107 } } peers { permanent_uuid: "af2d54128abe4cf6aa081e7b9a412ceb" member_type: VOTER last_known_addr { host: "127.4.35.198" port: 43035 } attrs { promote: false } } }
I20260601 13:22:29.925766  8833 raft_consensus.cc:2955] T 647e0cbf88c2471384d014788ef06f3b P 57be40140b064faaacdd2e5e606779f3 [term 1 FOLLOWER]: Committing config change with OpId 1.27: config changed from index 26 to 27, af2d54128abe4cf6aa081e7b9a412ceb (127.4.35.198) changed from NON_VOTER to VOTER. New config: { opid_index: 27 OBSOLETE_local: false peers { permanent_uuid: "b1975a60ec8942768d2e497f3382efce" member_type: VOTER last_known_addr { host: "127.4.35.193" port: 45289 } attrs { replace: true } } peers { permanent_uuid: "7ece99709de249a2a1fa0f2b1a161f57" member_type: VOTER last_known_addr { host: "127.4.35.194" port: 42631 } } peers { permanent_uuid: "57be40140b064faaacdd2e5e606779f3" member_type: VOTER last_known_addr { host: "127.4.35.195" port: 40107 } } peers { permanent_uuid: "af2d54128abe4cf6aa081e7b9a412ceb" member_type: VOTER last_known_addr { host: "127.4.35.198" port: 43035 } attrs { promote: false } } }
I20260601 13:22:29.925884  8675 raft_consensus.cc:2955] T 647e0cbf88c2471384d014788ef06f3b P b1975a60ec8942768d2e497f3382efce [term 1 FOLLOWER]: Committing config change with OpId 1.27: config changed from index 26 to 27, af2d54128abe4cf6aa081e7b9a412ceb (127.4.35.198) changed from NON_VOTER to VOTER. New config: { opid_index: 27 OBSOLETE_local: false peers { permanent_uuid: "b1975a60ec8942768d2e497f3382efce" member_type: VOTER last_known_addr { host: "127.4.35.193" port: 45289 } attrs { replace: true } } peers { permanent_uuid: "7ece99709de249a2a1fa0f2b1a161f57" member_type: VOTER last_known_addr { host: "127.4.35.194" port: 42631 } } peers { permanent_uuid: "57be40140b064faaacdd2e5e606779f3" member_type: VOTER last_known_addr { host: "127.4.35.195" port: 40107 } } peers { permanent_uuid: "af2d54128abe4cf6aa081e7b9a412ceb" member_type: VOTER last_known_addr { host: "127.4.35.198" port: 43035 } attrs { promote: false } } }
I20260601 13:22:29.927832  8577 catalog_manager.cc:5696] T 647e0cbf88c2471384d014788ef06f3b P 7ece99709de249a2a1fa0f2b1a161f57 reported cstate change: config changed from index 26 to 27, af2d54128abe4cf6aa081e7b9a412ceb (127.4.35.198) changed from NON_VOTER to VOTER. New cstate: current_term: 1 leader_uuid: "7ece99709de249a2a1fa0f2b1a161f57" committed_config { opid_index: 27 OBSOLETE_local: false peers { permanent_uuid: "b1975a60ec8942768d2e497f3382efce" member_type: VOTER last_known_addr { host: "127.4.35.193" port: 45289 } attrs { replace: true } health_report { overall_health: HEALTHY } } peers { permanent_uuid: "7ece99709de249a2a1fa0f2b1a161f57" member_type: VOTER last_known_addr { host: "127.4.35.194" port: 42631 } health_report { overall_health: HEALTHY } } peers { permanent_uuid: "57be40140b064faaacdd2e5e606779f3" member_type: VOTER last_known_addr { host: "127.4.35.195" port: 40107 } health_report { overall_health: HEALTHY } } peers { permanent_uuid: "af2d54128abe4cf6aa081e7b9a412ceb" member_type: VOTER last_known_addr { host: "127.4.35.198" port: 43035 } attrs { promote: false } health_report { overall_health: HEALTHY } } }
I20260601 13:22:29.928949  9233 raft_consensus.cc:2955] T 647e0cbf88c2471384d014788ef06f3b P af2d54128abe4cf6aa081e7b9a412ceb [term 1 FOLLOWER]: Committing config change with OpId 1.27: config changed from index 26 to 27, af2d54128abe4cf6aa081e7b9a412ceb (127.4.35.198) changed from NON_VOTER to VOTER. New config: { opid_index: 27 OBSOLETE_local: false peers { permanent_uuid: "b1975a60ec8942768d2e497f3382efce" member_type: VOTER last_known_addr { host: "127.4.35.193" port: 45289 } attrs { replace: true } } peers { permanent_uuid: "7ece99709de249a2a1fa0f2b1a161f57" member_type: VOTER last_known_addr { host: "127.4.35.194" port: 42631 } } peers { permanent_uuid: "57be40140b064faaacdd2e5e606779f3" member_type: VOTER last_known_addr { host: "127.4.35.195" port: 40107 } } peers { permanent_uuid: "af2d54128abe4cf6aa081e7b9a412ceb" member_type: VOTER last_known_addr { host: "127.4.35.198" port: 43035 } attrs { promote: false } } }
I20260601 13:22:29.931520  8757 consensus_queue.cc:237] T 647e0cbf88c2471384d014788ef06f3b P 7ece99709de249a2a1fa0f2b1a161f57 [LEADER]: Queue going to LEADER mode. State: All replicated index: 0, Majority replicated index: 27, Committed index: 27, Last appended: 1.27, Last appended by leader: 0, Current term: 1, Majority size: 2, State: 0, Mode: LEADER, active raft config: opid_index: 28 OBSOLETE_local: false peers { permanent_uuid: "7ece99709de249a2a1fa0f2b1a161f57" member_type: VOTER last_known_addr { host: "127.4.35.194" port: 42631 } } peers { permanent_uuid: "57be40140b064faaacdd2e5e606779f3" member_type: VOTER last_known_addr { host: "127.4.35.195" port: 40107 } } peers { permanent_uuid: "af2d54128abe4cf6aa081e7b9a412ceb" member_type: VOTER last_known_addr { host: "127.4.35.198" port: 43035 } attrs { promote: false } }
I20260601 13:22:29.933192  9233 raft_consensus.cc:1275] T 647e0cbf88c2471384d014788ef06f3b P af2d54128abe4cf6aa081e7b9a412ceb [term 1 FOLLOWER]: Refusing update from remote peer 7ece99709de249a2a1fa0f2b1a161f57: Log matching property violated. Preceding OpId in replica: term: 1 index: 27. Preceding OpId from leader: term: 1 index: 28. (index mismatch)
I20260601 13:22:29.933598  9264 consensus_queue.cc:1048] T 647e0cbf88c2471384d014788ef06f3b P 7ece99709de249a2a1fa0f2b1a161f57 [LEADER]: Connected to new peer: Peer: permanent_uuid: "af2d54128abe4cf6aa081e7b9a412ceb" member_type: VOTER last_known_addr { host: "127.4.35.198" port: 43035 } attrs { promote: false }, Status: LMP_MISMATCH, Last received: 0.0, Next index: 28, Last known committed idx: 27, Time since last communication: 0.000s
I20260601 13:22:29.933739  8833 raft_consensus.cc:1275] T 647e0cbf88c2471384d014788ef06f3b P 57be40140b064faaacdd2e5e606779f3 [term 1 FOLLOWER]: Refusing update from remote peer 7ece99709de249a2a1fa0f2b1a161f57: Log matching property violated. Preceding OpId in replica: term: 1 index: 27. Preceding OpId from leader: term: 1 index: 28. (index mismatch)
I20260601 13:22:29.934158  9264 consensus_queue.cc:1048] T 647e0cbf88c2471384d014788ef06f3b P 7ece99709de249a2a1fa0f2b1a161f57 [LEADER]: Connected to new peer: Peer: permanent_uuid: "57be40140b064faaacdd2e5e606779f3" member_type: VOTER last_known_addr { host: "127.4.35.195" port: 40107 }, Status: LMP_MISMATCH, Last received: 0.0, Next index: 28, Last known committed idx: 27, Time since last communication: 0.000s
I20260601 13:22:29.935192  9328 raft_consensus.cc:2955] T 647e0cbf88c2471384d014788ef06f3b P 7ece99709de249a2a1fa0f2b1a161f57 [term 1 LEADER]: Committing config change with OpId 1.28: config changed from index 27 to 28, VOTER b1975a60ec8942768d2e497f3382efce (127.4.35.193) evicted. New config: { opid_index: 28 OBSOLETE_local: false peers { permanent_uuid: "7ece99709de249a2a1fa0f2b1a161f57" member_type: VOTER last_known_addr { host: "127.4.35.194" port: 42631 } } peers { permanent_uuid: "57be40140b064faaacdd2e5e606779f3" member_type: VOTER last_known_addr { host: "127.4.35.195" port: 40107 } } peers { permanent_uuid: "af2d54128abe4cf6aa081e7b9a412ceb" member_type: VOTER last_known_addr { host: "127.4.35.198" port: 43035 } attrs { promote: false } } }
I20260601 13:22:29.935591  9233 raft_consensus.cc:2955] T 647e0cbf88c2471384d014788ef06f3b P af2d54128abe4cf6aa081e7b9a412ceb [term 1 FOLLOWER]: Committing config change with OpId 1.28: config changed from index 27 to 28, VOTER b1975a60ec8942768d2e497f3382efce (127.4.35.193) evicted. New config: { opid_index: 28 OBSOLETE_local: false peers { permanent_uuid: "7ece99709de249a2a1fa0f2b1a161f57" member_type: VOTER last_known_addr { host: "127.4.35.194" port: 42631 } } peers { permanent_uuid: "57be40140b064faaacdd2e5e606779f3" member_type: VOTER last_known_addr { host: "127.4.35.195" port: 40107 } } peers { permanent_uuid: "af2d54128abe4cf6aa081e7b9a412ceb" member_type: VOTER last_known_addr { host: "127.4.35.198" port: 43035 } attrs { promote: false } } }
I20260601 13:22:29.937297  8565 catalog_manager.cc:5209] ChangeConfig:REMOVE_PEER RPC for tablet 647e0cbf88c2471384d014788ef06f3b with cas_config_opid_index 27: ChangeConfig:REMOVE_PEER succeeded (attempt 1)
I20260601 13:22:29.937646  8580 catalog_manager.cc:5696] T 647e0cbf88c2471384d014788ef06f3b P 7ece99709de249a2a1fa0f2b1a161f57 reported cstate change: config changed from index 27 to 28, VOTER b1975a60ec8942768d2e497f3382efce (127.4.35.193) evicted. New cstate: current_term: 1 leader_uuid: "7ece99709de249a2a1fa0f2b1a161f57" committed_config { opid_index: 28 OBSOLETE_local: false peers { permanent_uuid: "7ece99709de249a2a1fa0f2b1a161f57" member_type: VOTER last_known_addr { host: "127.4.35.194" port: 42631 } health_report { overall_health: HEALTHY } } peers { permanent_uuid: "57be40140b064faaacdd2e5e606779f3" member_type: VOTER last_known_addr { host: "127.4.35.195" port: 40107 } health_report { overall_health: HEALTHY } } peers { permanent_uuid: "af2d54128abe4cf6aa081e7b9a412ceb" member_type: VOTER last_known_addr { host: "127.4.35.198" port: 43035 } attrs { promote: false } health_report { overall_health: HEALTHY } } }
I20260601 13:22:29.938318  8833 raft_consensus.cc:2955] T 647e0cbf88c2471384d014788ef06f3b P 57be40140b064faaacdd2e5e606779f3 [term 1 FOLLOWER]: Committing config change with OpId 1.28: config changed from index 27 to 28, VOTER b1975a60ec8942768d2e497f3382efce (127.4.35.193) evicted. New config: { opid_index: 28 OBSOLETE_local: false peers { permanent_uuid: "7ece99709de249a2a1fa0f2b1a161f57" member_type: VOTER last_known_addr { host: "127.4.35.194" port: 42631 } } peers { permanent_uuid: "57be40140b064faaacdd2e5e606779f3" member_type: VOTER last_known_addr { host: "127.4.35.195" port: 40107 } } peers { permanent_uuid: "af2d54128abe4cf6aa081e7b9a412ceb" member_type: VOTER last_known_addr { host: "127.4.35.198" port: 43035 } attrs { promote: false } } }
